{"id":2247,"date":"2025-09-12T20:53:04","date_gmt":"2025-09-12T23:53:04","guid":{"rendered":"https:\/\/viradasustentavel.org.br\/sao-paulo\/eventos\/oficina-de-porta-treco-com-reciclaveis\/"},"modified":"2025-09-12T20:53:04","modified_gmt":"2025-09-12T23:53:04","slug":"oficina-de-porta-treco-com-reciclaveis","status":"publish","type":"tribe_events","link":"https:\/\/viradasustentavel.org.br\/sao-paulo\/eventos\/oficina-de-porta-treco-com-reciclaveis\/","title":{"rendered":"Oficina de porta-treco com recicl\u00e1veis"},"content":{"rendered":"<p>Os participantes aprender\u00e3o a reutilizar garrafas PET para criar porta-trecos funcionais e criativos, incentivando o reaproveitamento de res\u00edduos pl\u00e1sticos no dia a dia. A oficina ser\u00e1 conduzida por Raianny (Agente de Promo\u00e7\u00e3o Ambiental) e Liliane (Agente Comunit\u00e1ria de Sa\u00fade), que desenvolvem a\u00e7\u00f5es educativas voltadas ao consumo consciente e ao artesanato.<\/p>\n","protected":false},"excerpt":{"rendered":"<p>Os participantes aprender\u00e3o a reutilizar garrafas PET para criar porta-trecos funcionais e criativos, incentivando o reaproveitamento de res\u00edduos pl\u00e1sticos no dia a dia. A oficina ser\u00e1 conduzida por Raianny (Agente [&hellip;]<\/p>\n","protected":false},"author":2,"featured_media":0,"template":"","meta":{"_tribe_events_status":"","_tribe_events_status_reason":"","footnotes":""},"tags":[163,162],"tribe_events_cat":[107],"class_list":["post-2247","tribe_events","type-tribe_events","status-publish","hentry","tag-antes-das-ferias-escolar-em-comemoracao-a-semana-do-meio-ambiente-agora-iremos-identificar-as-mudas-plantadas-e-recitar-um-poema-em-comemoracao","tag-fizemos-o-plantio","tribe_events_cat-oficina","cat_oficina"],"_links":{"self":[{"href":"https:\/\/viradasustentavel.org.br\/sao-paulo\/wp-json\/wp\/v2\/tribe_events\/2247","targetHints":{"allow":["GET"]}}],"collection":[{"href":"https:\/\/viradasustentavel.org.br\/sao-paulo\/wp-json\/wp\/v2\/tribe_events"}],"about":[{"href":"https:\/\/viradasustentavel.org.br\/sao-paulo\/wp-json\/wp\/v2\/types\/tribe_events"}],"author":[{"embeddable":true,"href":"https:\/\/viradasustentavel.org.br\/sao-paulo\/wp-json\/wp\/v2\/users\/2"}],"version-history":[{"count":0,"href":"https:\/\/viradasustentavel.org.br\/sao-paulo\/wp-json\/wp\/v2\/tribe_events\/2247\/revisions"}],"wp:attachment":[{"href":"https:\/\/viradasustentavel.org.br\/sao-paulo\/wp-json\/wp\/v2\/media?parent=2247"}],"wp:term":[{"taxonomy":"post_tag","embeddable":true,"href":"https:\/\/viradasustentavel.org.br\/sao-paulo\/wp-json\/wp\/v2\/tags?post=2247"},{"taxonomy":"tribe_events_cat","embeddable":true,"href":"https:\/\/viradasustentavel.org.br\/sao-paulo\/wp-json\/wp\/v2\/tribe_events_cat?post=2247"}],"curies":[{"name":"wp","href":"https:\/\/api.w.org\/{rel}","templated":true}]}}

Oficina de porta-treco com recicláveis

<p>Os participantes aprenderão a reutilizar garrafas PET para criar porta-trecos funcionais e criativos, incentivando o reaproveitamento de resíduos plásticos no dia a dia. A oficina será conduzida por Raianny (Agente de Promoção Ambiental) e Liliane (Agente Comunitária de Saúde), que desenvolvem ações educativas voltadas ao consumo consciente e ao artesanato.</p>

<p>Os participantes aprenderão a reutilizar garrafas PET para criar porta-trecos funcionais e criativos, incentivando o reaproveitamento de resíduos plásticos no dia a dia. A oficina será conduzida por Raianny (Agente [&hellip;]</p>
