{"id":2248,"date":"2025-09-12T20:53:05","date_gmt":"2025-09-12T23:53:05","guid":{"rendered":"https:\/\/viradasustentavel.org.br\/sao-paulo\/eventos\/roda-de-conversa-sobre-residuos-solidos\/"},"modified":"2025-09-12T20:53:05","modified_gmt":"2025-09-12T23:53:05","slug":"roda-de-conversa-sobre-residuos-solidos","status":"publish","type":"tribe_events","link":"https:\/\/viradasustentavel.org.br\/sao-paulo\/eventos\/roda-de-conversa-sobre-residuos-solidos\/","title":{"rendered":"Roda de Conversa sobre Res\u00edduos S\u00f3lidos"},"content":{"rendered":"<p>Roda de Conversa e jogos sobre a &#8220;decomposi\u00e7\u00e3o dos materias na natureza&#8221;.<\/p>\n","protected":false},"excerpt":{"rendered":"<p>Roda de Conversa e jogos sobre a &#8220;decomposi\u00e7\u00e3o dos materias na natureza&#8221;.<\/p>\n","protected":false},"author":2,"featured_media":0,"template":"","meta":{"_tribe_events_status":"","_tribe_events_status_reason":"","footnotes":""},"tags":[146],"tribe_events_cat":[122],"class_list":["post-2248","tribe_events","type-tribe_events","status-publish","hentry","tag-n-a","tribe_events_cat-talks","cat_talks"],"_links":{"self":[{"href":"https:\/\/viradasustentavel.org.br\/sao-paulo\/wp-json\/wp\/v2\/tribe_events\/2248","targetHints":{"allow":["GET"]}}],"collection":[{"href":"https:\/\/viradasustentavel.org.br\/sao-paulo\/wp-json\/wp\/v2\/tribe_events"}],"about":[{"href":"https:\/\/viradasustentavel.org.br\/sao-paulo\/wp-json\/wp\/v2\/types\/tribe_events"}],"author":[{"embeddable":true,"href":"https:\/\/viradasustentavel.org.br\/sao-paulo\/wp-json\/wp\/v2\/users\/2"}],"version-history":[{"count":0,"href":"https:\/\/viradasustentavel.org.br\/sao-paulo\/wp-json\/wp\/v2\/tribe_events\/2248\/revisions"}],"wp:attachment":[{"href":"https:\/\/viradasustentavel.org.br\/sao-paulo\/wp-json\/wp\/v2\/media?parent=2248"}],"wp:term":[{"taxonomy":"post_tag","embeddable":true,"href":"https:\/\/viradasustentavel.org.br\/sao-paulo\/wp-json\/wp\/v2\/tags?post=2248"},{"taxonomy":"tribe_events_cat","embeddable":true,"href":"https:\/\/viradasustentavel.org.br\/sao-paulo\/wp-json\/wp\/v2\/tribe_events_cat?post=2248"}],"curies":[{"name":"wp","href":"https:\/\/api.w.org\/{rel}","templated":true}]}}

Roda de Conversa sobre Resíduos Sólidos

<p>Roda de Conversa e jogos sobre a &#8220;decomposição dos materias na natureza&#8221;.</p>
