{"id":2249,"date":"2025-09-12T20:53:05","date_gmt":"2025-09-12T23:53:05","guid":{"rendered":"https:\/\/viradasustentavel.org.br\/sao-paulo\/eventos\/oficina-de-artesanato-e-roda-de-conversa-residuos-solidos-e-meio-ambiente\/"},"modified":"2025-09-12T20:53:05","modified_gmt":"2025-09-12T23:53:05","slug":"oficina-de-artesanato-e-roda-de-conversa-residuos-solidos-e-meio-ambiente","status":"publish","type":"tribe_events","link":"https:\/\/viradasustentavel.org.br\/sao-paulo\/eventos\/oficina-de-artesanato-e-roda-de-conversa-residuos-solidos-e-meio-ambiente\/","title":{"rendered":"Oficina de Artesanato e Roda de Conversa Res\u00edduos S\u00f3lidos e Meio Ambiente"},"content":{"rendered":"<p>Os participantes ser\u00e3o convidados a participar de uma oficina de artes manuais com a utiliza\u00e7\u00e3o de elementos naturais conduzida pela Agente de Promo\u00e7\u00e3o Ambiental e Agente Comunit\u00e1rio de Sa\u00fade da UBS Santa Cec\u00edlia, e, em seguida, acontecer\u00e1 uma Roda de Conversa sobre Res\u00edduos S\u00f3lidos e Meio Ambiente.<\/p>\n","protected":false},"excerpt":{"rendered":"<p>Os participantes ser\u00e3o convidados a participar de uma oficina de artes manuais com a utiliza\u00e7\u00e3o de elementos naturais conduzida pela Agente de Promo\u00e7\u00e3o Ambiental e Agente Comunit\u00e1rio de Sa\u00fade da [&hellip;]<\/p>\n","protected":false},"author":2,"featured_media":0,"template":"","meta":{"_tribe_events_status":"","_tribe_events_status_reason":"","footnotes":""},"tags":[],"tribe_events_cat":[107],"class_list":["post-2249","tribe_events","type-tribe_events","status-publish","hentry","tribe_events_cat-oficina","cat_oficina"],"_links":{"self":[{"href":"https:\/\/viradasustentavel.org.br\/sao-paulo\/wp-json\/wp\/v2\/tribe_events\/2249","targetHints":{"allow":["GET"]}}],"collection":[{"href":"https:\/\/viradasustentavel.org.br\/sao-paulo\/wp-json\/wp\/v2\/tribe_events"}],"about":[{"href":"https:\/\/viradasustentavel.org.br\/sao-paulo\/wp-json\/wp\/v2\/types\/tribe_events"}],"author":[{"embeddable":true,"href":"https:\/\/viradasustentavel.org.br\/sao-paulo\/wp-json\/wp\/v2\/users\/2"}],"version-history":[{"count":0,"href":"https:\/\/viradasustentavel.org.br\/sao-paulo\/wp-json\/wp\/v2\/tribe_events\/2249\/revisions"}],"wp:attachment":[{"href":"https:\/\/viradasustentavel.org.br\/sao-paulo\/wp-json\/wp\/v2\/media?parent=2249"}],"wp:term":[{"taxonomy":"post_tag","embeddable":true,"href":"https:\/\/viradasustentavel.org.br\/sao-paulo\/wp-json\/wp\/v2\/tags?post=2249"},{"taxonomy":"tribe_events_cat","embeddable":true,"href":"https:\/\/viradasustentavel.org.br\/sao-paulo\/wp-json\/wp\/v2\/tribe_events_cat?post=2249"}],"curies":[{"name":"wp","href":"https:\/\/api.w.org\/{rel}","templated":true}]}}

Oficina de Artesanato e Roda de Conversa Resíduos Sólidos e Meio Ambiente

<p>Os participantes serão convidados a participar de uma oficina de artes manuais com a utilização de elementos naturais conduzida pela Agente de Promoção Ambiental e Agente Comunitário de Saúde da UBS Santa Cecília, e, em seguida, acontecerá uma Roda de Conversa sobre Resíduos Sólidos e Meio Ambiente.</p>

<p>Os participantes serão convidados a participar de uma oficina de artes manuais com a utilização de elementos naturais conduzida pela Agente de Promoção Ambiental e Agente Comunitário de Saúde da [&hellip;]</p>
