{"id":2277,"date":"2025-09-12T20:54:35","date_gmt":"2025-09-12T23:54:35","guid":{"rendered":"https:\/\/viradasustentavel.org.br\/sao-paulo\/eventos\/gincana-do-futuro-sustentavel\/"},"modified":"2025-09-12T20:54:35","modified_gmt":"2025-09-12T23:54:35","slug":"gincana-do-futuro-sustentavel","status":"publish","type":"tribe_events","link":"https:\/\/viradasustentavel.org.br\/sao-paulo\/eventos\/gincana-do-futuro-sustentavel\/","title":{"rendered":"Gincana do Futuro Sustent\u00e1vel"},"content":{"rendered":"<p>Realiza\u00e7\u00e3o de uma gincana com os alunos do CEU, onde cada equipe ter\u00e1 que passar por provas onde os mesmos estar\u00e3o aprendendo sobre sustentabilidade.<\/p>\n","protected":false},"excerpt":{"rendered":"<p>Realiza\u00e7\u00e3o de uma gincana com os alunos do CEU, onde cada equipe ter\u00e1 que passar por provas onde os mesmos estar\u00e3o aprendendo sobre sustentabilidade.<\/p>\n","protected":false},"author":2,"featured_media":0,"template":"","meta":{"_tribe_events_status":"","_tribe_events_status_reason":"","footnotes":""},"tags":[142],"tribe_events_cat":[154],"class_list":["post-2277","tribe_events","type-tribe_events","status-publish","hentry","tag-rampa-de-acesso","tribe_events_cat-brincadeira","cat_brincadeira"],"_links":{"self":[{"href":"https:\/\/viradasustentavel.org.br\/sao-paulo\/wp-json\/wp\/v2\/tribe_events\/2277","targetHints":{"allow":["GET"]}}],"collection":[{"href":"https:\/\/viradasustentavel.org.br\/sao-paulo\/wp-json\/wp\/v2\/tribe_events"}],"about":[{"href":"https:\/\/viradasustentavel.org.br\/sao-paulo\/wp-json\/wp\/v2\/types\/tribe_events"}],"author":[{"embeddable":true,"href":"https:\/\/viradasustentavel.org.br\/sao-paulo\/wp-json\/wp\/v2\/users\/2"}],"version-history":[{"count":0,"href":"https:\/\/viradasustentavel.org.br\/sao-paulo\/wp-json\/wp\/v2\/tribe_events\/2277\/revisions"}],"wp:attachment":[{"href":"https:\/\/viradasustentavel.org.br\/sao-paulo\/wp-json\/wp\/v2\/media?parent=2277"}],"wp:term":[{"taxonomy":"post_tag","embeddable":true,"href":"https:\/\/viradasustentavel.org.br\/sao-paulo\/wp-json\/wp\/v2\/tags?post=2277"},{"taxonomy":"tribe_events_cat","embeddable":true,"href":"https:\/\/viradasustentavel.org.br\/sao-paulo\/wp-json\/wp\/v2\/tribe_events_cat?post=2277"}],"curies":[{"name":"wp","href":"https:\/\/api.w.org\/{rel}","templated":true}]}}

Gincana do Futuro Sustentável

<p>Realização de uma gincana com os alunos do CEU, onde cada equipe terá que passar por provas onde os mesmos estarão aprendendo sobre sustentabilidade.</p>
