{"id":2279,"date":"2025-09-12T20:54:36","date_gmt":"2025-09-12T23:54:36","guid":{"rendered":"https:\/\/viradasustentavel.org.br\/sao-paulo\/eventos\/mesa-expositiva-animais-sinantropicos-guarda-responsavel\/"},"modified":"2025-09-12T20:54:36","modified_gmt":"2025-09-12T23:54:36","slug":"mesa-expositiva-animais-sinantropicos-guarda-responsavel","status":"publish","type":"tribe_events","link":"https:\/\/viradasustentavel.org.br\/sao-paulo\/eventos\/mesa-expositiva-animais-sinantropicos-guarda-responsavel\/","title":{"rendered":"Mesa expositiva animais sinantr\u00f3picos + Guarda Respons\u00e1vel"},"content":{"rendered":"<p>Atividade educativa sobre animais sinantr\u00f3picos + guarda respons\u00e1vel<\/p>\n","protected":false},"excerpt":{"rendered":"<p>Atividade educativa sobre animais sinantr\u00f3picos + guarda respons\u00e1vel<\/p>\n","protected":false},"author":2,"featured_media":0,"template":"","meta":{"_tribe_events_status":"","_tribe_events_status_reason":"","footnotes":""},"tags":[146],"tribe_events_cat":[122],"class_list":["post-2279","tribe_events","type-tribe_events","status-publish","hentry","tag-n-a","tribe_events_cat-talks","cat_talks"],"_links":{"self":[{"href":"https:\/\/viradasustentavel.org.br\/sao-paulo\/wp-json\/wp\/v2\/tribe_events\/2279","targetHints":{"allow":["GET"]}}],"collection":[{"href":"https:\/\/viradasustentavel.org.br\/sao-paulo\/wp-json\/wp\/v2\/tribe_events"}],"about":[{"href":"https:\/\/viradasustentavel.org.br\/sao-paulo\/wp-json\/wp\/v2\/types\/tribe_events"}],"author":[{"embeddable":true,"href":"https:\/\/viradasustentavel.org.br\/sao-paulo\/wp-json\/wp\/v2\/users\/2"}],"version-history":[{"count":0,"href":"https:\/\/viradasustentavel.org.br\/sao-paulo\/wp-json\/wp\/v2\/tribe_events\/2279\/revisions"}],"wp:attachment":[{"href":"https:\/\/viradasustentavel.org.br\/sao-paulo\/wp-json\/wp\/v2\/media?parent=2279"}],"wp:term":[{"taxonomy":"post_tag","embeddable":true,"href":"https:\/\/viradasustentavel.org.br\/sao-paulo\/wp-json\/wp\/v2\/tags?post=2279"},{"taxonomy":"tribe_events_cat","embeddable":true,"href":"https:\/\/viradasustentavel.org.br\/sao-paulo\/wp-json\/wp\/v2\/tribe_events_cat?post=2279"}],"curies":[{"name":"wp","href":"https:\/\/api.w.org\/{rel}","templated":true}]}}

Mesa expositiva animais sinantrópicos + Guarda Responsável

<p>Atividade educativa sobre animais sinantrópicos + guarda responsável</p>
