{"id":2280,"date":"2025-09-12T20:54:49","date_gmt":"2025-09-12T23:54:49","guid":{"rendered":"https:\/\/viradasustentavel.org.br\/sao-paulo\/eventos\/vivencia-em-praca-publica\/"},"modified":"2025-09-12T20:54:49","modified_gmt":"2025-09-12T23:54:49","slug":"vivencia-em-praca-publica","status":"publish","type":"tribe_events","link":"https:\/\/viradasustentavel.org.br\/sao-paulo\/eventos\/vivencia-em-praca-publica\/","title":{"rendered":"Viv\u00eancia em pra\u00e7a p\u00fablica"},"content":{"rendered":"<p>Roda de Conversa e viv\u00eancia na pra\u00e7a em frente ao instituto, sobre a import\u00e2ncia da \u00e1rvore e identifica\u00e7\u00e3o das \u00e1rvores que est\u00e3o na pra\u00e7a, placas de preserva\u00e7\u00e3o do espa\u00e7o.<\/p>\n","protected":false},"excerpt":{"rendered":"<p>Roda de Conversa e viv\u00eancia na pra\u00e7a em frente ao instituto, sobre a import\u00e2ncia da \u00e1rvore e identifica\u00e7\u00e3o das \u00e1rvores que est\u00e3o na pra\u00e7a, placas de preserva\u00e7\u00e3o do espa\u00e7o.<\/p>\n","protected":false},"author":2,"featured_media":0,"template":"","meta":{"_tribe_events_status":"","_tribe_events_status_reason":"","footnotes":""},"tags":[139],"tribe_events_cat":[122],"class_list":["post-2280","tribe_events","type-tribe_events","status-publish","hentry","tag-nao-se-aplica","tribe_events_cat-talks","cat_talks"],"_links":{"self":[{"href":"https:\/\/viradasustentavel.org.br\/sao-paulo\/wp-json\/wp\/v2\/tribe_events\/2280","targetHints":{"allow":["GET"]}}],"collection":[{"href":"https:\/\/viradasustentavel.org.br\/sao-paulo\/wp-json\/wp\/v2\/tribe_events"}],"about":[{"href":"https:\/\/viradasustentavel.org.br\/sao-paulo\/wp-json\/wp\/v2\/types\/tribe_events"}],"author":[{"embeddable":true,"href":"https:\/\/viradasustentavel.org.br\/sao-paulo\/wp-json\/wp\/v2\/users\/2"}],"version-history":[{"count":0,"href":"https:\/\/viradasustentavel.org.br\/sao-paulo\/wp-json\/wp\/v2\/tribe_events\/2280\/revisions"}],"wp:attachment":[{"href":"https:\/\/viradasustentavel.org.br\/sao-paulo\/wp-json\/wp\/v2\/media?parent=2280"}],"wp:term":[{"taxonomy":"post_tag","embeddable":true,"href":"https:\/\/viradasustentavel.org.br\/sao-paulo\/wp-json\/wp\/v2\/tags?post=2280"},{"taxonomy":"tribe_events_cat","embeddable":true,"href":"https:\/\/viradasustentavel.org.br\/sao-paulo\/wp-json\/wp\/v2\/tribe_events_cat?post=2280"}],"curies":[{"name":"wp","href":"https:\/\/api.w.org\/{rel}","templated":true}]}}

Vivência em praça pública

<p>Roda de Conversa e vivência na praça em frente ao instituto, sobre a importância da árvore e identificação das árvores que estão na praça, placas de preservação do espaço.</p>
