{"id":2289,"date":"2025-09-12T20:55:05","date_gmt":"2025-09-12T23:55:05","guid":{"rendered":"https:\/\/viradasustentavel.org.br\/sao-paulo\/eventos\/workshop-sobre-ods-na-saude\/"},"modified":"2025-09-12T20:55:05","modified_gmt":"2025-09-12T23:55:05","slug":"workshop-sobre-ods-na-saude","status":"publish","type":"tribe_events","link":"https:\/\/viradasustentavel.org.br\/sao-paulo\/eventos\/workshop-sobre-ods-na-saude\/","title":{"rendered":"Workshop sobre ODS na Sa\u00fade"},"content":{"rendered":"<p>Workshop sobre ODS na Sa\u00fade para os membros do time Longevidade, ressaltando os ODS aplicados na Sa\u00fade e na terceira idade e formas de transmitir as informa\u00e7\u00f5es para esse p\u00fablico, considerando que o time realiza a\u00e7\u00f5es peri\u00f3dicas nos N\u00facleos de Conviv\u00eancia de Idosos do Territ\u00f3rio.<\/p>\n","protected":false},"excerpt":{"rendered":"<p>Workshop sobre ODS na Sa\u00fade para os membros do time Longevidade, ressaltando os ODS aplicados na Sa\u00fade e na terceira idade e formas de transmitir as informa\u00e7\u00f5es para esse p\u00fablico, [&hellip;]<\/p>\n","protected":false},"author":2,"featured_media":0,"template":"","meta":{"_tribe_events_status":"","_tribe_events_status_reason":"","footnotes":""},"tags":[],"tribe_events_cat":[107],"class_list":["post-2289","tribe_events","type-tribe_events","status-publish","hentry","tribe_events_cat-oficina","cat_oficina"],"_links":{"self":[{"href":"https:\/\/viradasustentavel.org.br\/sao-paulo\/wp-json\/wp\/v2\/tribe_events\/2289","targetHints":{"allow":["GET"]}}],"collection":[{"href":"https:\/\/viradasustentavel.org.br\/sao-paulo\/wp-json\/wp\/v2\/tribe_events"}],"about":[{"href":"https:\/\/viradasustentavel.org.br\/sao-paulo\/wp-json\/wp\/v2\/types\/tribe_events"}],"author":[{"embeddable":true,"href":"https:\/\/viradasustentavel.org.br\/sao-paulo\/wp-json\/wp\/v2\/users\/2"}],"version-history":[{"count":0,"href":"https:\/\/viradasustentavel.org.br\/sao-paulo\/wp-json\/wp\/v2\/tribe_events\/2289\/revisions"}],"wp:attachment":[{"href":"https:\/\/viradasustentavel.org.br\/sao-paulo\/wp-json\/wp\/v2\/media?parent=2289"}],"wp:term":[{"taxonomy":"post_tag","embeddable":true,"href":"https:\/\/viradasustentavel.org.br\/sao-paulo\/wp-json\/wp\/v2\/tags?post=2289"},{"taxonomy":"tribe_events_cat","embeddable":true,"href":"https:\/\/viradasustentavel.org.br\/sao-paulo\/wp-json\/wp\/v2\/tribe_events_cat?post=2289"}],"curies":[{"name":"wp","href":"https:\/\/api.w.org\/{rel}","templated":true}]}}

Workshop sobre ODS na Saúde

<p>Workshop sobre ODS na Saúde para os membros do time Longevidade, ressaltando os ODS aplicados na Saúde e na terceira idade e formas de transmitir as informações para esse público, considerando que o time realiza ações periódicas nos Núcleos de Convivência de Idosos do Território.</p>

<p>Workshop sobre ODS na Saúde para os membros do time Longevidade, ressaltando os ODS aplicados na Saúde e na terceira idade e formas de transmitir as informações para esse público, [&hellip;]</p>
