{"id":2293,"date":"2025-09-12T20:55:20","date_gmt":"2025-09-12T23:55:20","guid":{"rendered":"https:\/\/viradasustentavel.org.br\/sao-paulo\/eventos\/oficina-de-ecobag-2\/"},"modified":"2025-09-12T20:55:20","modified_gmt":"2025-09-12T23:55:20","slug":"oficina-de-ecobag-2","status":"publish","type":"tribe_events","link":"https:\/\/viradasustentavel.org.br\/sao-paulo\/eventos\/oficina-de-ecobag-2\/","title":{"rendered":"Oficina de Ecobag"},"content":{"rendered":"<p>Oficina pr\u00e1tica em que os participantes aprender\u00e3o a t\u00e9cnica de customiza\u00e7\u00e3o transformando e personalizando uma Ecobag. O objetivo \u00e9 promover o consumo consciente e a reutiliza\u00e7\u00e3o de materiais, incentivando a criatividade e a express\u00e3o individual por meio da moda sustent\u00e1vel.<\/p>\n","protected":false},"excerpt":{"rendered":"<p>Oficina pr\u00e1tica em que os participantes aprender\u00e3o a t\u00e9cnica de customiza\u00e7\u00e3o transformando e personalizando uma Ecobag. O objetivo \u00e9 promover o consumo consciente e a reutiliza\u00e7\u00e3o de materiais, incentivando a [&hellip;]<\/p>\n","protected":false},"author":2,"featured_media":0,"template":"","meta":{"_tribe_events_status":"","_tribe_events_status_reason":"","footnotes":""},"tags":[164],"tribe_events_cat":[107],"class_list":["post-2293","tribe_events","type-tribe_events","status-publish","hentry","tag-o-local-tem-escada-com-corrimaos-tudo-sinalizado-com-fita-zebrada","tribe_events_cat-oficina","cat_oficina"],"_links":{"self":[{"href":"https:\/\/viradasustentavel.org.br\/sao-paulo\/wp-json\/wp\/v2\/tribe_events\/2293","targetHints":{"allow":["GET"]}}],"collection":[{"href":"https:\/\/viradasustentavel.org.br\/sao-paulo\/wp-json\/wp\/v2\/tribe_events"}],"about":[{"href":"https:\/\/viradasustentavel.org.br\/sao-paulo\/wp-json\/wp\/v2\/types\/tribe_events"}],"author":[{"embeddable":true,"href":"https:\/\/viradasustentavel.org.br\/sao-paulo\/wp-json\/wp\/v2\/users\/2"}],"version-history":[{"count":0,"href":"https:\/\/viradasustentavel.org.br\/sao-paulo\/wp-json\/wp\/v2\/tribe_events\/2293\/revisions"}],"wp:attachment":[{"href":"https:\/\/viradasustentavel.org.br\/sao-paulo\/wp-json\/wp\/v2\/media?parent=2293"}],"wp:term":[{"taxonomy":"post_tag","embeddable":true,"href":"https:\/\/viradasustentavel.org.br\/sao-paulo\/wp-json\/wp\/v2\/tags?post=2293"},{"taxonomy":"tribe_events_cat","embeddable":true,"href":"https:\/\/viradasustentavel.org.br\/sao-paulo\/wp-json\/wp\/v2\/tribe_events_cat?post=2293"}],"curies":[{"name":"wp","href":"https:\/\/api.w.org\/{rel}","templated":true}]}}

<p>Oficina prática em que os participantes aprenderão a técnica de customização transformando e personalizando uma Ecobag. O objetivo é promover o consumo consciente e a reutilização de materiais, incentivando a criatividade e a expressão individual por meio da moda sustentável.</p>

<p>Oficina prática em que os participantes aprenderão a técnica de customização transformando e personalizando uma Ecobag. O objetivo é promover o consumo consciente e a reutilização de materiais, incentivando a [&hellip;]</p>
