{"id":2308,"date":"2025-09-12T20:56:05","date_gmt":"2025-09-12T23:56:05","guid":{"rendered":"https:\/\/viradasustentavel.org.br\/sao-paulo\/eventos\/oficina-de-reciclavel\/"},"modified":"2025-09-12T20:56:05","modified_gmt":"2025-09-12T23:56:05","slug":"oficina-de-reciclavel","status":"publish","type":"tribe_events","link":"https:\/\/viradasustentavel.org.br\/sao-paulo\/eventos\/oficina-de-reciclavel\/","title":{"rendered":"Oficina de recicl\u00e1vel"},"content":{"rendered":"<p>Em comemora\u00e7\u00e3o \u00e0 Virada da Sustentabilidade, realizaremos uma oficina criativa com o grupo de mem\u00f3rias da UBS, confeccionando brinquedos a partir de papel\u00e3o reutilizado. A atividade estimula a criatividade, promove a socializa\u00e7\u00e3o e valoriza o reaproveitamento de materiais que poderiam ser descartados, refor\u00e7ando a import\u00e2ncia da economia circular e da consci\u00eancia ambiental. Os ODS alcan\u00e7ados nessa a\u00e7\u00e3o s\u00e3o: ODS 3 \u2013 Sa\u00fade e Bem-Estar, promovendo integra\u00e7\u00e3o social e atividades que estimulam habilidades motoras e cognitivas; ODS 11 \u2013 Cidades e Comunidades Sustent\u00e1veis, incentivando pr\u00e1ticas sustent\u00e1veis no dia a dia da comunidade; ODS 12 \u2013 Consumo e Produ\u00e7\u00e3o Respons\u00e1veis, por meio da reutiliza\u00e7\u00e3o de materiais e redu\u00e7\u00e3o de res\u00edduos; e ODS 4 \u2013 Educa\u00e7\u00e3o de Qualidade, ao possibilitar aprendizado intergeracional e novas habilidades. Os objetivos dessa oficina s\u00e3o estimular a criatividade e a coordena\u00e7\u00e3o motora dos participantes, proporcionar momentos de lazer e integra\u00e7\u00e3o social, incentivar o reaproveitamento de materiais como forma de reduzir impactos ambientais e sensibilizar para a import\u00e2ncia da sustentabilidade e dos ODS no cotidiano.<\/p>\n","protected":false},"excerpt":{"rendered":"<p>Em comemora\u00e7\u00e3o \u00e0 Virada da Sustentabilidade, realizaremos uma oficina criativa com o grupo de mem\u00f3rias da UBS, confeccionando brinquedos a partir de papel\u00e3o reutilizado. A atividade estimula a criatividade, promove [&hellip;]<\/p>\n","protected":false},"author":2,"featured_media":0,"template":"","meta":{"_tribe_events_status":"","_tribe_events_status_reason":"","footnotes":""},"tags":[140,141],"tribe_events_cat":[107],"class_list":["post-2308","tribe_events","type-tribe_events","status-publish","hentry","tag-local-de-facil-acesso","tag-terreo-com-acessibilidade-ao-publico","tribe_events_cat-oficina","cat_oficina"],"_links":{"self":[{"href":"https:\/\/viradasustentavel.org.br\/sao-paulo\/wp-json\/wp\/v2\/tribe_events\/2308","targetHints":{"allow":["GET"]}}],"collection":[{"href":"https:\/\/viradasustentavel.org.br\/sao-paulo\/wp-json\/wp\/v2\/tribe_events"}],"about":[{"href":"https:\/\/viradasustentavel.org.br\/sao-paulo\/wp-json\/wp\/v2\/types\/tribe_events"}],"author":[{"embeddable":true,"href":"https:\/\/viradasustentavel.org.br\/sao-paulo\/wp-json\/wp\/v2\/users\/2"}],"version-history":[{"count":0,"href":"https:\/\/viradasustentavel.org.br\/sao-paulo\/wp-json\/wp\/v2\/tribe_events\/2308\/revisions"}],"wp:attachment":[{"href":"https:\/\/viradasustentavel.org.br\/sao-paulo\/wp-json\/wp\/v2\/media?parent=2308"}],"wp:term":[{"taxonomy":"post_tag","embeddable":true,"href":"https:\/\/viradasustentavel.org.br\/sao-paulo\/wp-json\/wp\/v2\/tags?post=2308"},{"taxonomy":"tribe_events_cat","embeddable":true,"href":"https:\/\/viradasustentavel.org.br\/sao-paulo\/wp-json\/wp\/v2\/tribe_events_cat?post=2308"}],"curies":[{"name":"wp","href":"https:\/\/api.w.org\/{rel}","templated":true}]}}

Oficina de reciclável

<p>Em comemoração à Virada da Sustentabilidade, realizaremos uma oficina criativa com o grupo de memórias da UBS, confeccionando brinquedos a partir de papelão reutilizado. A atividade estimula a criatividade, promove a socialização e valoriza o reaproveitamento de materiais que poderiam ser descartados, reforçando a importância da economia circular e da consciência ambiental. Os ODS alcançados nessa ação são: ODS 3 – Saúde e Bem-Estar, promovendo integração social e atividades que estimulam habilidades motoras e cognitivas; ODS 11 – Cidades e Comunidades Sustentáveis, incentivando práticas sustentáveis no dia a dia da comunidade; ODS 12 – Consumo e Produção Responsáveis, por meio da reutilização de materiais e redução de resíduos; e ODS 4 – Educação de Qualidade, ao possibilitar aprendizado intergeracional e novas habilidades. Os objetivos dessa oficina são estimular a criatividade e a coordenação motora dos participantes, proporcionar momentos de lazer e integração social, incentivar o reaproveitamento de materiais como forma de reduzir impactos ambientais e sensibilizar para a importância da sustentabilidade e dos ODS no cotidiano.</p>

<p>Em comemoração à Virada da Sustentabilidade, realizaremos uma oficina criativa com o grupo de memórias da UBS, confeccionando brinquedos a partir de papelão reutilizado. A atividade estimula a criatividade, promove [&hellip;]</p>
