{"id":2324,"date":"2025-09-12T20:56:50","date_gmt":"2025-09-12T23:56:50","guid":{"rendered":"https:\/\/viradasustentavel.org.br\/sao-paulo\/eventos\/sensibilizacao-sobre-mudancas-climaticas-3\/"},"modified":"2025-09-12T20:59:50","modified_gmt":"2025-09-12T23:59:50","slug":"sensibilizacao-sobre-mudancas-climaticas-3","status":"publish","type":"tribe_events","link":"https:\/\/viradasustentavel.org.br\/sao-paulo\/eventos\/sensibilizacao-sobre-mudancas-climaticas-3\/","title":{"rendered":"Sensibiliza\u00e7\u00e3o sobre Mudan\u00e7as Clim\u00e1ticas"},"content":{"rendered":"<p>O Agente de Promo\u00e7\u00e3o Ambiental da UBS far\u00e1 uma interven\u00e7\u00e3o junto aos usu\u00e1rios que aguardam na sala de espera sobre as intera\u00e7\u00f5es entre sa\u00fade e meio ambiente, a partir dois seis eixos do PAVS.<\/p>\n","protected":false},"excerpt":{"rendered":"<p>O Agente de Promo\u00e7\u00e3o Ambiental da UBS far\u00e1 uma interven\u00e7\u00e3o junto aos usu\u00e1rios que aguardam na sala de espera sobre as intera\u00e7\u00f5es entre sa\u00fade e meio ambiente, a partir dois [&hellip;]<\/p>\n","protected":false},"author":2,"featured_media":0,"template":"","meta":{"_tribe_events_status":"","_tribe_events_status_reason":"","footnotes":""},"tags":[142],"tribe_events_cat":[109],"class_list":["post-2324","tribe_events","type-tribe_events","status-publish","hentry","tag-rampa-de-acesso","tribe_events_cat-intervencao","cat_intervencao"],"_links":{"self":[{"href":"https:\/\/viradasustentavel.org.br\/sao-paulo\/wp-json\/wp\/v2\/tribe_events\/2324","targetHints":{"allow":["GET"]}}],"collection":[{"href":"https:\/\/viradasustentavel.org.br\/sao-paulo\/wp-json\/wp\/v2\/tribe_events"}],"about":[{"href":"https:\/\/viradasustentavel.org.br\/sao-paulo\/wp-json\/wp\/v2\/types\/tribe_events"}],"author":[{"embeddable":true,"href":"https:\/\/viradasustentavel.org.br\/sao-paulo\/wp-json\/wp\/v2\/users\/2"}],"version-history":[{"count":2,"href":"https:\/\/viradasustentavel.org.br\/sao-paulo\/wp-json\/wp\/v2\/tribe_events\/2324\/revisions"}],"predecessor-version":[{"id":2330,"href":"https:\/\/viradasustentavel.org.br\/sao-paulo\/wp-json\/wp\/v2\/tribe_events\/2324\/revisions\/2330"}],"wp:attachment":[{"href":"https:\/\/viradasustentavel.org.br\/sao-paulo\/wp-json\/wp\/v2\/media?parent=2324"}],"wp:term":[{"taxonomy":"post_tag","embeddable":true,"href":"https:\/\/viradasustentavel.org.br\/sao-paulo\/wp-json\/wp\/v2\/tags?post=2324"},{"taxonomy":"tribe_events_cat","embeddable":true,"href":"https:\/\/viradasustentavel.org.br\/sao-paulo\/wp-json\/wp\/v2\/tribe_events_cat?post=2324"}],"curies":[{"name":"wp","href":"https:\/\/api.w.org\/{rel}","templated":true}]}}

Sensibilização sobre Mudanças Climáticas

<p>O Agente de Promoção Ambiental da UBS fará uma intervenção junto aos usuários que aguardam na sala de espera sobre as interações entre saúde e meio ambiente, a partir dois seis eixos do PAVS.</p>

<p>O Agente de Promoção Ambiental da UBS fará uma intervenção junto aos usuários que aguardam na sala de espera sobre as interações entre saúde e meio ambiente, a partir dois [&hellip;]</p>
