{"id":2327,"date":"2025-09-12T20:57:05","date_gmt":"2025-09-12T23:57:05","guid":{"rendered":"https:\/\/viradasustentavel.org.br\/sao-paulo\/eventos\/intervencao-sobre-saude-ambiental-4\/"},"modified":"2025-09-12T21:00:05","modified_gmt":"2025-09-13T00:00:05","slug":"intervencao-sobre-saude-ambiental-4","status":"publish","type":"tribe_events","link":"https:\/\/viradasustentavel.org.br\/sao-paulo\/eventos\/intervencao-sobre-saude-ambiental-4\/","title":{"rendered":"Interven\u00e7\u00e3o sobre Sa\u00fade Ambiental"},"content":{"rendered":"<p>O Agente de Promo\u00e7\u00e3o Ambiental da UBS promover\u00e1 uma interven\u00e7\u00e3o junto aos usu\u00e1rios que aguardam na sala de espera sobre as mudan\u00e7as clim\u00e1ticas e as medidas de mitiga\u00e7\u00e3o e adapta\u00e7\u00e3o \u00e0s mudan\u00e7as clim\u00e1ticas.<\/p>\n","protected":false},"excerpt":{"rendered":"<p>O Agente de Promo\u00e7\u00e3o Ambiental da UBS promover\u00e1 uma interven\u00e7\u00e3o junto aos usu\u00e1rios que aguardam na sala de espera sobre as mudan\u00e7as clim\u00e1ticas e as medidas de mitiga\u00e7\u00e3o e adapta\u00e7\u00e3o [&hellip;]<\/p>\n","protected":false},"author":2,"featured_media":0,"template":"","meta":{"_tribe_events_status":"","_tribe_events_status_reason":"","footnotes":""},"tags":[142],"tribe_events_cat":[109],"class_list":["post-2327","tribe_events","type-tribe_events","status-publish","hentry","tag-rampa-de-acesso","tribe_events_cat-intervencao","cat_intervencao"],"_links":{"self":[{"href":"https:\/\/viradasustentavel.org.br\/sao-paulo\/wp-json\/wp\/v2\/tribe_events\/2327","targetHints":{"allow":["GET"]}}],"collection":[{"href":"https:\/\/viradasustentavel.org.br\/sao-paulo\/wp-json\/wp\/v2\/tribe_events"}],"about":[{"href":"https:\/\/viradasustentavel.org.br\/sao-paulo\/wp-json\/wp\/v2\/types\/tribe_events"}],"author":[{"embeddable":true,"href":"https:\/\/viradasustentavel.org.br\/sao-paulo\/wp-json\/wp\/v2\/users\/2"}],"version-history":[{"count":2,"href":"https:\/\/viradasustentavel.org.br\/sao-paulo\/wp-json\/wp\/v2\/tribe_events\/2327\/revisions"}],"predecessor-version":[{"id":2329,"href":"https:\/\/viradasustentavel.org.br\/sao-paulo\/wp-json\/wp\/v2\/tribe_events\/2327\/revisions\/2329"}],"wp:attachment":[{"href":"https:\/\/viradasustentavel.org.br\/sao-paulo\/wp-json\/wp\/v2\/media?parent=2327"}],"wp:term":[{"taxonomy":"post_tag","embeddable":true,"href":"https:\/\/viradasustentavel.org.br\/sao-paulo\/wp-json\/wp\/v2\/tags?post=2327"},{"taxonomy":"tribe_events_cat","embeddable":true,"href":"https:\/\/viradasustentavel.org.br\/sao-paulo\/wp-json\/wp\/v2\/tribe_events_cat?post=2327"}],"curies":[{"name":"wp","href":"https:\/\/api.w.org\/{rel}","templated":true}]}}

Intervenção sobre Saúde Ambiental

<p>O Agente de Promoção Ambiental da UBS promoverá uma intervenção junto aos usuários que aguardam na sala de espera sobre as mudanças climáticas e as medidas de mitigação e adaptação às mudanças climáticas.</p>

<p>O Agente de Promoção Ambiental da UBS promoverá uma intervenção junto aos usuários que aguardam na sala de espera sobre as mudanças climáticas e as medidas de mitigação e adaptação [&hellip;]</p>
