{"id":2334,"date":"2025-09-12T21:00:19","date_gmt":"2025-09-13T00:00:19","guid":{"rendered":"https:\/\/viradasustentavel.org.br\/sao-paulo\/eventos\/mobilizacoes-comunitarias-e-intervencoes-urbanas-2\/"},"modified":"2025-09-12T21:00:19","modified_gmt":"2025-09-13T00:00:19","slug":"mobilizacoes-comunitarias-e-intervencoes-urbanas-2","status":"publish","type":"tribe_events","link":"https:\/\/viradasustentavel.org.br\/sao-paulo\/eventos\/mobilizacoes-comunitarias-e-intervencoes-urbanas-2\/","title":{"rendered":"Mobiliza\u00e7\u00f5es comunit\u00e1rias e interven\u00e7\u00f5es urbanas"},"content":{"rendered":"<p>A\u00e7\u00e3o de conscientiza\u00e7\u00e3o e fortalecimento, incentivando a participa\u00e7\u00e3o social, nesse processo de luta para abrir as portas do Parque Vila Ema, transformar esse espa\u00e7o p\u00fablico, com participa\u00e7\u00e3o ativa da comunidade no desenvolvimento do territ\u00f3rio. O local possui mais de 900 \u00e1rvores catalogadas, muitas nativas, avifauna composta de pelo menos quarenta esp\u00e9cies de aves, uma nascente interna e outra que desemboca em um bueiro ao lado do terreno.<\/p>\n","protected":false},"excerpt":{"rendered":"<p>A\u00e7\u00e3o de conscientiza\u00e7\u00e3o e fortalecimento, incentivando a participa\u00e7\u00e3o social, nesse processo de luta para abrir as portas do Parque Vila Ema, transformar esse espa\u00e7o p\u00fablico, com participa\u00e7\u00e3o ativa da comunidade [&hellip;]<\/p>\n","protected":false},"author":2,"featured_media":0,"template":"","meta":{"_tribe_events_status":"","_tribe_events_status_reason":"","footnotes":""},"tags":[140,141],"tribe_events_cat":[130],"class_list":["post-2334","tribe_events","type-tribe_events","status-publish","hentry","tag-local-de-facil-acesso","tag-terreo-com-acessibilidade-ao-publico","tribe_events_cat-outros","cat_outros"],"_links":{"self":[{"href":"https:\/\/viradasustentavel.org.br\/sao-paulo\/wp-json\/wp\/v2\/tribe_events\/2334","targetHints":{"allow":["GET"]}}],"collection":[{"href":"https:\/\/viradasustentavel.org.br\/sao-paulo\/wp-json\/wp\/v2\/tribe_events"}],"about":[{"href":"https:\/\/viradasustentavel.org.br\/sao-paulo\/wp-json\/wp\/v2\/types\/tribe_events"}],"author":[{"embeddable":true,"href":"https:\/\/viradasustentavel.org.br\/sao-paulo\/wp-json\/wp\/v2\/users\/2"}],"version-history":[{"count":0,"href":"https:\/\/viradasustentavel.org.br\/sao-paulo\/wp-json\/wp\/v2\/tribe_events\/2334\/revisions"}],"wp:attachment":[{"href":"https:\/\/viradasustentavel.org.br\/sao-paulo\/wp-json\/wp\/v2\/media?parent=2334"}],"wp:term":[{"taxonomy":"post_tag","embeddable":true,"href":"https:\/\/viradasustentavel.org.br\/sao-paulo\/wp-json\/wp\/v2\/tags?post=2334"},{"taxonomy":"tribe_events_cat","embeddable":true,"href":"https:\/\/viradasustentavel.org.br\/sao-paulo\/wp-json\/wp\/v2\/tribe_events_cat?post=2334"}],"curies":[{"name":"wp","href":"https:\/\/api.w.org\/{rel}","templated":true}]}}

Mobilizações comunitárias e intervenções urbanas

<p>Ação de conscientização e fortalecimento, incentivando a participação social, nesse processo de luta para abrir as portas do Parque Vila Ema, transformar esse espaço público, com participação ativa da comunidade no desenvolvimento do território. O local possui mais de 900 árvores catalogadas, muitas nativas, avifauna composta de pelo menos quarenta espécies de aves, uma nascente interna e outra que desemboca em um bueiro ao lado do terreno.</p>

<p>Ação de conscientização e fortalecimento, incentivando a participação social, nesse processo de luta para abrir as portas do Parque Vila Ema, transformar esse espaço público, com participação ativa da comunidade [&hellip;]</p>
