{"id":2337,"date":"2025-09-12T21:00:21","date_gmt":"2025-09-13T00:00:21","guid":{"rendered":"https:\/\/viradasustentavel.org.br\/sao-paulo\/eventos\/vivenciando-sabores-e-saberes\/"},"modified":"2025-09-12T21:00:21","modified_gmt":"2025-09-13T00:00:21","slug":"vivenciando-sabores-e-saberes","status":"publish","type":"tribe_events","link":"https:\/\/viradasustentavel.org.br\/sao-paulo\/eventos\/vivenciando-sabores-e-saberes\/","title":{"rendered":"Vivenciando Sabores e Saberes"},"content":{"rendered":"<p>Preparo do solo e plantio de novas esp\u00e9cies. Um momento de aprendizado, integra\u00e7\u00e3o e contato com a natureza.<\/p>\n","protected":false},"excerpt":{"rendered":"<p>Preparo do solo e plantio de novas esp\u00e9cies. Um momento de aprendizado, integra\u00e7\u00e3o e contato com a natureza.<\/p>\n","protected":false},"author":2,"featured_media":0,"template":"","meta":{"_tribe_events_status":"","_tribe_events_status_reason":"","footnotes":""},"tags":[139],"tribe_events_cat":[130],"class_list":["post-2337","tribe_events","type-tribe_events","status-publish","hentry","tag-nao-se-aplica","tribe_events_cat-outros","cat_outros"],"_links":{"self":[{"href":"https:\/\/viradasustentavel.org.br\/sao-paulo\/wp-json\/wp\/v2\/tribe_events\/2337","targetHints":{"allow":["GET"]}}],"collection":[{"href":"https:\/\/viradasustentavel.org.br\/sao-paulo\/wp-json\/wp\/v2\/tribe_events"}],"about":[{"href":"https:\/\/viradasustentavel.org.br\/sao-paulo\/wp-json\/wp\/v2\/types\/tribe_events"}],"author":[{"embeddable":true,"href":"https:\/\/viradasustentavel.org.br\/sao-paulo\/wp-json\/wp\/v2\/users\/2"}],"version-history":[{"count":0,"href":"https:\/\/viradasustentavel.org.br\/sao-paulo\/wp-json\/wp\/v2\/tribe_events\/2337\/revisions"}],"wp:attachment":[{"href":"https:\/\/viradasustentavel.org.br\/sao-paulo\/wp-json\/wp\/v2\/media?parent=2337"}],"wp:term":[{"taxonomy":"post_tag","embeddable":true,"href":"https:\/\/viradasustentavel.org.br\/sao-paulo\/wp-json\/wp\/v2\/tags?post=2337"},{"taxonomy":"tribe_events_cat","embeddable":true,"href":"https:\/\/viradasustentavel.org.br\/sao-paulo\/wp-json\/wp\/v2\/tribe_events_cat?post=2337"}],"curies":[{"name":"wp","href":"https:\/\/api.w.org\/{rel}","templated":true}]}}

<p>Preparo do solo e plantio de novas espécies. Um momento de aprendizado, integração e contato com a natureza.</p>
