{"id":2342,"date":"2025-09-12T21:00:35","date_gmt":"2025-09-13T00:00:35","guid":{"rendered":"https:\/\/viradasustentavel.org.br\/sao-paulo\/eventos\/roda-de-conversa-sobre-mudancas-cimaticas-e-seus-efeitos-para-a-saude\/"},"modified":"2025-09-12T21:00:35","modified_gmt":"2025-09-13T00:00:35","slug":"roda-de-conversa-sobre-mudancas-cimaticas-e-seus-efeitos-para-a-saude","status":"publish","type":"tribe_events","link":"https:\/\/viradasustentavel.org.br\/sao-paulo\/eventos\/roda-de-conversa-sobre-mudancas-cimaticas-e-seus-efeitos-para-a-saude\/","title":{"rendered":"Roda de Conversa sobre Mudan\u00e7as Cim\u00e1ticas e seus Efeitos para a Sa\u00fade"},"content":{"rendered":"<p>Roda de conversa sobre mudan\u00e7as clim\u00e1ticas e seus efeitos na sa\u00fade humana e meio ambiente. Em seguida, constru\u00e7\u00e3o painel &#8220;o que causa mudan\u00e7as clim\u00e1ticas&#8221; abordando o descarte incorreto entre outros.<\/p>\n","protected":false},"excerpt":{"rendered":"<p>Roda de conversa sobre mudan\u00e7as clim\u00e1ticas e seus efeitos na sa\u00fade humana e meio ambiente. Em seguida, constru\u00e7\u00e3o painel &#8220;o que causa mudan\u00e7as clim\u00e1ticas&#8221; abordando o descarte incorreto entre outros.<\/p>\n","protected":false},"author":2,"featured_media":0,"template":"","meta":{"_tribe_events_status":"","_tribe_events_status_reason":"","footnotes":""},"tags":[146],"tribe_events_cat":[122],"class_list":["post-2342","tribe_events","type-tribe_events","status-publish","hentry","tag-n-a","tribe_events_cat-talks","cat_talks"],"_links":{"self":[{"href":"https:\/\/viradasustentavel.org.br\/sao-paulo\/wp-json\/wp\/v2\/tribe_events\/2342","targetHints":{"allow":["GET"]}}],"collection":[{"href":"https:\/\/viradasustentavel.org.br\/sao-paulo\/wp-json\/wp\/v2\/tribe_events"}],"about":[{"href":"https:\/\/viradasustentavel.org.br\/sao-paulo\/wp-json\/wp\/v2\/types\/tribe_events"}],"author":[{"embeddable":true,"href":"https:\/\/viradasustentavel.org.br\/sao-paulo\/wp-json\/wp\/v2\/users\/2"}],"version-history":[{"count":0,"href":"https:\/\/viradasustentavel.org.br\/sao-paulo\/wp-json\/wp\/v2\/tribe_events\/2342\/revisions"}],"wp:attachment":[{"href":"https:\/\/viradasustentavel.org.br\/sao-paulo\/wp-json\/wp\/v2\/media?parent=2342"}],"wp:term":[{"taxonomy":"post_tag","embeddable":true,"href":"https:\/\/viradasustentavel.org.br\/sao-paulo\/wp-json\/wp\/v2\/tags?post=2342"},{"taxonomy":"tribe_events_cat","embeddable":true,"href":"https:\/\/viradasustentavel.org.br\/sao-paulo\/wp-json\/wp\/v2\/tribe_events_cat?post=2342"}],"curies":[{"name":"wp","href":"https:\/\/api.w.org\/{rel}","templated":true}]}}

Roda de Conversa sobre Mudanças Cimáticas e seus Efeitos para a Saúde

<p>Roda de conversa sobre mudanças climáticas e seus efeitos na saúde humana e meio ambiente. Em seguida, construção painel &#8220;o que causa mudanças climáticas&#8221; abordando o descarte incorreto entre outros.</p>
