{"id":2347,"date":"2025-09-12T21:00:51","date_gmt":"2025-09-13T00:00:51","guid":{"rendered":"https:\/\/viradasustentavel.org.br\/sao-paulo\/eventos\/observando-os-rios\/"},"modified":"2025-09-12T21:00:51","modified_gmt":"2025-09-13T00:00:51","slug":"observando-os-rios","status":"publish","type":"tribe_events","link":"https:\/\/viradasustentavel.org.br\/sao-paulo\/eventos\/observando-os-rios\/","title":{"rendered":"Observando os Rios"},"content":{"rendered":"<p>Observando os Rios \u00e9 uma iniciativa realizada mensalmente no Sesc Interlagos em colabora\u00e7\u00e3o com a SOS Mata Atl\u00e2ntica, direcionada a todos os p\u00fablicos interessados na preserva\u00e7\u00e3o dos recursos h\u00eddricos. Participantes engajam-se na an\u00e1lise da qualidade da \u00e1gua da represa Billings atrav\u00e9s de medi\u00e7\u00f5es f\u00edsicas e qu\u00edmicas.<\/p>\n","protected":false},"excerpt":{"rendered":"<p>Observando os Rios \u00e9 uma iniciativa realizada mensalmente no Sesc Interlagos em colabora\u00e7\u00e3o com a SOS Mata Atl\u00e2ntica, direcionada a todos os p\u00fablicos interessados na preserva\u00e7\u00e3o dos recursos h\u00eddricos. Participantes [&hellip;]<\/p>\n","protected":false},"author":2,"featured_media":0,"template":"","meta":{"_tribe_events_status":"","_tribe_events_status_reason":"","footnotes":""},"tags":[23],"tribe_events_cat":[130],"class_list":["post-2347","tribe_events","type-tribe_events","status-publish","hentry","tag-de-4-a-14-anos","tribe_events_cat-outros","cat_outros"],"_links":{"self":[{"href":"https:\/\/viradasustentavel.org.br\/sao-paulo\/wp-json\/wp\/v2\/tribe_events\/2347","targetHints":{"allow":["GET"]}}],"collection":[{"href":"https:\/\/viradasustentavel.org.br\/sao-paulo\/wp-json\/wp\/v2\/tribe_events"}],"about":[{"href":"https:\/\/viradasustentavel.org.br\/sao-paulo\/wp-json\/wp\/v2\/types\/tribe_events"}],"author":[{"embeddable":true,"href":"https:\/\/viradasustentavel.org.br\/sao-paulo\/wp-json\/wp\/v2\/users\/2"}],"version-history":[{"count":0,"href":"https:\/\/viradasustentavel.org.br\/sao-paulo\/wp-json\/wp\/v2\/tribe_events\/2347\/revisions"}],"wp:attachment":[{"href":"https:\/\/viradasustentavel.org.br\/sao-paulo\/wp-json\/wp\/v2\/media?parent=2347"}],"wp:term":[{"taxonomy":"post_tag","embeddable":true,"href":"https:\/\/viradasustentavel.org.br\/sao-paulo\/wp-json\/wp\/v2\/tags?post=2347"},{"taxonomy":"tribe_events_cat","embeddable":true,"href":"https:\/\/viradasustentavel.org.br\/sao-paulo\/wp-json\/wp\/v2\/tribe_events_cat?post=2347"}],"curies":[{"name":"wp","href":"https:\/\/api.w.org\/{rel}","templated":true}]}}

<p>Observando os Rios é uma iniciativa realizada mensalmente no Sesc Interlagos em colaboração com a SOS Mata Atlântica, direcionada a todos os públicos interessados na preservação dos recursos hídricos. Participantes engajam-se na análise da qualidade da água da represa Billings através de medições físicas e químicas.</p>

<p>Observando os Rios é uma iniciativa realizada mensalmente no Sesc Interlagos em colaboração com a SOS Mata Atlântica, direcionada a todos os públicos interessados na preservação dos recursos hídricos. Participantes [&hellip;]</p>
