{"id":2348,"date":"2025-09-12T21:00:51","date_gmt":"2025-09-13T00:00:51","guid":{"rendered":"https:\/\/viradasustentavel.org.br\/sao-paulo\/eventos\/pelo-centro-caminho-das-arvores\/"},"modified":"2025-09-12T21:00:51","modified_gmt":"2025-09-13T00:00:51","slug":"pelo-centro-caminho-das-arvores","status":"publish","type":"tribe_events","link":"https:\/\/viradasustentavel.org.br\/sao-paulo\/eventos\/pelo-centro-caminho-das-arvores\/","title":{"rendered":"Pelo Centro: Caminho das \u00c1rvores"},"content":{"rendered":"<p>Caminhada interpretativa pelo Centro de S\u00e3o Paulo com acompanhamento de educadores. Guiada pela identifica\u00e7\u00e3o da vegeta\u00e7\u00e3o presente no percurso, a atividade prop\u00f5e um olhar sens\u00edvel e cr\u00edtico sobre o meio ambiente urbano, e integra tamb\u00e9m a valoriza\u00e7\u00e3o da mem\u00f3ria e a observa\u00e7\u00e3o das din\u00e2micas sociais e culturais do territ\u00f3rio. Nas paradas ser\u00e3o promovidas reflex\u00f5es sobre sustentabilidade, direito \u00e0 cidade e temas atuais da emerg\u00eancia clim\u00e1tica. A caminhada busca articular os aspectos ambientais, hist\u00f3ricos e sociais da cidade, estimulando novas percep\u00e7\u00f5es sobre o espa\u00e7o urbano e a vegeta\u00e7\u00e3o ali presente.<\/p>\n","protected":false},"excerpt":{"rendered":"<p>Caminhada interpretativa pelo Centro de S\u00e3o Paulo com acompanhamento de educadores. Guiada pela identifica\u00e7\u00e3o da vegeta\u00e7\u00e3o presente no percurso, a atividade prop\u00f5e um olhar sens\u00edvel e cr\u00edtico sobre o meio [&hellip;]<\/p>\n","protected":false},"author":2,"featured_media":0,"template":"","meta":{"_tribe_events_status":"","_tribe_events_status_reason":"","footnotes":""},"tags":[176],"tribe_events_cat":[130],"class_list":["post-2348","tribe_events","type-tribe_events","status-publish","hentry","tag-traducao-simultanea-para-libras","tribe_events_cat-outros","cat_outros"],"_links":{"self":[{"href":"https:\/\/viradasustentavel.org.br\/sao-paulo\/wp-json\/wp\/v2\/tribe_events\/2348","targetHints":{"allow":["GET"]}}],"collection":[{"href":"https:\/\/viradasustentavel.org.br\/sao-paulo\/wp-json\/wp\/v2\/tribe_events"}],"about":[{"href":"https:\/\/viradasustentavel.org.br\/sao-paulo\/wp-json\/wp\/v2\/types\/tribe_events"}],"author":[{"embeddable":true,"href":"https:\/\/viradasustentavel.org.br\/sao-paulo\/wp-json\/wp\/v2\/users\/2"}],"version-history":[{"count":0,"href":"https:\/\/viradasustentavel.org.br\/sao-paulo\/wp-json\/wp\/v2\/tribe_events\/2348\/revisions"}],"wp:attachment":[{"href":"https:\/\/viradasustentavel.org.br\/sao-paulo\/wp-json\/wp\/v2\/media?parent=2348"}],"wp:term":[{"taxonomy":"post_tag","embeddable":true,"href":"https:\/\/viradasustentavel.org.br\/sao-paulo\/wp-json\/wp\/v2\/tags?post=2348"},{"taxonomy":"tribe_events_cat","embeddable":true,"href":"https:\/\/viradasustentavel.org.br\/sao-paulo\/wp-json\/wp\/v2\/tribe_events_cat?post=2348"}],"curies":[{"name":"wp","href":"https:\/\/api.w.org\/{rel}","templated":true}]}}

Pelo Centro: Caminho das Árvores

<p>Caminhada interpretativa pelo Centro de São Paulo com acompanhamento de educadores. Guiada pela identificação da vegetação presente no percurso, a atividade propõe um olhar sensível e crítico sobre o meio ambiente urbano, e integra também a valorização da memória e a observação das dinâmicas sociais e culturais do território. Nas paradas serão promovidas reflexões sobre sustentabilidade, direito à cidade e temas atuais da emergência climática. A caminhada busca articular os aspectos ambientais, históricos e sociais da cidade, estimulando novas percepções sobre o espaço urbano e a vegetação ali presente.</p>

<p>Caminhada interpretativa pelo Centro de São Paulo com acompanhamento de educadores. Guiada pela identificação da vegetação presente no percurso, a atividade propõe um olhar sensível e crítico sobre o meio [&hellip;]</p>
