{"id":2349,"date":"2025-09-12T21:01:04","date_gmt":"2025-09-13T00:01:04","guid":{"rendered":"https:\/\/viradasustentavel.org.br\/sao-paulo\/eventos\/oficina-maos-na-terra-tecnicas-de-compostagem-e-adubacao\/"},"modified":"2025-09-12T21:01:04","modified_gmt":"2025-09-13T00:01:04","slug":"oficina-maos-na-terra-tecnicas-de-compostagem-e-adubacao","status":"publish","type":"tribe_events","link":"https:\/\/viradasustentavel.org.br\/sao-paulo\/eventos\/oficina-maos-na-terra-tecnicas-de-compostagem-e-adubacao\/","title":{"rendered":"Oficina M\u00e3os na Terra: T\u00e9cnicas de Compostagem e Aduba\u00e7\u00e3o"},"content":{"rendered":"<p>Nessa atividade vamos debater sobre a import\u00e2ncia da compostagem para variados plantios a partir da retirada do composto produzido pela composteira Sesc Itaquera. A oficina versar\u00e1 sobre gest\u00e3o de res\u00edduos org\u00e2nicos e ciclagem de nutrientes para o solo. O p\u00fablico ser\u00e1 convidado a cultivar diversas mudas de hortali\u00e7as e ervas arom\u00e1ticas com o composto org\u00e2nico coletado da composteira.<\/p>\n","protected":false},"excerpt":{"rendered":"<p>Nessa atividade vamos debater sobre a import\u00e2ncia da compostagem para variados plantios a partir da retirada do composto produzido pela composteira Sesc Itaquera. A oficina versar\u00e1 sobre gest\u00e3o de res\u00edduos [&hellip;]<\/p>\n","protected":false},"author":2,"featured_media":0,"template":"","meta":{"_tribe_events_status":"","_tribe_events_status_reason":"","footnotes":""},"tags":[23],"tribe_events_cat":[107],"class_list":["post-2349","tribe_events","type-tribe_events","status-publish","hentry","tag-de-4-a-14-anos","tribe_events_cat-oficina","cat_oficina"],"_links":{"self":[{"href":"https:\/\/viradasustentavel.org.br\/sao-paulo\/wp-json\/wp\/v2\/tribe_events\/2349","targetHints":{"allow":["GET"]}}],"collection":[{"href":"https:\/\/viradasustentavel.org.br\/sao-paulo\/wp-json\/wp\/v2\/tribe_events"}],"about":[{"href":"https:\/\/viradasustentavel.org.br\/sao-paulo\/wp-json\/wp\/v2\/types\/tribe_events"}],"author":[{"embeddable":true,"href":"https:\/\/viradasustentavel.org.br\/sao-paulo\/wp-json\/wp\/v2\/users\/2"}],"version-history":[{"count":0,"href":"https:\/\/viradasustentavel.org.br\/sao-paulo\/wp-json\/wp\/v2\/tribe_events\/2349\/revisions"}],"wp:attachment":[{"href":"https:\/\/viradasustentavel.org.br\/sao-paulo\/wp-json\/wp\/v2\/media?parent=2349"}],"wp:term":[{"taxonomy":"post_tag","embeddable":true,"href":"https:\/\/viradasustentavel.org.br\/sao-paulo\/wp-json\/wp\/v2\/tags?post=2349"},{"taxonomy":"tribe_events_cat","embeddable":true,"href":"https:\/\/viradasustentavel.org.br\/sao-paulo\/wp-json\/wp\/v2\/tribe_events_cat?post=2349"}],"curies":[{"name":"wp","href":"https:\/\/api.w.org\/{rel}","templated":true}]}}

Oficina Mãos na Terra: Técnicas de Compostagem e Adubação

<p>Nessa atividade vamos debater sobre a importância da compostagem para variados plantios a partir da retirada do composto produzido pela composteira Sesc Itaquera. A oficina versará sobre gestão de resíduos orgânicos e ciclagem de nutrientes para o solo. O público será convidado a cultivar diversas mudas de hortaliças e ervas aromáticas com o composto orgânico coletado da composteira.</p>

<p>Nessa atividade vamos debater sobre a importância da compostagem para variados plantios a partir da retirada do composto produzido pela composteira Sesc Itaquera. A oficina versará sobre gestão de resíduos [&hellip;]</p>
