{"id":2351,"date":"2025-09-12T21:01:04","date_gmt":"2025-09-13T00:01:04","guid":{"rendered":"https:\/\/viradasustentavel.org.br\/sao-paulo\/eventos\/trilha-da-samambaiacu-mata-atlantica-e-emergencia-climatica\/"},"modified":"2025-09-12T21:01:04","modified_gmt":"2025-09-13T00:01:04","slug":"trilha-da-samambaiacu-mata-atlantica-e-emergencia-climatica","status":"publish","type":"tribe_events","link":"https:\/\/viradasustentavel.org.br\/sao-paulo\/eventos\/trilha-da-samambaiacu-mata-atlantica-e-emergencia-climatica\/","title":{"rendered":"Trilha da Samambaia\u00e7u: Mata Atl\u00e2ntica e Emerg\u00eancia Clim\u00e1tica"},"content":{"rendered":"<p>A crise clim\u00e1tica \u00e9 um dos grandes desafios da humanidade e entre discuss\u00f5es, d\u00favidas e urg\u00eancias para a a\u00e7\u00e3o, voc\u00ea sabe como a Mata Atl\u00e2ntica pode nos ajudar a compreender esse processo e talvez indicar caminhos? Venha trilhar com os educadores ambientais do Sesc Itaquera nessa Virada Sustent\u00e1vel e descobrir o que um dos biomas mais diversos (e afetados) tem a nos ensinar sobre esse desafio.<\/p>\n","protected":false},"excerpt":{"rendered":"<p>A crise clim\u00e1tica \u00e9 um dos grandes desafios da humanidade e entre discuss\u00f5es, d\u00favidas e urg\u00eancias para a a\u00e7\u00e3o, voc\u00ea sabe como a Mata Atl\u00e2ntica pode nos ajudar a compreender [&hellip;]<\/p>\n","protected":false},"author":2,"featured_media":0,"template":"","meta":{"_tribe_events_status":"","_tribe_events_status_reason":"","footnotes":""},"tags":[23],"tribe_events_cat":[130],"class_list":["post-2351","tribe_events","type-tribe_events","status-publish","hentry","tag-de-4-a-14-anos","tribe_events_cat-outros","cat_outros"],"_links":{"self":[{"href":"https:\/\/viradasustentavel.org.br\/sao-paulo\/wp-json\/wp\/v2\/tribe_events\/2351","targetHints":{"allow":["GET"]}}],"collection":[{"href":"https:\/\/viradasustentavel.org.br\/sao-paulo\/wp-json\/wp\/v2\/tribe_events"}],"about":[{"href":"https:\/\/viradasustentavel.org.br\/sao-paulo\/wp-json\/wp\/v2\/types\/tribe_events"}],"author":[{"embeddable":true,"href":"https:\/\/viradasustentavel.org.br\/sao-paulo\/wp-json\/wp\/v2\/users\/2"}],"version-history":[{"count":0,"href":"https:\/\/viradasustentavel.org.br\/sao-paulo\/wp-json\/wp\/v2\/tribe_events\/2351\/revisions"}],"wp:attachment":[{"href":"https:\/\/viradasustentavel.org.br\/sao-paulo\/wp-json\/wp\/v2\/media?parent=2351"}],"wp:term":[{"taxonomy":"post_tag","embeddable":true,"href":"https:\/\/viradasustentavel.org.br\/sao-paulo\/wp-json\/wp\/v2\/tags?post=2351"},{"taxonomy":"tribe_events_cat","embeddable":true,"href":"https:\/\/viradasustentavel.org.br\/sao-paulo\/wp-json\/wp\/v2\/tribe_events_cat?post=2351"}],"curies":[{"name":"wp","href":"https:\/\/api.w.org\/{rel}","templated":true}]}}

Trilha da Samambaiaçu: Mata Atlântica e Emergência Climática

<p>A crise climática é um dos grandes desafios da humanidade e entre discussões, dúvidas e urgências para a ação, você sabe como a Mata Atlântica pode nos ajudar a compreender esse processo e talvez indicar caminhos? Venha trilhar com os educadores ambientais do Sesc Itaquera nessa Virada Sustentável e descobrir o que um dos biomas mais diversos (e afetados) tem a nos ensinar sobre esse desafio.</p>

<p>A crise climática é um dos grandes desafios da humanidade e entre discussões, dúvidas e urgências para a ação, você sabe como a Mata Atlântica pode nos ajudar a compreender [&hellip;]</p>
