{"id":2352,"date":"2025-09-12T21:01:05","date_gmt":"2025-09-13T00:01:05","guid":{"rendered":"https:\/\/viradasustentavel.org.br\/sao-paulo\/eventos\/plantacao-de-brincadeiras\/"},"modified":"2025-09-12T21:01:05","modified_gmt":"2025-09-13T00:01:05","slug":"plantacao-de-brincadeiras","status":"publish","type":"tribe_events","link":"https:\/\/viradasustentavel.org.br\/sao-paulo\/eventos\/plantacao-de-brincadeiras\/","title":{"rendered":"Planta\u00e7\u00e3o de Brincadeiras"},"content":{"rendered":"<p>Atividades que acontecem no Jardim das Brincadeiras do Sesc Interlagos, um espa\u00e7o verde e l\u00fadico criado para favorecer o encontro entre a crian\u00e7a e a natureza atrav\u00e9s do brincar. Ali as crian\u00e7as podem construir suas brincadeiras a partir da intera\u00e7\u00e3o com uma diversidade de elementos naturais que o ambiente oferece: terra, troncos, gravetos, sementes, folhas, flores e muitos outros. por isso recomendamos que tragam trocas de roupa e que venham com cal\u00e7ados apropriados para esta finalidade.<\/p>\n","protected":false},"excerpt":{"rendered":"<p>Atividades que acontecem no Jardim das Brincadeiras do Sesc Interlagos, um espa\u00e7o verde e l\u00fadico criado para favorecer o encontro entre a crian\u00e7a e a natureza atrav\u00e9s do brincar. Ali [&hellip;]<\/p>\n","protected":false},"author":2,"featured_media":0,"template":"","meta":{"_tribe_events_status":"","_tribe_events_status_reason":"","footnotes":""},"tags":[23],"tribe_events_cat":[154],"class_list":["post-2352","tribe_events","type-tribe_events","status-publish","hentry","tag-de-4-a-14-anos","tribe_events_cat-brincadeira","cat_brincadeira"],"_links":{"self":[{"href":"https:\/\/viradasustentavel.org.br\/sao-paulo\/wp-json\/wp\/v2\/tribe_events\/2352","targetHints":{"allow":["GET"]}}],"collection":[{"href":"https:\/\/viradasustentavel.org.br\/sao-paulo\/wp-json\/wp\/v2\/tribe_events"}],"about":[{"href":"https:\/\/viradasustentavel.org.br\/sao-paulo\/wp-json\/wp\/v2\/types\/tribe_events"}],"author":[{"embeddable":true,"href":"https:\/\/viradasustentavel.org.br\/sao-paulo\/wp-json\/wp\/v2\/users\/2"}],"version-history":[{"count":0,"href":"https:\/\/viradasustentavel.org.br\/sao-paulo\/wp-json\/wp\/v2\/tribe_events\/2352\/revisions"}],"wp:attachment":[{"href":"https:\/\/viradasustentavel.org.br\/sao-paulo\/wp-json\/wp\/v2\/media?parent=2352"}],"wp:term":[{"taxonomy":"post_tag","embeddable":true,"href":"https:\/\/viradasustentavel.org.br\/sao-paulo\/wp-json\/wp\/v2\/tags?post=2352"},{"taxonomy":"tribe_events_cat","embeddable":true,"href":"https:\/\/viradasustentavel.org.br\/sao-paulo\/wp-json\/wp\/v2\/tribe_events_cat?post=2352"}],"curies":[{"name":"wp","href":"https:\/\/api.w.org\/{rel}","templated":true}]}}

Plantação de Brincadeiras

<p>Atividades que acontecem no Jardim das Brincadeiras do Sesc Interlagos, um espaço verde e lúdico criado para favorecer o encontro entre a criança e a natureza através do brincar. Ali as crianças podem construir suas brincadeiras a partir da interação com uma diversidade de elementos naturais que o ambiente oferece: terra, troncos, gravetos, sementes, folhas, flores e muitos outros. por isso recomendamos que tragam trocas de roupa e que venham com calçados apropriados para esta finalidade.</p>

<p>Atividades que acontecem no Jardim das Brincadeiras do Sesc Interlagos, um espaço verde e lúdico criado para favorecer o encontro entre a criança e a natureza através do brincar. Ali [&hellip;]</p>
