{"id":2353,"date":"2025-09-12T21:01:05","date_gmt":"2025-09-13T00:01:05","guid":{"rendered":"https:\/\/viradasustentavel.org.br\/sao-paulo\/eventos\/plantando-agua-bloco-fluvial-do-peixe-seco-no-plantio-global\/"},"modified":"2025-09-12T21:01:05","modified_gmt":"2025-09-13T00:01:05","slug":"plantando-agua-bloco-fluvial-do-peixe-seco-no-plantio-global","status":"publish","type":"tribe_events","link":"https:\/\/viradasustentavel.org.br\/sao-paulo\/eventos\/plantando-agua-bloco-fluvial-do-peixe-seco-no-plantio-global\/","title":{"rendered":"Plantando \u00c1gua: Bloco Fluvial do Peixe Seco no Plantio Global"},"content":{"rendered":"<p>O Bloco Fluvial do Peixe Seco far\u00e1 uma participa\u00e7\u00e3o especial embalando o mutir\u00e3o com suas reflex\u00f5es musicais sobre as \u00e1guas da cidade e suas maiores guardi\u00e3s, as \u00e1rvores. A edi\u00e7\u00e3o de setembro do Plantio Global 2025 estar\u00e1 engajada com o conceito verde azul, empregando Solu\u00e7\u00f5es Baseadas na Natureza para o manejo de \u00e1guas urbanas e o incremento de arboriza\u00e7\u00e3o, al\u00e9m de plantio para polinizadores. A edi\u00e7\u00e3o de setembro de 2025 ser\u00e1 realizada na Pra\u00e7a do Povo H\u00fangaro. Venha fazer parte do movimento do Plantio Global, que vem colaborando com o futuro sustent\u00e1vel da cidade de S\u00e3o Paulo colocando em pr\u00e1tica o Plano Municipal de \u00c1reas Protegidas, \u00c1reas Verdes e Espa\u00e7os Livres (PLANPAVEL) e o Plano Municipal de Arboriza\u00e7\u00e3o Urbana (PMAU).<\/p>\n","protected":false},"excerpt":{"rendered":"<p>O Bloco Fluvial do Peixe Seco far\u00e1 uma participa\u00e7\u00e3o especial embalando o mutir\u00e3o com suas reflex\u00f5es musicais sobre as \u00e1guas da cidade e suas maiores guardi\u00e3s, as \u00e1rvores. A edi\u00e7\u00e3o [&hellip;]<\/p>\n","protected":false},"author":2,"featured_media":0,"template":"","meta":{"_tribe_events_status":"","_tribe_events_status_reason":"","footnotes":""},"tags":[23],"tribe_events_cat":[16],"class_list":["post-2353","tribe_events","type-tribe_events","status-publish","hentry","tag-de-4-a-14-anos","tribe_events_cat-musica","cat_musica"],"_links":{"self":[{"href":"https:\/\/viradasustentavel.org.br\/sao-paulo\/wp-json\/wp\/v2\/tribe_events\/2353","targetHints":{"allow":["GET"]}}],"collection":[{"href":"https:\/\/viradasustentavel.org.br\/sao-paulo\/wp-json\/wp\/v2\/tribe_events"}],"about":[{"href":"https:\/\/viradasustentavel.org.br\/sao-paulo\/wp-json\/wp\/v2\/types\/tribe_events"}],"author":[{"embeddable":true,"href":"https:\/\/viradasustentavel.org.br\/sao-paulo\/wp-json\/wp\/v2\/users\/2"}],"version-history":[{"count":0,"href":"https:\/\/viradasustentavel.org.br\/sao-paulo\/wp-json\/wp\/v2\/tribe_events\/2353\/revisions"}],"wp:attachment":[{"href":"https:\/\/viradasustentavel.org.br\/sao-paulo\/wp-json\/wp\/v2\/media?parent=2353"}],"wp:term":[{"taxonomy":"post_tag","embeddable":true,"href":"https:\/\/viradasustentavel.org.br\/sao-paulo\/wp-json\/wp\/v2\/tags?post=2353"},{"taxonomy":"tribe_events_cat","embeddable":true,"href":"https:\/\/viradasustentavel.org.br\/sao-paulo\/wp-json\/wp\/v2\/tribe_events_cat?post=2353"}],"curies":[{"name":"wp","href":"https:\/\/api.w.org\/{rel}","templated":true}]}}

Plantando Água: Bloco Fluvial do Peixe Seco no Plantio Global

<p>O Bloco Fluvial do Peixe Seco fará uma participação especial embalando o mutirão com suas reflexões musicais sobre as águas da cidade e suas maiores guardiãs, as árvores. A edição de setembro do Plantio Global 2025 estará engajada com o conceito verde azul, empregando Soluções Baseadas na Natureza para o manejo de águas urbanas e o incremento de arborização, além de plantio para polinizadores. A edição de setembro de 2025 será realizada na Praça do Povo Húngaro. Venha fazer parte do movimento do Plantio Global, que vem colaborando com o futuro sustentável da cidade de São Paulo colocando em prática o Plano Municipal de Áreas Protegidas, Áreas Verdes e Espaços Livres (PLANPAVEL) e o Plano Municipal de Arborização Urbana (PMAU).</p>

<p>O Bloco Fluvial do Peixe Seco fará uma participação especial embalando o mutirão com suas reflexões musicais sobre as águas da cidade e suas maiores guardiãs, as árvores. A edição [&hellip;]</p>
