{"id":2354,"date":"2025-09-12T21:01:19","date_gmt":"2025-09-13T00:01:19","guid":{"rendered":"https:\/\/viradasustentavel.org.br\/sao-paulo\/eventos\/ajeum-da-preta-culinaria-ancestral-oficina-brigadeiro-de-dende\/"},"modified":"2025-09-12T21:01:19","modified_gmt":"2025-09-13T00:01:19","slug":"ajeum-da-preta-culinaria-ancestral-oficina-brigadeiro-de-dende","status":"publish","type":"tribe_events","link":"https:\/\/viradasustentavel.org.br\/sao-paulo\/eventos\/ajeum-da-preta-culinaria-ancestral-oficina-brigadeiro-de-dende\/","title":{"rendered":"Ajeum da Preta: Culin\u00e1ria Ancestral: Oficina Brigadeiro de Dend\u00ea"},"content":{"rendered":"<p>&#8220;Brigadeiro de Dend\u00ea \u2013 O Ouro de Oxum&#8221; Por Chef Cacau Alves (@ajeumdapreta). O brigadeiro de dend\u00ea \u00e9 mais do que uma varia\u00e7\u00e3o criativa de um doce tradicional brasileiro, carrega consigo significados profundos relacionados \u00e0 ancestralidade e \u00e0 sustentabilidade. A oficina convida os participantes a mergulharem na ancestralidade do Brasil, explorando um doce que combina ingredientes padr\u00f5es encontrados na maioria dos doces no Brasil e ingredientes da tradi\u00e7\u00e3o afro-brasileira. Mais que um espa\u00e7o de aprendizado culin\u00e1rio, trata-se de uma semente de transforma\u00e7\u00e3o, uma oportunidade de incentivar o empreendedorismo local e perif\u00e9rico apresentando um produto inovador e hist\u00f3rico. Saiba Mais:@ajeumdapreta<\/p>\n","protected":false},"excerpt":{"rendered":"<p>&#8220;Brigadeiro de Dend\u00ea \u2013 O Ouro de Oxum&#8221; Por Chef Cacau Alves (@ajeumdapreta). O brigadeiro de dend\u00ea \u00e9 mais do que uma varia\u00e7\u00e3o criativa de um doce tradicional brasileiro, carrega [&hellip;]<\/p>\n","protected":false},"author":2,"featured_media":0,"template":"","meta":{"_tribe_events_status":"","_tribe_events_status_reason":"","footnotes":""},"tags":[],"tribe_events_cat":[107],"class_list":["post-2354","tribe_events","type-tribe_events","status-publish","hentry","tribe_events_cat-oficina","cat_oficina"],"_links":{"self":[{"href":"https:\/\/viradasustentavel.org.br\/sao-paulo\/wp-json\/wp\/v2\/tribe_events\/2354","targetHints":{"allow":["GET"]}}],"collection":[{"href":"https:\/\/viradasustentavel.org.br\/sao-paulo\/wp-json\/wp\/v2\/tribe_events"}],"about":[{"href":"https:\/\/viradasustentavel.org.br\/sao-paulo\/wp-json\/wp\/v2\/types\/tribe_events"}],"author":[{"embeddable":true,"href":"https:\/\/viradasustentavel.org.br\/sao-paulo\/wp-json\/wp\/v2\/users\/2"}],"version-history":[{"count":0,"href":"https:\/\/viradasustentavel.org.br\/sao-paulo\/wp-json\/wp\/v2\/tribe_events\/2354\/revisions"}],"wp:attachment":[{"href":"https:\/\/viradasustentavel.org.br\/sao-paulo\/wp-json\/wp\/v2\/media?parent=2354"}],"wp:term":[{"taxonomy":"post_tag","embeddable":true,"href":"https:\/\/viradasustentavel.org.br\/sao-paulo\/wp-json\/wp\/v2\/tags?post=2354"},{"taxonomy":"tribe_events_cat","embeddable":true,"href":"https:\/\/viradasustentavel.org.br\/sao-paulo\/wp-json\/wp\/v2\/tribe_events_cat?post=2354"}],"curies":[{"name":"wp","href":"https:\/\/api.w.org\/{rel}","templated":true}]}}

Ajeum da Preta: Culinária Ancestral: Oficina Brigadeiro de Dendê

<p>&#8220;Brigadeiro de Dendê – O Ouro de Oxum&#8221; Por Chef Cacau Alves (@ajeumdapreta). O brigadeiro de dendê é mais do que uma variação criativa de um doce tradicional brasileiro, carrega consigo significados profundos relacionados à ancestralidade e à sustentabilidade. A oficina convida os participantes a mergulharem na ancestralidade do Brasil, explorando um doce que combina ingredientes padrões encontrados na maioria dos doces no Brasil e ingredientes da tradição afro-brasileira. Mais que um espaço de aprendizado culinário, trata-se de uma semente de transformação, uma oportunidade de incentivar o empreendedorismo local e periférico apresentando um produto inovador e histórico. Saiba Mais:@ajeumdapreta</p>

<p>&#8220;Brigadeiro de Dendê – O Ouro de Oxum&#8221; Por Chef Cacau Alves (@ajeumdapreta). O brigadeiro de dendê é mais do que uma variação criativa de um doce tradicional brasileiro, carrega [&hellip;]</p>
