{"id":2359,"date":"2025-09-12T21:01:37","date_gmt":"2025-09-13T00:01:37","guid":{"rendered":"https:\/\/viradasustentavel.org.br\/sao-paulo\/eventos\/zine-sustentavel\/"},"modified":"2025-09-12T21:01:37","modified_gmt":"2025-09-13T00:01:37","slug":"zine-sustentavel","status":"publish","type":"tribe_events","link":"https:\/\/viradasustentavel.org.br\/sao-paulo\/eventos\/zine-sustentavel\/","title":{"rendered":"Zine Sustent\u00e1vel"},"content":{"rendered":"<p>A oficina de artes visuais com experimenta\u00e7\u00e3o em Zine e Antotipia convida jovens a partir de 12 anos a explorarem a criatividade e a express\u00e3o pessoal por meio da cria\u00e7\u00e3o de zines artesanais e da t\u00e9cnica fotogr\u00e1fica ecol\u00f3gica da antotipia, que utiliza pigmentos naturais de plantas. Com foco em narrativas dissidentes, saberes ancestrais e sustentabilidade, a atividade oferece uma alternativa art\u00edstica acess\u00edvel e consciente, unindo arte, ecologia e autonomia criativa. Ao final, os participantes apresentar\u00e3o seus trabalhos em uma exposi\u00e7\u00e3o coletiva.<\/p>\n","protected":false},"excerpt":{"rendered":"<p>A oficina de artes visuais com experimenta\u00e7\u00e3o em Zine e Antotipia convida jovens a partir de 12 anos a explorarem a criatividade e a express\u00e3o pessoal por meio da cria\u00e7\u00e3o [&hellip;]<\/p>\n","protected":false},"author":2,"featured_media":0,"template":"","meta":{"_tribe_events_status":"","_tribe_events_status_reason":"","footnotes":""},"tags":[],"tribe_events_cat":[107],"class_list":["post-2359","tribe_events","type-tribe_events","status-publish","hentry","tribe_events_cat-oficina","cat_oficina"],"_links":{"self":[{"href":"https:\/\/viradasustentavel.org.br\/sao-paulo\/wp-json\/wp\/v2\/tribe_events\/2359","targetHints":{"allow":["GET"]}}],"collection":[{"href":"https:\/\/viradasustentavel.org.br\/sao-paulo\/wp-json\/wp\/v2\/tribe_events"}],"about":[{"href":"https:\/\/viradasustentavel.org.br\/sao-paulo\/wp-json\/wp\/v2\/types\/tribe_events"}],"author":[{"embeddable":true,"href":"https:\/\/viradasustentavel.org.br\/sao-paulo\/wp-json\/wp\/v2\/users\/2"}],"version-history":[{"count":0,"href":"https:\/\/viradasustentavel.org.br\/sao-paulo\/wp-json\/wp\/v2\/tribe_events\/2359\/revisions"}],"wp:attachment":[{"href":"https:\/\/viradasustentavel.org.br\/sao-paulo\/wp-json\/wp\/v2\/media?parent=2359"}],"wp:term":[{"taxonomy":"post_tag","embeddable":true,"href":"https:\/\/viradasustentavel.org.br\/sao-paulo\/wp-json\/wp\/v2\/tags?post=2359"},{"taxonomy":"tribe_events_cat","embeddable":true,"href":"https:\/\/viradasustentavel.org.br\/sao-paulo\/wp-json\/wp\/v2\/tribe_events_cat?post=2359"}],"curies":[{"name":"wp","href":"https:\/\/api.w.org\/{rel}","templated":true}]}}

Zine Sustentável

<p>A oficina de artes visuais com experimentação em Zine e Antotipia convida jovens a partir de 12 anos a explorarem a criatividade e a expressão pessoal por meio da criação de zines artesanais e da técnica fotográfica ecológica da antotipia, que utiliza pigmentos naturais de plantas. Com foco em narrativas dissidentes, saberes ancestrais e sustentabilidade, a atividade oferece uma alternativa artística acessível e consciente, unindo arte, ecologia e autonomia criativa. Ao final, os participantes apresentarão seus trabalhos em uma exposição coletiva.</p>

<p>A oficina de artes visuais com experimentação em Zine e Antotipia convida jovens a partir de 12 anos a explorarem a criatividade e a expressão pessoal por meio da criação [&hellip;]</p>
