{"id":2371,"date":"2025-09-12T21:02:04","date_gmt":"2025-09-13T00:02:04","guid":{"rendered":"https:\/\/viradasustentavel.org.br\/sao-paulo\/eventos\/territorios-de-aprendizagem-uma-jornada-interativa-pela-pratica-ambiental-do-senac\/"},"modified":"2025-09-12T21:02:04","modified_gmt":"2025-09-13T00:02:04","slug":"territorios-de-aprendizagem-uma-jornada-interativa-pela-pratica-ambiental-do-senac","status":"publish","type":"tribe_events","link":"https:\/\/viradasustentavel.org.br\/sao-paulo\/eventos\/territorios-de-aprendizagem-uma-jornada-interativa-pela-pratica-ambiental-do-senac\/","title":{"rendered":"Territ\u00f3rios de aprendizagem: uma jornada interativa pela pr\u00e1tica ambiental do Senac"},"content":{"rendered":"<p>Instala\u00e7\u00e3o interativa do mapa digital, com abrang\u00eancia das cidades onde ocorreram as visitas, das turmas de Gest\u00e3o Ambiental, marca\u00e7\u00e3o dos pontos visitados. O p\u00fablico interessado poder\u00e1 interagir com o mapa, clicando nos pontos das visitas e a partir da\u00ed navegar pelas fotos e v\u00eddeos das atividades.<\/p>\n","protected":false},"excerpt":{"rendered":"<p>Instala\u00e7\u00e3o interativa do mapa digital, com abrang\u00eancia das cidades onde ocorreram as visitas, das turmas de Gest\u00e3o Ambiental, marca\u00e7\u00e3o dos pontos visitados. O p\u00fablico interessado poder\u00e1 interagir com o mapa, [&hellip;]<\/p>\n","protected":false},"author":2,"featured_media":0,"template":"","meta":{"_tribe_events_status":"","_tribe_events_status_reason":"","footnotes":""},"tags":[],"tribe_events_cat":[111],"class_list":["post-2371","tribe_events","type-tribe_events","status-publish","hentry","tribe_events_cat-instalacao","cat_instalacao"],"_links":{"self":[{"href":"https:\/\/viradasustentavel.org.br\/sao-paulo\/wp-json\/wp\/v2\/tribe_events\/2371","targetHints":{"allow":["GET"]}}],"collection":[{"href":"https:\/\/viradasustentavel.org.br\/sao-paulo\/wp-json\/wp\/v2\/tribe_events"}],"about":[{"href":"https:\/\/viradasustentavel.org.br\/sao-paulo\/wp-json\/wp\/v2\/types\/tribe_events"}],"author":[{"embeddable":true,"href":"https:\/\/viradasustentavel.org.br\/sao-paulo\/wp-json\/wp\/v2\/users\/2"}],"version-history":[{"count":0,"href":"https:\/\/viradasustentavel.org.br\/sao-paulo\/wp-json\/wp\/v2\/tribe_events\/2371\/revisions"}],"wp:attachment":[{"href":"https:\/\/viradasustentavel.org.br\/sao-paulo\/wp-json\/wp\/v2\/media?parent=2371"}],"wp:term":[{"taxonomy":"post_tag","embeddable":true,"href":"https:\/\/viradasustentavel.org.br\/sao-paulo\/wp-json\/wp\/v2\/tags?post=2371"},{"taxonomy":"tribe_events_cat","embeddable":true,"href":"https:\/\/viradasustentavel.org.br\/sao-paulo\/wp-json\/wp\/v2\/tribe_events_cat?post=2371"}],"curies":[{"name":"wp","href":"https:\/\/api.w.org\/{rel}","templated":true}]}}

Territórios de aprendizagem: uma jornada interativa pela prática ambiental do Senac

<p>Instalação interativa do mapa digital, com abrangência das cidades onde ocorreram as visitas, das turmas de Gestão Ambiental, marcação dos pontos visitados. O público interessado poderá interagir com o mapa, clicando nos pontos das visitas e a partir daí navegar pelas fotos e vídeos das atividades.</p>

<p>Instalação interativa do mapa digital, com abrangência das cidades onde ocorreram as visitas, das turmas de Gestão Ambiental, marcação dos pontos visitados. O público interessado poderá interagir com o mapa, [&hellip;]</p>
