{"id":2372,"date":"2025-09-12T21:02:05","date_gmt":"2025-09-13T00:02:05","guid":{"rendered":"https:\/\/viradasustentavel.org.br\/sao-paulo\/eventos\/oficina-ressignifica\/"},"modified":"2025-09-19T12:26:08","modified_gmt":"2025-09-19T15:26:08","slug":"oficina-ressignifica","status":"publish","type":"tribe_events","link":"https:\/\/viradasustentavel.org.br\/sao-paulo\/eventos\/oficina-ressignifica\/","title":{"rendered":"Oficina Ressignifica"},"content":{"rendered":"<p>A oficina Ressignifica prop\u00f5e uma imers\u00e3o criativa onde tecidos e brinquedos descartados ganham novos sentidos. Aqui, o que antes era visto como sobra ou res\u00edduo se transforma em arte, afeto e funcionalidade.<br \/>\nPor meio de t\u00e9cnicas manuais e muita imagina\u00e7\u00e3o, os participantes s\u00e3o convidados a desconstruir e reconstruir objetos, criando pe\u00e7as \u00fanicas, divertidas e cheias de prop\u00f3sito. Mais do que reciclar, \u00e9 um exerc\u00edcio de olhar com outros olhos \u2014 para os materiais e para o mundo.<br \/>\nRessignifica \u00e9 um movimento criativo que transforma descartes em express\u00e3o, dando nova vida a materiais comuns e mostrando que sustentabilidade tamb\u00e9m \u00e9 arte, impacto e inova\u00e7\u00e3o.<\/p>\n<p><strong>Inscri\u00e7\u00e3o<\/strong>: <a href=\"https:\/\/forms.office.com\/Pages\/ResponsePage.aspx?id=BYI45EuVbUqheE_EO6cQAmndwE4oFRZPuyTJ79ac82lURDdCNDdCWUI2Q1QxVlY2Q1M4WVg4UEhJRi4u\">https:\/\/forms.office.com\/Pages\/ResponsePage.aspx?id=BYI45EuVbUqheE_EO6cQAmndwE4oFRZPuyTJ79ac82lURDdCNDdCWUI2Q1QxVlY2Q1M4WVg4UEhJRi4u<\/a><\/p>\n","protected":false},"excerpt":{"rendered":"<p>A oficina Ressignifica prop\u00f5e uma imers\u00e3o criativa onde tecidos e brinquedos descartados ganham novos sentidos. Aqui, o que antes era visto como sobra ou res\u00edduo se transforma em arte, afeto [&hellip;]<\/p>\n","protected":false},"author":2,"featured_media":0,"template":"","meta":{"_tribe_events_status":"","_tribe_events_status_reason":"","footnotes":""},"tags":[],"tribe_events_cat":[107],"class_list":["post-2372","tribe_events","type-tribe_events","status-publish","hentry","tribe_events_cat-oficina","cat_oficina"],"_links":{"self":[{"href":"https:\/\/viradasustentavel.org.br\/sao-paulo\/wp-json\/wp\/v2\/tribe_events\/2372","targetHints":{"allow":["GET"]}}],"collection":[{"href":"https:\/\/viradasustentavel.org.br\/sao-paulo\/wp-json\/wp\/v2\/tribe_events"}],"about":[{"href":"https:\/\/viradasustentavel.org.br\/sao-paulo\/wp-json\/wp\/v2\/types\/tribe_events"}],"author":[{"embeddable":true,"href":"https:\/\/viradasustentavel.org.br\/sao-paulo\/wp-json\/wp\/v2\/users\/2"}],"version-history":[{"count":1,"href":"https:\/\/viradasustentavel.org.br\/sao-paulo\/wp-json\/wp\/v2\/tribe_events\/2372\/revisions"}],"predecessor-version":[{"id":9767,"href":"https:\/\/viradasustentavel.org.br\/sao-paulo\/wp-json\/wp\/v2\/tribe_events\/2372\/revisions\/9767"}],"wp:attachment":[{"href":"https:\/\/viradasustentavel.org.br\/sao-paulo\/wp-json\/wp\/v2\/media?parent=2372"}],"wp:term":[{"taxonomy":"post_tag","embeddable":true,"href":"https:\/\/viradasustentavel.org.br\/sao-paulo\/wp-json\/wp\/v2\/tags?post=2372"},{"taxonomy":"tribe_events_cat","embeddable":true,"href":"https:\/\/viradasustentavel.org.br\/sao-paulo\/wp-json\/wp\/v2\/tribe_events_cat?post=2372"}],"curies":[{"name":"wp","href":"https:\/\/api.w.org\/{rel}","templated":true}]}}

<p>A oficina Ressignifica propõe uma imersão criativa onde tecidos e brinquedos descartados ganham novos sentidos. Aqui, o que antes era visto como sobra ou resíduo se transforma em arte, afeto e funcionalidade.<br />
Por meio de técnicas manuais e muita imaginação, os participantes são convidados a desconstruir e reconstruir objetos, criando peças únicas, divertidas e cheias de propósito. Mais do que reciclar, é um exercício de olhar com outros olhos — para os materiais e para o mundo.<br />
Ressignifica é um movimento criativo que transforma descartes em expressão, dando nova vida a materiais comuns e mostrando que sustentabilidade também é arte, impacto e inovação.</p>
<p><strong>Inscrição</strong>: <a href="https://forms.office.com/Pages/ResponsePage.aspx?id=BYI45EuVbUqheE_EO6cQAmndwE4oFRZPuyTJ79ac82lURDdCNDdCWUI2Q1QxVlY2Q1M4WVg4UEhJRi4u">https://forms.office.com/Pages/ResponsePage.aspx?id=BYI45EuVbUqheE_EO6cQAmndwE4oFRZPuyTJ79ac82lURDdCNDdCWUI2Q1QxVlY2Q1M4WVg4UEhJRi4u</a></p>

<p>A oficina Ressignifica propõe uma imersão criativa onde tecidos e brinquedos descartados ganham novos sentidos. Aqui, o que antes era visto como sobra ou resíduo se transforma em arte, afeto [&hellip;]</p>
