{"id":2373,"date":"2025-09-12T21:02:05","date_gmt":"2025-09-13T00:02:05","guid":{"rendered":"https:\/\/viradasustentavel.org.br\/sao-paulo\/eventos\/oficina-de-hortas-verticais-cultivando-sustentabilidade-em-pequenos-espacos\/"},"modified":"2025-09-19T12:09:21","modified_gmt":"2025-09-19T15:09:21","slug":"oficina-de-hortas-verticais-cultivando-sustentabilidade-em-pequenos-espacos","status":"publish","type":"tribe_events","link":"https:\/\/viradasustentavel.org.br\/sao-paulo\/eventos\/oficina-de-hortas-verticais-cultivando-sustentabilidade-em-pequenos-espacos\/","title":{"rendered":"Oficina de Hortas Verticais \u2013 Cultivando Sustentabilidade em Pequenos Espa\u00e7os"},"content":{"rendered":"<p>Nesta oficina pr\u00e1tica, os participantes aprender\u00e3o a construir e manter hortas verticais utilizando materiais recicl\u00e1veis e acess\u00edveis. Voltada para quem deseja cultivar temperos, ervas e hortali\u00e7as mesmo em espa\u00e7os reduzidos, a atividade promove o consumo consciente, a alimenta\u00e7\u00e3o saud\u00e1vel e o reaproveitamento de recursos. Al\u00e9m de t\u00e9cnicas de plantio e cuidados b\u00e1sicos, a oficina tamb\u00e9m estimula a reflex\u00e3o sobre sustentabilidade urbana, autonomia alimentar e reconex\u00e3o com a natureza no dia a dia.<\/p>\n<p><strong>Inscri\u00e7\u00e3o:<\/strong> <a href=\"https:\/\/forms.office.com\/Pages\/ResponsePage.aspx?id=BYI45EuVbUqheE_EO6cQAmndwE4oFRZPuyTJ79ac82lURDdCNDdCWUI2Q1QxVlY2Q1M4WVg4UEhJRi4u\">https:\/\/forms.office.com\/Pages\/ResponsePage.aspx?id=BYI45EuVbUqheE_EO6cQAmndwE4oFRZPuyTJ79ac82lURDdCNDdCWUI2Q1QxVlY2Q1M4WVg4UEhJRi4u<\/a><\/p>\n","protected":false},"excerpt":{"rendered":"<p>Nesta oficina pr\u00e1tica, os participantes aprender\u00e3o a construir e manter hortas verticais utilizando materiais recicl\u00e1veis e acess\u00edveis. Voltada para quem deseja cultivar temperos, ervas e hortali\u00e7as mesmo em espa\u00e7os reduzidos, [&hellip;]<\/p>\n","protected":false},"author":2,"featured_media":0,"template":"","meta":{"_tribe_events_status":"","_tribe_events_status_reason":"","footnotes":""},"tags":[],"tribe_events_cat":[107],"class_list":["post-2373","tribe_events","type-tribe_events","status-publish","hentry","tribe_events_cat-oficina","cat_oficina"],"_links":{"self":[{"href":"https:\/\/viradasustentavel.org.br\/sao-paulo\/wp-json\/wp\/v2\/tribe_events\/2373","targetHints":{"allow":["GET"]}}],"collection":[{"href":"https:\/\/viradasustentavel.org.br\/sao-paulo\/wp-json\/wp\/v2\/tribe_events"}],"about":[{"href":"https:\/\/viradasustentavel.org.br\/sao-paulo\/wp-json\/wp\/v2\/types\/tribe_events"}],"author":[{"embeddable":true,"href":"https:\/\/viradasustentavel.org.br\/sao-paulo\/wp-json\/wp\/v2\/users\/2"}],"version-history":[{"count":1,"href":"https:\/\/viradasustentavel.org.br\/sao-paulo\/wp-json\/wp\/v2\/tribe_events\/2373\/revisions"}],"predecessor-version":[{"id":9749,"href":"https:\/\/viradasustentavel.org.br\/sao-paulo\/wp-json\/wp\/v2\/tribe_events\/2373\/revisions\/9749"}],"wp:attachment":[{"href":"https:\/\/viradasustentavel.org.br\/sao-paulo\/wp-json\/wp\/v2\/media?parent=2373"}],"wp:term":[{"taxonomy":"post_tag","embeddable":true,"href":"https:\/\/viradasustentavel.org.br\/sao-paulo\/wp-json\/wp\/v2\/tags?post=2373"},{"taxonomy":"tribe_events_cat","embeddable":true,"href":"https:\/\/viradasustentavel.org.br\/sao-paulo\/wp-json\/wp\/v2\/tribe_events_cat?post=2373"}],"curies":[{"name":"wp","href":"https:\/\/api.w.org\/{rel}","templated":true}]}}

Oficina de Hortas Verticais – Cultivando Sustentabilidade em Pequenos Espaços

<p>Nesta oficina prática, os participantes aprenderão a construir e manter hortas verticais utilizando materiais recicláveis e acessíveis. Voltada para quem deseja cultivar temperos, ervas e hortaliças mesmo em espaços reduzidos, a atividade promove o consumo consciente, a alimentação saudável e o reaproveitamento de recursos. Além de técnicas de plantio e cuidados básicos, a oficina também estimula a reflexão sobre sustentabilidade urbana, autonomia alimentar e reconexão com a natureza no dia a dia.</p>
<p><strong>Inscrição:</strong> <a href="https://forms.office.com/Pages/ResponsePage.aspx?id=BYI45EuVbUqheE_EO6cQAmndwE4oFRZPuyTJ79ac82lURDdCNDdCWUI2Q1QxVlY2Q1M4WVg4UEhJRi4u">https://forms.office.com/Pages/ResponsePage.aspx?id=BYI45EuVbUqheE_EO6cQAmndwE4oFRZPuyTJ79ac82lURDdCNDdCWUI2Q1QxVlY2Q1M4WVg4UEhJRi4u</a></p>

<p>Nesta oficina prática, os participantes aprenderão a construir e manter hortas verticais utilizando materiais recicláveis e acessíveis. Voltada para quem deseja cultivar temperos, ervas e hortaliças mesmo em espaços reduzidos, [&hellip;]</p>
