{"id":2375,"date":"2025-09-12T21:02:19","date_gmt":"2025-09-13T00:02:19","guid":{"rendered":"https:\/\/viradasustentavel.org.br\/sao-paulo\/eventos\/documentario-nosso-palco-nosso-futuro-expressar-e-aprender-roda-de-conversa\/"},"modified":"2025-09-19T11:59:48","modified_gmt":"2025-09-19T14:59:48","slug":"documentario-nosso-palco-nosso-futuro-expressar-e-aprender-roda-de-conversa","status":"publish","type":"tribe_events","link":"https:\/\/viradasustentavel.org.br\/sao-paulo\/eventos\/documentario-nosso-palco-nosso-futuro-expressar-e-aprender-roda-de-conversa\/","title":{"rendered":"Document\u00e1rio Nosso palco, nosso futuro: expressar \u00e9 aprender + Roda de Conversa"},"content":{"rendered":"<p>Apresenta\u00e7\u00e3o do document\u00e1rio e Roda de Conversa com os estudantes que participaram do projeto.<\/p>\n<p>O document\u00e1rio Nosso Palco, Nosso Futuro: Expressar \u00e9 Aprender acompanha a jornada transformadora de estudantes do Senac Jabaquara que uniram arte, sustentabilidade e protagonismo juvenil em um projeto interdisciplinar com impacto social real. Unindo as turmas dos cursos t\u00e9cnicos de Meio Ambiente e de Assistente de Marketing, a iniciativa mostra como diferentes \u00e1reas do conhecimento podem dialogar para construir um futuro mais justo, emp\u00e1tico e consciente.<\/p>\n<p>Ao longo do processo, os alunos de Meio Ambiente criaram, com materiais recicl\u00e1veis e reutiliz\u00e1veis, pe\u00e7as art\u00edsticas que tinham potencial de compor o cen\u00e1rio do camarim dos artistas de um grande festival de m\u00fasica, expressando ideias de cultura de paz, diversidade e responsabilidade ambiental. Paralelamente, os estudantes de Assistente de Marketing registraram todo o processo audiovisualmente, al\u00e9m de desenvolverem materiais de divulga\u00e7\u00e3o para promover a a\u00e7\u00e3o.<\/p>\n<p>O document\u00e1rio \u00e9 resultado dessa viv\u00eancia compartilhada e sens\u00edvel, que vai al\u00e9m da t\u00e9cnica para valorizar o trabalho coletivo, a escuta ativa e a conex\u00e3o com a comunidade \u2014 especialmente com a Vila Reencontro Jabaquara, parceira fundamental do projeto.<\/p>\n<p>A exibi\u00e7\u00e3o do filme \u00e9 acompanhada por uma Roda de Conversa com os estudantes protagonistas da a\u00e7\u00e3o, ampliando o espa\u00e7o de di\u00e1logo sobre juventude, arte, sustentabilidade e participa\u00e7\u00e3o cidad\u00e3. Nosso Palco, Nosso Futuro \u00e9 uma prova viva de que, quando os jovens t\u00eam voz e espa\u00e7o para criar, a educa\u00e7\u00e3o se transforma em um palco de possibilidades e aprendizado.<\/p>\n<p><strong>Inscri\u00e7\u00f5es:<\/strong> <a href=\"https:\/\/forms.office.com\/Pages\/ResponsePage.aspx?id=BYI45EuVbUqheE_EO6cQAmndwE4oFRZPuyTJ79ac82lURDdCNDdCWUI2Q1QxVlY2Q1M4WVg4UEhJRi4u\">https:\/\/forms.office.com\/Pages\/ResponsePage.aspx?id=BYI45EuVbUqheE_EO6cQAmndwE4oFRZPuyTJ79ac82lURDdCNDdCWUI2Q1QxVlY2Q1M4WVg4UEhJRi4u<\/a><\/p>\n","protected":false},"excerpt":{"rendered":"<p>Apresenta\u00e7\u00e3o do document\u00e1rio e Roda de Conversa com os estudantes que participaram do projeto. O document\u00e1rio Nosso Palco, Nosso Futuro: Expressar \u00e9 Aprender acompanha a jornada transformadora de estudantes do [&hellip;]<\/p>\n","protected":false},"author":2,"featured_media":0,"template":"","meta":{"_tribe_events_status":"","_tribe_events_status_reason":"","footnotes":""},"tags":[],"tribe_events_cat":[17],"class_list":["post-2375","tribe_events","type-tribe_events","status-publish","hentry","tribe_events_cat-audiovisual","cat_audiovisual"],"_links":{"self":[{"href":"https:\/\/viradasustentavel.org.br\/sao-paulo\/wp-json\/wp\/v2\/tribe_events\/2375","targetHints":{"allow":["GET"]}}],"collection":[{"href":"https:\/\/viradasustentavel.org.br\/sao-paulo\/wp-json\/wp\/v2\/tribe_events"}],"about":[{"href":"https:\/\/viradasustentavel.org.br\/sao-paulo\/wp-json\/wp\/v2\/types\/tribe_events"}],"author":[{"embeddable":true,"href":"https:\/\/viradasustentavel.org.br\/sao-paulo\/wp-json\/wp\/v2\/users\/2"}],"version-history":[{"count":3,"href":"https:\/\/viradasustentavel.org.br\/sao-paulo\/wp-json\/wp\/v2\/tribe_events\/2375\/revisions"}],"predecessor-version":[{"id":9544,"href":"https:\/\/viradasustentavel.org.br\/sao-paulo\/wp-json\/wp\/v2\/tribe_events\/2375\/revisions\/9544"}],"wp:attachment":[{"href":"https:\/\/viradasustentavel.org.br\/sao-paulo\/wp-json\/wp\/v2\/media?parent=2375"}],"wp:term":[{"taxonomy":"post_tag","embeddable":true,"href":"https:\/\/viradasustentavel.org.br\/sao-paulo\/wp-json\/wp\/v2\/tags?post=2375"},{"taxonomy":"tribe_events_cat","embeddable":true,"href":"https:\/\/viradasustentavel.org.br\/sao-paulo\/wp-json\/wp\/v2\/tribe_events_cat?post=2375"}],"curies":[{"name":"wp","href":"https:\/\/api.w.org\/{rel}","templated":true}]}}

Documentário Nosso palco, nosso futuro: expressar é aprender + Roda de Conversa

<p>Apresentação do documentário e Roda de Conversa com os estudantes que participaram do projeto.</p>
<p>O documentário Nosso Palco, Nosso Futuro: Expressar é Aprender acompanha a jornada transformadora de estudantes do Senac Jabaquara que uniram arte, sustentabilidade e protagonismo juvenil em um projeto interdisciplinar com impacto social real. Unindo as turmas dos cursos técnicos de Meio Ambiente e de Assistente de Marketing, a iniciativa mostra como diferentes áreas do conhecimento podem dialogar para construir um futuro mais justo, empático e consciente.</p>
<p>Ao longo do processo, os alunos de Meio Ambiente criaram, com materiais recicláveis e reutilizáveis, peças artísticas que tinham potencial de compor o cenário do camarim dos artistas de um grande festival de música, expressando ideias de cultura de paz, diversidade e responsabilidade ambiental. Paralelamente, os estudantes de Assistente de Marketing registraram todo o processo audiovisualmente, além de desenvolverem materiais de divulgação para promover a ação.</p>
<p>O documentário é resultado dessa vivência compartilhada e sensível, que vai além da técnica para valorizar o trabalho coletivo, a escuta ativa e a conexão com a comunidade — especialmente com a Vila Reencontro Jabaquara, parceira fundamental do projeto.</p>
<p>A exibição do filme é acompanhada por uma Roda de Conversa com os estudantes protagonistas da ação, ampliando o espaço de diálogo sobre juventude, arte, sustentabilidade e participação cidadã. Nosso Palco, Nosso Futuro é uma prova viva de que, quando os jovens têm voz e espaço para criar, a educação se transforma em um palco de possibilidades e aprendizado.</p>
<p><strong>Inscrições:</strong> <a href="https://forms.office.com/Pages/ResponsePage.aspx?id=BYI45EuVbUqheE_EO6cQAmndwE4oFRZPuyTJ79ac82lURDdCNDdCWUI2Q1QxVlY2Q1M4WVg4UEhJRi4u">https://forms.office.com/Pages/ResponsePage.aspx?id=BYI45EuVbUqheE_EO6cQAmndwE4oFRZPuyTJ79ac82lURDdCNDdCWUI2Q1QxVlY2Q1M4WVg4UEhJRi4u</a></p>

<p>Apresentação do documentário e Roda de Conversa com os estudantes que participaram do projeto. O documentário Nosso Palco, Nosso Futuro: Expressar é Aprender acompanha a jornada transformadora de estudantes do [&hellip;]</p>
