{"id":2376,"date":"2025-09-12T21:02:20","date_gmt":"2025-09-13T00:02:20","guid":{"rendered":"https:\/\/viradasustentavel.org.br\/sao-paulo\/eventos\/oficina-de-compostagem-e-minhocario\/"},"modified":"2025-09-19T11:58:42","modified_gmt":"2025-09-19T14:58:42","slug":"oficina-de-compostagem-e-minhocario","status":"publish","type":"tribe_events","link":"https:\/\/viradasustentavel.org.br\/sao-paulo\/eventos\/oficina-de-compostagem-e-minhocario\/","title":{"rendered":"Oficina de Compostagem e minhoc\u00e1rio"},"content":{"rendered":"<p>Nesta oficina pr\u00e1tica e educativa, os participantes aprender\u00e3o como reaproveitar res\u00edduos org\u00e2nicos do dia a dia para produzir adubo natural por meio da compostagem e da cria\u00e7\u00e3o de um minhoc\u00e1rio dom\u00e9stico.<br \/>\nCom t\u00e9cnicas simples e acess\u00edveis, vamos mostrar como restos de alimentos podem deixar de ser lixo para se tornarem um recurso valioso para hortas, jardins e plantas. Al\u00e9m de reduzir a quantidade de res\u00edduos enviados aos aterros, a compostagem promove um ciclo sustent\u00e1vel, econ\u00f4mico e cheio de vida.<br \/>\nUma oportunidade de se reconectar com a terra, aprender na pr\u00e1tica e fazer a diferen\u00e7a a partir de casa!<\/p>\n<p><strong>Inscri\u00e7\u00e3o:<\/strong> <a href=\"https:\/\/forms.office.com\/Pages\/ResponsePage.aspx?id=BYI45EuVbUqheE_EO6cQAmndwE4oFRZPuyTJ79ac82lURDdCNDdCWUI2Q1QxVlY2Q1M4WVg4UEhJRi4u\">https:\/\/forms.office.com\/Pages\/ResponsePage.aspx?id=BYI45EuVbUqheE_EO6cQAmndwE4oFRZPuyTJ79ac82lURDdCNDdCWUI2Q1QxVlY2Q1M4WVg4UEhJRi4u<\/a><\/p>\n","protected":false},"excerpt":{"rendered":"<p>Nesta oficina pr\u00e1tica e educativa, os participantes aprender\u00e3o como reaproveitar res\u00edduos org\u00e2nicos do dia a dia para produzir adubo natural por meio da compostagem e da cria\u00e7\u00e3o de um minhoc\u00e1rio [&hellip;]<\/p>\n","protected":false},"author":2,"featured_media":0,"template":"","meta":{"_tribe_events_status":"","_tribe_events_status_reason":"","footnotes":""},"tags":[],"tribe_events_cat":[107],"class_list":["post-2376","tribe_events","type-tribe_events","status-publish","hentry","tribe_events_cat-oficina","cat_oficina"],"_links":{"self":[{"href":"https:\/\/viradasustentavel.org.br\/sao-paulo\/wp-json\/wp\/v2\/tribe_events\/2376","targetHints":{"allow":["GET"]}}],"collection":[{"href":"https:\/\/viradasustentavel.org.br\/sao-paulo\/wp-json\/wp\/v2\/tribe_events"}],"about":[{"href":"https:\/\/viradasustentavel.org.br\/sao-paulo\/wp-json\/wp\/v2\/types\/tribe_events"}],"author":[{"embeddable":true,"href":"https:\/\/viradasustentavel.org.br\/sao-paulo\/wp-json\/wp\/v2\/users\/2"}],"version-history":[{"count":1,"href":"https:\/\/viradasustentavel.org.br\/sao-paulo\/wp-json\/wp\/v2\/tribe_events\/2376\/revisions"}],"predecessor-version":[{"id":9743,"href":"https:\/\/viradasustentavel.org.br\/sao-paulo\/wp-json\/wp\/v2\/tribe_events\/2376\/revisions\/9743"}],"wp:attachment":[{"href":"https:\/\/viradasustentavel.org.br\/sao-paulo\/wp-json\/wp\/v2\/media?parent=2376"}],"wp:term":[{"taxonomy":"post_tag","embeddable":true,"href":"https:\/\/viradasustentavel.org.br\/sao-paulo\/wp-json\/wp\/v2\/tags?post=2376"},{"taxonomy":"tribe_events_cat","embeddable":true,"href":"https:\/\/viradasustentavel.org.br\/sao-paulo\/wp-json\/wp\/v2\/tribe_events_cat?post=2376"}],"curies":[{"name":"wp","href":"https:\/\/api.w.org\/{rel}","templated":true}]}}

Oficina de Compostagem e minhocário

<p>Nesta oficina prática e educativa, os participantes aprenderão como reaproveitar resíduos orgânicos do dia a dia para produzir adubo natural por meio da compostagem e da criação de um minhocário doméstico.<br />
Com técnicas simples e acessíveis, vamos mostrar como restos de alimentos podem deixar de ser lixo para se tornarem um recurso valioso para hortas, jardins e plantas. Além de reduzir a quantidade de resíduos enviados aos aterros, a compostagem promove um ciclo sustentável, econômico e cheio de vida.<br />
Uma oportunidade de se reconectar com a terra, aprender na prática e fazer a diferença a partir de casa!</p>
<p><strong>Inscrição:</strong> <a href="https://forms.office.com/Pages/ResponsePage.aspx?id=BYI45EuVbUqheE_EO6cQAmndwE4oFRZPuyTJ79ac82lURDdCNDdCWUI2Q1QxVlY2Q1M4WVg4UEhJRi4u">https://forms.office.com/Pages/ResponsePage.aspx?id=BYI45EuVbUqheE_EO6cQAmndwE4oFRZPuyTJ79ac82lURDdCNDdCWUI2Q1QxVlY2Q1M4WVg4UEhJRi4u</a></p>

<p>Nesta oficina prática e educativa, os participantes aprenderão como reaproveitar resíduos orgânicos do dia a dia para produzir adubo natural por meio da compostagem e da criação de um minhocário [&hellip;]</p>
