{"id":2379,"date":"2025-09-12T21:02:34","date_gmt":"2025-09-13T00:02:34","guid":{"rendered":"https:\/\/viradasustentavel.org.br\/sao-paulo\/eventos\/bloco-fluvial-do-peixe-seco\/"},"modified":"2025-09-12T21:02:34","modified_gmt":"2025-09-13T00:02:34","slug":"bloco-fluvial-do-peixe-seco","status":"publish","type":"tribe_events","link":"https:\/\/viradasustentavel.org.br\/sao-paulo\/eventos\/bloco-fluvial-do-peixe-seco\/","title":{"rendered":"Bloco Fluvial do Peixe Seco"},"content":{"rendered":"<p>Feito com garrafas PET, o terr\u00e1rio une sustentabilidade e praticidade com o regador autom\u00e1tico que torna o cuidado simples, sem depender da interven\u00e7\u00e3o di\u00e1ria do usu\u00e1rio, colorindo sua casa com o verde da natureza.<\/p>\n","protected":false},"excerpt":{"rendered":"<p>Feito com garrafas PET, o terr\u00e1rio une sustentabilidade e praticidade com o regador autom\u00e1tico que torna o cuidado simples, sem depender da interven\u00e7\u00e3o di\u00e1ria do usu\u00e1rio, colorindo sua casa com [&hellip;]<\/p>\n","protected":false},"author":2,"featured_media":0,"template":"","meta":{"_tribe_events_status":"","_tribe_events_status_reason":"","footnotes":""},"tags":[],"tribe_events_cat":[107],"class_list":["post-2379","tribe_events","type-tribe_events","status-publish","hentry","tribe_events_cat-oficina","cat_oficina"],"_links":{"self":[{"href":"https:\/\/viradasustentavel.org.br\/sao-paulo\/wp-json\/wp\/v2\/tribe_events\/2379","targetHints":{"allow":["GET"]}}],"collection":[{"href":"https:\/\/viradasustentavel.org.br\/sao-paulo\/wp-json\/wp\/v2\/tribe_events"}],"about":[{"href":"https:\/\/viradasustentavel.org.br\/sao-paulo\/wp-json\/wp\/v2\/types\/tribe_events"}],"author":[{"embeddable":true,"href":"https:\/\/viradasustentavel.org.br\/sao-paulo\/wp-json\/wp\/v2\/users\/2"}],"version-history":[{"count":0,"href":"https:\/\/viradasustentavel.org.br\/sao-paulo\/wp-json\/wp\/v2\/tribe_events\/2379\/revisions"}],"wp:attachment":[{"href":"https:\/\/viradasustentavel.org.br\/sao-paulo\/wp-json\/wp\/v2\/media?parent=2379"}],"wp:term":[{"taxonomy":"post_tag","embeddable":true,"href":"https:\/\/viradasustentavel.org.br\/sao-paulo\/wp-json\/wp\/v2\/tags?post=2379"},{"taxonomy":"tribe_events_cat","embeddable":true,"href":"https:\/\/viradasustentavel.org.br\/sao-paulo\/wp-json\/wp\/v2\/tribe_events_cat?post=2379"}],"curies":[{"name":"wp","href":"https:\/\/api.w.org\/{rel}","templated":true}]}}

<p>Feito com garrafas PET, o terrário une sustentabilidade e praticidade com o regador automático que torna o cuidado simples, sem depender da intervenção diária do usuário, colorindo sua casa com o verde da natureza.</p>

<p>Feito com garrafas PET, o terrário une sustentabilidade e praticidade com o regador automático que torna o cuidado simples, sem depender da intervenção diária do usuário, colorindo sua casa com [&hellip;]</p>
