{"id":2382,"date":"2025-09-12T21:02:35","date_gmt":"2025-09-13T00:02:35","guid":{"rendered":"https:\/\/viradasustentavel.org.br\/sao-paulo\/eventos\/oficina-de-biojoias\/"},"modified":"2025-09-19T11:46:44","modified_gmt":"2025-09-19T14:46:44","slug":"oficina-de-biojoias","status":"publish","type":"tribe_events","link":"https:\/\/viradasustentavel.org.br\/sao-paulo\/eventos\/oficina-de-biojoias\/","title":{"rendered":"Oficina de Bioj\u00f3ias"},"content":{"rendered":"<p>A oficina de bioj\u00f3ias tem como proposta unir arte e natureza e por meio da cria\u00e7\u00e3o de acess\u00f3rios sustent\u00e1veis inspirados na biodiversidade brasileira. Utilizando materiais naturais, como sementes, fibras e vegetais, os participantes ser\u00e3o convidados a explorar t\u00e9cnicas artesanais e desenvolver pe\u00e7as \u00fanicas que valorizem os recursos do nosso bioma de forma \u00e9tica e respons\u00e1vel.<br \/>\nDurante a atividade, discutiremos conceitos ligados \u00e0 conserva\u00e7\u00e3o da biodiversidade, ao uso sustent\u00e1vel de recursos naturais e economia solid\u00e1ria, refletindo sobre como o design de bioj\u00f3ias pode ser uma ferramenta de educa\u00e7\u00e3o ambiental, gera\u00e7\u00e3o de renda e valoriza\u00e7\u00e3o de saberes tradicionais.<\/p>\n<p><strong>Link para inscri\u00e7\u00e3o:<\/strong> <a href=\"https:\/\/forms.office.com\/Pages\/ResponsePage.aspx?id=BYI45EuVbUqheE_EO6cQAmndwE4oFRZPuyTJ79ac82lURDdCNDdCWUI2Q1QxVlY2Q1M4WVg4UEhJRi4u\">https:\/\/forms.office.com\/Pages\/ResponsePage.aspx?id=BYI45EuVbUqheE_EO6cQAmndwE4oFRZPuyTJ79ac82lURDdCNDdCWUI2Q1QxVlY2Q1M4WVg4UEhJRi4u<\/a><\/p>\n","protected":false},"excerpt":{"rendered":"<p>A oficina de bioj\u00f3ias tem como proposta unir arte e natureza e por meio da cria\u00e7\u00e3o de acess\u00f3rios sustent\u00e1veis inspirados na biodiversidade brasileira. Utilizando materiais naturais, como sementes, fibras e [&hellip;]<\/p>\n","protected":false},"author":2,"featured_media":0,"template":"","meta":{"_tribe_events_status":"","_tribe_events_status_reason":"","footnotes":""},"tags":[],"tribe_events_cat":[107],"class_list":["post-2382","tribe_events","type-tribe_events","status-publish","hentry","tribe_events_cat-oficina","cat_oficina"],"_links":{"self":[{"href":"https:\/\/viradasustentavel.org.br\/sao-paulo\/wp-json\/wp\/v2\/tribe_events\/2382","targetHints":{"allow":["GET"]}}],"collection":[{"href":"https:\/\/viradasustentavel.org.br\/sao-paulo\/wp-json\/wp\/v2\/tribe_events"}],"about":[{"href":"https:\/\/viradasustentavel.org.br\/sao-paulo\/wp-json\/wp\/v2\/types\/tribe_events"}],"author":[{"embeddable":true,"href":"https:\/\/viradasustentavel.org.br\/sao-paulo\/wp-json\/wp\/v2\/users\/2"}],"version-history":[{"count":3,"href":"https:\/\/viradasustentavel.org.br\/sao-paulo\/wp-json\/wp\/v2\/tribe_events\/2382\/revisions"}],"predecessor-version":[{"id":9542,"href":"https:\/\/viradasustentavel.org.br\/sao-paulo\/wp-json\/wp\/v2\/tribe_events\/2382\/revisions\/9542"}],"wp:attachment":[{"href":"https:\/\/viradasustentavel.org.br\/sao-paulo\/wp-json\/wp\/v2\/media?parent=2382"}],"wp:term":[{"taxonomy":"post_tag","embeddable":true,"href":"https:\/\/viradasustentavel.org.br\/sao-paulo\/wp-json\/wp\/v2\/tags?post=2382"},{"taxonomy":"tribe_events_cat","embeddable":true,"href":"https:\/\/viradasustentavel.org.br\/sao-paulo\/wp-json\/wp\/v2\/tribe_events_cat?post=2382"}],"curies":[{"name":"wp","href":"https:\/\/api.w.org\/{rel}","templated":true}]}}

Oficina de Biojóias

<p>A oficina de biojóias tem como proposta unir arte e natureza e por meio da criação de acessórios sustentáveis inspirados na biodiversidade brasileira. Utilizando materiais naturais, como sementes, fibras e vegetais, os participantes serão convidados a explorar técnicas artesanais e desenvolver peças únicas que valorizem os recursos do nosso bioma de forma ética e responsável.<br />
Durante a atividade, discutiremos conceitos ligados à conservação da biodiversidade, ao uso sustentável de recursos naturais e economia solidária, refletindo sobre como o design de biojóias pode ser uma ferramenta de educação ambiental, geração de renda e valorização de saberes tradicionais.</p>
<p><strong>Link para inscrição:</strong> <a href="https://forms.office.com/Pages/ResponsePage.aspx?id=BYI45EuVbUqheE_EO6cQAmndwE4oFRZPuyTJ79ac82lURDdCNDdCWUI2Q1QxVlY2Q1M4WVg4UEhJRi4u">https://forms.office.com/Pages/ResponsePage.aspx?id=BYI45EuVbUqheE_EO6cQAmndwE4oFRZPuyTJ79ac82lURDdCNDdCWUI2Q1QxVlY2Q1M4WVg4UEhJRi4u</a></p>

<p>A oficina de biojóias tem como proposta unir arte e natureza e por meio da criação de acessórios sustentáveis inspirados na biodiversidade brasileira. Utilizando materiais naturais, como sementes, fibras e [&hellip;]</p>
