{"id":2383,"date":"2025-09-12T21:02:35","date_gmt":"2025-09-13T00:02:35","guid":{"rendered":"https:\/\/viradasustentavel.org.br\/sao-paulo\/eventos\/desfile-de-moda-sustentavel\/"},"modified":"2025-09-19T11:45:14","modified_gmt":"2025-09-19T14:45:14","slug":"desfile-de-moda-sustentavel","status":"publish","type":"tribe_events","link":"https:\/\/viradasustentavel.org.br\/sao-paulo\/eventos\/desfile-de-moda-sustentavel\/","title":{"rendered":"Desfile de Moda Sustent\u00e1vel"},"content":{"rendered":"<p>Um desfile que prova que estilo e sustentabilidade podem \u2014 e devem \u2014 andar lado a lado. As pe\u00e7as apresentadas foram confeccionadas a partir do reaproveitamento de res\u00edduos t\u00eaxteis, transformando sobras de tecidos em cria\u00e7\u00f5es \u00fanicas, inovadoras e cheias de significado.<br \/>\nMais do que moda, este evento \u00e9 um manifesto: pela redu\u00e7\u00e3o de desperd\u00edcios, pelo consumo consciente e pela valoriza\u00e7\u00e3o do trabalho manual e criativo. Cada look conta uma hist\u00f3ria de reinven\u00e7\u00e3o, beleza e responsabilidade com o planeta.<\/p>\n<p><strong>Inscri\u00e7\u00e3o:<\/strong> <a href=\"https:\/\/forms.office.com\/Pages\/ResponsePage.aspx?id=BYI45EuVbUqheE_EO6cQAmndwE4oFRZPuyTJ79ac82lURDdCNDdCWUI2Q1QxVlY2Q1M4WVg4UEhJRi4u\">https:\/\/forms.office.com\/Pages\/ResponsePage.aspx?id=BYI45EuVbUqheE_EO6cQAmndwE4oFRZPuyTJ79ac82lURDdCNDdCWUI2Q1QxVlY2Q1M4WVg4UEhJRi4u<\/a><\/p>\n","protected":false},"excerpt":{"rendered":"<p>Um desfile que prova que estilo e sustentabilidade podem \u2014 e devem \u2014 andar lado a lado. As pe\u00e7as apresentadas foram confeccionadas a partir do reaproveitamento de res\u00edduos t\u00eaxteis, transformando [&hellip;]<\/p>\n","protected":false},"author":2,"featured_media":0,"template":"","meta":{"_tribe_events_status":"","_tribe_events_status_reason":"","footnotes":""},"tags":[],"tribe_events_cat":[130],"class_list":["post-2383","tribe_events","type-tribe_events","status-publish","hentry","tribe_events_cat-outros","cat_outros"],"_links":{"self":[{"href":"https:\/\/viradasustentavel.org.br\/sao-paulo\/wp-json\/wp\/v2\/tribe_events\/2383","targetHints":{"allow":["GET"]}}],"collection":[{"href":"https:\/\/viradasustentavel.org.br\/sao-paulo\/wp-json\/wp\/v2\/tribe_events"}],"about":[{"href":"https:\/\/viradasustentavel.org.br\/sao-paulo\/wp-json\/wp\/v2\/types\/tribe_events"}],"author":[{"embeddable":true,"href":"https:\/\/viradasustentavel.org.br\/sao-paulo\/wp-json\/wp\/v2\/users\/2"}],"version-history":[{"count":2,"href":"https:\/\/viradasustentavel.org.br\/sao-paulo\/wp-json\/wp\/v2\/tribe_events\/2383\/revisions"}],"predecessor-version":[{"id":9735,"href":"https:\/\/viradasustentavel.org.br\/sao-paulo\/wp-json\/wp\/v2\/tribe_events\/2383\/revisions\/9735"}],"wp:attachment":[{"href":"https:\/\/viradasustentavel.org.br\/sao-paulo\/wp-json\/wp\/v2\/media?parent=2383"}],"wp:term":[{"taxonomy":"post_tag","embeddable":true,"href":"https:\/\/viradasustentavel.org.br\/sao-paulo\/wp-json\/wp\/v2\/tags?post=2383"},{"taxonomy":"tribe_events_cat","embeddable":true,"href":"https:\/\/viradasustentavel.org.br\/sao-paulo\/wp-json\/wp\/v2\/tribe_events_cat?post=2383"}],"curies":[{"name":"wp","href":"https:\/\/api.w.org\/{rel}","templated":true}]}}

Desfile de Moda Sustentável

<p>Um desfile que prova que estilo e sustentabilidade podem — e devem — andar lado a lado. As peças apresentadas foram confeccionadas a partir do reaproveitamento de resíduos têxteis, transformando sobras de tecidos em criações únicas, inovadoras e cheias de significado.<br />
Mais do que moda, este evento é um manifesto: pela redução de desperdícios, pelo consumo consciente e pela valorização do trabalho manual e criativo. Cada look conta uma história de reinvenção, beleza e responsabilidade com o planeta.</p>
<p><strong>Inscrição:</strong> <a href="https://forms.office.com/Pages/ResponsePage.aspx?id=BYI45EuVbUqheE_EO6cQAmndwE4oFRZPuyTJ79ac82lURDdCNDdCWUI2Q1QxVlY2Q1M4WVg4UEhJRi4u">https://forms.office.com/Pages/ResponsePage.aspx?id=BYI45EuVbUqheE_EO6cQAmndwE4oFRZPuyTJ79ac82lURDdCNDdCWUI2Q1QxVlY2Q1M4WVg4UEhJRi4u</a></p>

<p>Um desfile que prova que estilo e sustentabilidade podem — e devem — andar lado a lado. As peças apresentadas foram confeccionadas a partir do reaproveitamento de resíduos têxteis, transformando [&hellip;]</p>
