{"id":2455,"date":"2025-09-12T21:06:50","date_gmt":"2025-09-13T00:06:50","guid":{"rendered":"https:\/\/viradasustentavel.org.br\/sao-paulo\/eventos\/remada-no-tiete\/"},"modified":"2025-09-19T09:03:56","modified_gmt":"2025-09-19T12:03:56","slug":"remada-no-tiete","status":"publish","type":"tribe_events","link":"https:\/\/viradasustentavel.org.br\/sao-paulo\/eventos\/remada-no-tiete\/","title":{"rendered":"Remada no Tiet\u00ea"},"content":{"rendered":"<p>Para celebrar o dia do Tiet\u00ea (22\/09) simularemos uma regata, lembrando das competi\u00e7\u00f5es que ocorriam no rio.<\/p>\n<p>Inscri\u00e7\u00f5es: <a href=\"https:\/\/forms.office.com\/Pages\/ResponsePage.aspx?id=-hqi7NN2QkSsvVSl5e42YU-m3PLA9qdFlQAVW7w8TNpUQk9QRzdZUUhXRDZYRkVMVzY1R0taM0c1RS4u&amp;origin=QRCode\">https:\/\/forms.office.com\/Pages\/ResponsePage.aspx?id=-hqi7NN2QkSsvVSl5e42YU-m3PLA9qdFlQAVW7w8TNpUQk9QRzdZUUhXRDZYRkVMVzY1R0taM0c1RS4u&amp;origin=QRCode<\/a><\/p>\n","protected":false},"excerpt":{"rendered":"<p>Para celebrar o dia do Tiet\u00ea (22\/09) simularemos uma regata, lembrando das competi\u00e7\u00f5es que ocorriam no rio. Inscri\u00e7\u00f5es: https:\/\/forms.office.com\/Pages\/ResponsePage.aspx?id=-hqi7NN2QkSsvVSl5e42YU-m3PLA9qdFlQAVW7w8TNpUQk9QRzdZUUhXRDZYRkVMVzY1R0taM0c1RS4u&amp;origin=QRCode<\/p>\n","protected":false},"author":2,"featured_media":9530,"template":"","meta":{"_tribe_events_status":"","_tribe_events_status_reason":"","footnotes":""},"tags":[47],"tribe_events_cat":[130],"class_list":["post-2455","tribe_events","type-tribe_events","status-publish","has-post-thumbnail","hentry","tag-adulto","tribe_events_cat-outros","cat_outros"],"_links":{"self":[{"href":"https:\/\/viradasustentavel.org.br\/sao-paulo\/wp-json\/wp\/v2\/tribe_events\/2455","targetHints":{"allow":["GET"]}}],"collection":[{"href":"https:\/\/viradasustentavel.org.br\/sao-paulo\/wp-json\/wp\/v2\/tribe_events"}],"about":[{"href":"https:\/\/viradasustentavel.org.br\/sao-paulo\/wp-json\/wp\/v2\/types\/tribe_events"}],"author":[{"embeddable":true,"href":"https:\/\/viradasustentavel.org.br\/sao-paulo\/wp-json\/wp\/v2\/users\/2"}],"version-history":[{"count":2,"href":"https:\/\/viradasustentavel.org.br\/sao-paulo\/wp-json\/wp\/v2\/tribe_events\/2455\/revisions"}],"predecessor-version":[{"id":8297,"href":"https:\/\/viradasustentavel.org.br\/sao-paulo\/wp-json\/wp\/v2\/tribe_events\/2455\/revisions\/8297"}],"wp:featuredmedia":[{"embeddable":true,"href":"https:\/\/viradasustentavel.org.br\/sao-paulo\/wp-json\/wp\/v2\/media\/9530"}],"wp:attachment":[{"href":"https:\/\/viradasustentavel.org.br\/sao-paulo\/wp-json\/wp\/v2\/media?parent=2455"}],"wp:term":[{"taxonomy":"post_tag","embeddable":true,"href":"https:\/\/viradasustentavel.org.br\/sao-paulo\/wp-json\/wp\/v2\/tags?post=2455"},{"taxonomy":"tribe_events_cat","embeddable":true,"href":"https:\/\/viradasustentavel.org.br\/sao-paulo\/wp-json\/wp\/v2\/tribe_events_cat?post=2455"}],"curies":[{"name":"wp","href":"https:\/\/api.w.org\/{rel}","templated":true}]}}

Remada no Tietê

<p>Para celebrar o dia do Tietê (22/09) simularemos uma regata, lembrando das competições que ocorriam no rio.</p>
<p>Inscrições: <a href="https://forms.office.com/Pages/ResponsePage.aspx?id=-hqi7NN2QkSsvVSl5e42YU-m3PLA9qdFlQAVW7w8TNpUQk9QRzdZUUhXRDZYRkVMVzY1R0taM0c1RS4u&amp;origin=QRCode">https://forms.office.com/Pages/ResponsePage.aspx?id=-hqi7NN2QkSsvVSl5e42YU-m3PLA9qdFlQAVW7w8TNpUQk9QRzdZUUhXRDZYRkVMVzY1R0taM0c1RS4u&amp;origin=QRCode</a></p>

<p>Para celebrar o dia do Tietê (22/09) simularemos uma regata, lembrando das competições que ocorriam no rio. Inscrições: https://forms.office.com/Pages/ResponsePage.aspx?id=-hqi7NN2QkSsvVSl5e42YU-m3PLA9qdFlQAVW7w8TNpUQk9QRzdZUUhXRDZYRkVMVzY1R0taM0c1RS4u&amp;origin=QRCode</p>
