{"id":2472,"date":"2025-09-12T21:07:38","date_gmt":"2025-09-13T00:07:38","guid":{"rendered":"https:\/\/viradasustentavel.org.br\/sao-paulo\/eventos\/rockphonic\/"},"modified":"2025-09-12T21:07:38","modified_gmt":"2025-09-13T00:07:38","slug":"rockphonic","status":"publish","type":"tribe_events","link":"https:\/\/viradasustentavel.org.br\/sao-paulo\/eventos\/rockphonic\/","title":{"rendered":"Rockphonic"},"content":{"rendered":"<p>No palco, Rockphonic \u00e9 um turbilh\u00e3o de solos, duetos e trios vocais que ao lado de arranjos orquestrais, celebram a ess\u00eancia do rock e a projetam para o agora.<\/p>\n","protected":false},"excerpt":{"rendered":"<p>No palco, Rockphonic \u00e9 um turbilh\u00e3o de solos, duetos e trios vocais que ao lado de arranjos orquestrais, celebram a ess\u00eancia do rock e a projetam para o agora.<\/p>\n","protected":false},"author":2,"featured_media":0,"template":"","meta":{"_tribe_events_status":"","_tribe_events_status_reason":"","footnotes":""},"tags":[],"tribe_events_cat":[16],"class_list":["post-2472","tribe_events","type-tribe_events","status-publish","hentry","tribe_events_cat-musica","cat_musica"],"_links":{"self":[{"href":"https:\/\/viradasustentavel.org.br\/sao-paulo\/wp-json\/wp\/v2\/tribe_events\/2472","targetHints":{"allow":["GET"]}}],"collection":[{"href":"https:\/\/viradasustentavel.org.br\/sao-paulo\/wp-json\/wp\/v2\/tribe_events"}],"about":[{"href":"https:\/\/viradasustentavel.org.br\/sao-paulo\/wp-json\/wp\/v2\/types\/tribe_events"}],"author":[{"embeddable":true,"href":"https:\/\/viradasustentavel.org.br\/sao-paulo\/wp-json\/wp\/v2\/users\/2"}],"version-history":[{"count":0,"href":"https:\/\/viradasustentavel.org.br\/sao-paulo\/wp-json\/wp\/v2\/tribe_events\/2472\/revisions"}],"wp:attachment":[{"href":"https:\/\/viradasustentavel.org.br\/sao-paulo\/wp-json\/wp\/v2\/media?parent=2472"}],"wp:term":[{"taxonomy":"post_tag","embeddable":true,"href":"https:\/\/viradasustentavel.org.br\/sao-paulo\/wp-json\/wp\/v2\/tags?post=2472"},{"taxonomy":"tribe_events_cat","embeddable":true,"href":"https:\/\/viradasustentavel.org.br\/sao-paulo\/wp-json\/wp\/v2\/tribe_events_cat?post=2472"}],"curies":[{"name":"wp","href":"https:\/\/api.w.org\/{rel}","templated":true}]}}

<p>No palco, Rockphonic é um turbilhão de solos, duetos e trios vocais que ao lado de arranjos orquestrais, celebram a essência do rock e a projetam para o agora.</p>
