{"id":2474,"date":"2025-09-12T21:07:51","date_gmt":"2025-09-13T00:07:51","guid":{"rendered":"https:\/\/viradasustentavel.org.br\/sao-paulo\/eventos\/sons-na-colina-dilemba-banda\/"},"modified":"2025-09-13T10:04:18","modified_gmt":"2025-09-13T13:04:18","slug":"sons-na-colina-dilemba-banda","status":"publish","type":"tribe_events","link":"https:\/\/viradasustentavel.org.br\/sao-paulo\/eventos\/sons-na-colina-dilemba-banda\/","title":{"rendered":"Sons na Colina \u2013 Dilemba &amp; Banda"},"content":{"rendered":"<p>\u00c9 um espet\u00e1culo musical sens\u00edvel e afirmativo, unindo m\u00fasica autoral, releituras da MPB e poesia com forte identidade afro-brasileira. Dirigido artisticamente por Dilemba, cantor, compositor e professor de hist\u00f3ria, com a banda Aweto, o show valoriza as matrizes africanas na m\u00fasica brasileira, abordando temas de identidade, ancestralidade, amor, liberdade e resist\u00eancia.<\/p>\n","protected":false},"excerpt":{"rendered":"<p>\u00c9 um espet\u00e1culo musical sens\u00edvel e afirmativo, unindo m\u00fasica autoral, releituras da MPB e poesia com forte identidade afro-brasileira. Dirigido artisticamente por Dilemba, cantor, compositor e professor de hist\u00f3ria, com [&hellip;]<\/p>\n","protected":false},"author":2,"featured_media":3192,"template":"","meta":{"_tribe_events_status":"","_tribe_events_status_reason":"","footnotes":""},"tags":[],"tribe_events_cat":[16],"class_list":["post-2474","tribe_events","type-tribe_events","status-publish","has-post-thumbnail","hentry","tribe_events_cat-musica","cat_musica"],"_links":{"self":[{"href":"https:\/\/viradasustentavel.org.br\/sao-paulo\/wp-json\/wp\/v2\/tribe_events\/2474","targetHints":{"allow":["GET"]}}],"collection":[{"href":"https:\/\/viradasustentavel.org.br\/sao-paulo\/wp-json\/wp\/v2\/tribe_events"}],"about":[{"href":"https:\/\/viradasustentavel.org.br\/sao-paulo\/wp-json\/wp\/v2\/types\/tribe_events"}],"author":[{"embeddable":true,"href":"https:\/\/viradasustentavel.org.br\/sao-paulo\/wp-json\/wp\/v2\/users\/2"}],"version-history":[{"count":1,"href":"https:\/\/viradasustentavel.org.br\/sao-paulo\/wp-json\/wp\/v2\/tribe_events\/2474\/revisions"}],"predecessor-version":[{"id":3196,"href":"https:\/\/viradasustentavel.org.br\/sao-paulo\/wp-json\/wp\/v2\/tribe_events\/2474\/revisions\/3196"}],"wp:featuredmedia":[{"embeddable":true,"href":"https:\/\/viradasustentavel.org.br\/sao-paulo\/wp-json\/wp\/v2\/media\/3192"}],"wp:attachment":[{"href":"https:\/\/viradasustentavel.org.br\/sao-paulo\/wp-json\/wp\/v2\/media?parent=2474"}],"wp:term":[{"taxonomy":"post_tag","embeddable":true,"href":"https:\/\/viradasustentavel.org.br\/sao-paulo\/wp-json\/wp\/v2\/tags?post=2474"},{"taxonomy":"tribe_events_cat","embeddable":true,"href":"https:\/\/viradasustentavel.org.br\/sao-paulo\/wp-json\/wp\/v2\/tribe_events_cat?post=2474"}],"curies":[{"name":"wp","href":"https:\/\/api.w.org\/{rel}","templated":true}]}}

<p>É um espetáculo musical sensível e afirmativo, unindo música autoral, releituras da MPB e poesia com forte identidade afro-brasileira. Dirigido artisticamente por Dilemba, cantor, compositor e professor de história, com a banda Aweto, o show valoriza as matrizes africanas na música brasileira, abordando temas de identidade, ancestralidade, amor, liberdade e resistência.</p>

<p>É um espetáculo musical sensível e afirmativo, unindo música autoral, releituras da MPB e poesia com forte identidade afro-brasileira. Dirigido artisticamente por Dilemba, cantor, compositor e professor de história, com [&hellip;]</p>
