{"id":556,"date":"2025-09-11T16:29:07","date_gmt":"2025-09-11T19:29:07","guid":{"rendered":"https:\/\/viradasustentavel.org.br\/sao-paulo\/eventos\/oficina-sustentavel\/"},"modified":"2025-09-12T09:19:01","modified_gmt":"2025-09-12T12:19:01","slug":"oficina-sustentavel","status":"publish","type":"tribe_events","link":"https:\/\/viradasustentavel.org.br\/sao-paulo\/eventos\/oficina-sustentavel\/","title":{"rendered":"Oficina Sustent\u00e1vel"},"content":{"rendered":"<p>A oficina surge com uma proposta sustent\u00e1vel, buscando resgatar o valor do papel\u00e3o como material vers\u00e1til e acess\u00edvel, capaz de transformar o ato de reciclar em uma experi\u00eancia enriquecedora.<\/p>\n","protected":false},"excerpt":{"rendered":"<p>A oficina surge com uma proposta sustent\u00e1vel, buscando resgatar o valor do papel\u00e3o como material vers\u00e1til e acess\u00edvel, capaz de transformar o ato de reciclar em uma experi\u00eancia enriquecedora.<\/p>\n","protected":false},"author":2,"featured_media":0,"template":"","meta":{"_tribe_events_status":"","_tribe_events_status_reason":"","footnotes":""},"tags":[23],"tribe_events_cat":[105],"class_list":["post-556","tribe_events","type-tribe_events","status-publish","hentry","tag-de-4-a-14-anos","tribe_events_cat-ceus","cat_ceus"],"_links":{"self":[{"href":"https:\/\/viradasustentavel.org.br\/sao-paulo\/wp-json\/wp\/v2\/tribe_events\/556","targetHints":{"allow":["GET"]}}],"collection":[{"href":"https:\/\/viradasustentavel.org.br\/sao-paulo\/wp-json\/wp\/v2\/tribe_events"}],"about":[{"href":"https:\/\/viradasustentavel.org.br\/sao-paulo\/wp-json\/wp\/v2\/types\/tribe_events"}],"author":[{"embeddable":true,"href":"https:\/\/viradasustentavel.org.br\/sao-paulo\/wp-json\/wp\/v2\/users\/2"}],"version-history":[{"count":1,"href":"https:\/\/viradasustentavel.org.br\/sao-paulo\/wp-json\/wp\/v2\/tribe_events\/556\/revisions"}],"predecessor-version":[{"id":961,"href":"https:\/\/viradasustentavel.org.br\/sao-paulo\/wp-json\/wp\/v2\/tribe_events\/556\/revisions\/961"}],"wp:attachment":[{"href":"https:\/\/viradasustentavel.org.br\/sao-paulo\/wp-json\/wp\/v2\/media?parent=556"}],"wp:term":[{"taxonomy":"post_tag","embeddable":true,"href":"https:\/\/viradasustentavel.org.br\/sao-paulo\/wp-json\/wp\/v2\/tags?post=556"},{"taxonomy":"tribe_events_cat","embeddable":true,"href":"https:\/\/viradasustentavel.org.br\/sao-paulo\/wp-json\/wp\/v2\/tribe_events_cat?post=556"}],"curies":[{"name":"wp","href":"https:\/\/api.w.org\/{rel}","templated":true}]}}

Oficina Sustentável

<p>A oficina surge com uma proposta sustentável, buscando resgatar o valor do papelão como material versátil e acessível, capaz de transformar o ato de reciclar em uma experiência enriquecedora.</p>
