{"id":557,"date":"2025-09-11T16:29:08","date_gmt":"2025-09-11T19:29:08","guid":{"rendered":"https:\/\/viradasustentavel.org.br\/sao-paulo\/eventos\/cinema-sustentavel\/"},"modified":"2025-09-12T09:19:00","modified_gmt":"2025-09-12T12:19:00","slug":"cinema-sustentavel","status":"publish","type":"tribe_events","link":"https:\/\/viradasustentavel.org.br\/sao-paulo\/eventos\/cinema-sustentavel\/","title":{"rendered":"Cinema Sustent\u00e1vel"},"content":{"rendered":"<p>Filme de anima\u00e7\u00e3o: O Lorax &#8211; Em busca da Tr\u00fafula Perdida<\/p>\n","protected":false},"excerpt":{"rendered":"<p>Filme de anima\u00e7\u00e3o: O Lorax &#8211; Em busca da Tr\u00fafula Perdida<\/p>\n","protected":false},"author":2,"featured_media":0,"template":"","meta":{"_tribe_events_status":"","_tribe_events_status_reason":"","footnotes":""},"tags":[24],"tribe_events_cat":[105],"class_list":["post-557","tribe_events","type-tribe_events","status-publish","hentry","tag-a-partir-13-anos","tribe_events_cat-ceus","cat_ceus"],"_links":{"self":[{"href":"https:\/\/viradasustentavel.org.br\/sao-paulo\/wp-json\/wp\/v2\/tribe_events\/557","targetHints":{"allow":["GET"]}}],"collection":[{"href":"https:\/\/viradasustentavel.org.br\/sao-paulo\/wp-json\/wp\/v2\/tribe_events"}],"about":[{"href":"https:\/\/viradasustentavel.org.br\/sao-paulo\/wp-json\/wp\/v2\/types\/tribe_events"}],"author":[{"embeddable":true,"href":"https:\/\/viradasustentavel.org.br\/sao-paulo\/wp-json\/wp\/v2\/users\/2"}],"version-history":[{"count":1,"href":"https:\/\/viradasustentavel.org.br\/sao-paulo\/wp-json\/wp\/v2\/tribe_events\/557\/revisions"}],"predecessor-version":[{"id":948,"href":"https:\/\/viradasustentavel.org.br\/sao-paulo\/wp-json\/wp\/v2\/tribe_events\/557\/revisions\/948"}],"wp:attachment":[{"href":"https:\/\/viradasustentavel.org.br\/sao-paulo\/wp-json\/wp\/v2\/media?parent=557"}],"wp:term":[{"taxonomy":"post_tag","embeddable":true,"href":"https:\/\/viradasustentavel.org.br\/sao-paulo\/wp-json\/wp\/v2\/tags?post=557"},{"taxonomy":"tribe_events_cat","embeddable":true,"href":"https:\/\/viradasustentavel.org.br\/sao-paulo\/wp-json\/wp\/v2\/tribe_events_cat?post=557"}],"curies":[{"name":"wp","href":"https:\/\/api.w.org\/{rel}","templated":true}]}}

Cinema Sustentável

<p>Filme de animação: O Lorax &#8211; Em busca da Trúfula Perdida</p>
