{"id":591,"date":"2025-09-11T16:40:35","date_gmt":"2025-09-11T19:40:35","guid":{"rendered":"https:\/\/viradasustentavel.org.br\/sao-paulo\/eventos\/abertura-da-virada-sustentavel\/"},"modified":"2025-09-12T09:19:39","modified_gmt":"2025-09-12T12:19:39","slug":"abertura-da-virada-sustentavel","status":"publish","type":"tribe_events","link":"https:\/\/viradasustentavel.org.br\/sao-paulo\/eventos\/abertura-da-virada-sustentavel\/","title":{"rendered":"Abertura  da Virada Sustentavel"},"content":{"rendered":"<p>Palestra e Forma\u00e7\u00e3o: Consci\u00eancia Ambiental<\/p>\n","protected":false},"excerpt":{"rendered":"<p>Palestra e Forma\u00e7\u00e3o: Consci\u00eancia Ambiental<\/p>\n","protected":false},"author":2,"featured_media":0,"template":"","meta":{"_tribe_events_status":"","_tribe_events_status_reason":"","footnotes":""},"tags":[31],"tribe_events_cat":[105],"class_list":["post-591","tribe_events","type-tribe_events","status-publish","hentry","tag-estudantes-da-emef-e-escolas-ao-entorno","tribe_events_cat-ceus","cat_ceus"],"_links":{"self":[{"href":"https:\/\/viradasustentavel.org.br\/sao-paulo\/wp-json\/wp\/v2\/tribe_events\/591","targetHints":{"allow":["GET"]}}],"collection":[{"href":"https:\/\/viradasustentavel.org.br\/sao-paulo\/wp-json\/wp\/v2\/tribe_events"}],"about":[{"href":"https:\/\/viradasustentavel.org.br\/sao-paulo\/wp-json\/wp\/v2\/types\/tribe_events"}],"author":[{"embeddable":true,"href":"https:\/\/viradasustentavel.org.br\/sao-paulo\/wp-json\/wp\/v2\/users\/2"}],"version-history":[{"count":1,"href":"https:\/\/viradasustentavel.org.br\/sao-paulo\/wp-json\/wp\/v2\/tribe_events\/591\/revisions"}],"predecessor-version":[{"id":1042,"href":"https:\/\/viradasustentavel.org.br\/sao-paulo\/wp-json\/wp\/v2\/tribe_events\/591\/revisions\/1042"}],"wp:attachment":[{"href":"https:\/\/viradasustentavel.org.br\/sao-paulo\/wp-json\/wp\/v2\/media?parent=591"}],"wp:term":[{"taxonomy":"post_tag","embeddable":true,"href":"https:\/\/viradasustentavel.org.br\/sao-paulo\/wp-json\/wp\/v2\/tags?post=591"},{"taxonomy":"tribe_events_cat","embeddable":true,"href":"https:\/\/viradasustentavel.org.br\/sao-paulo\/wp-json\/wp\/v2\/tribe_events_cat?post=591"}],"curies":[{"name":"wp","href":"https:\/\/api.w.org\/{rel}","templated":true}]}}

<p>Palestra e Formação: Consciência Ambiental</p>
