{"id":596,"date":"2025-09-11T16:42:06","date_gmt":"2025-09-11T19:42:06","guid":{"rendered":"https:\/\/viradasustentavel.org.br\/sao-paulo\/eventos\/fisioterapia\/"},"modified":"2025-09-12T09:19:39","modified_gmt":"2025-09-12T12:19:39","slug":"fisioterapia","status":"publish","type":"tribe_events","link":"https:\/\/viradasustentavel.org.br\/sao-paulo\/eventos\/fisioterapia\/","title":{"rendered":"Fisioterapia"},"content":{"rendered":"<p>Educa\u00e7\u00e3o sobre dor cr\u00f4nica, t\u00e9cnicas de relaxamento, postura e ergonomia, nutri\u00e7\u00e3o e dor, exercic\u00edos de alongamento e fortalecimento, para pacientes do posto de Sa\u00fade Maced\u00f4nia.<\/p>\n","protected":false},"excerpt":{"rendered":"<p>Educa\u00e7\u00e3o sobre dor cr\u00f4nica, t\u00e9cnicas de relaxamento, postura e ergonomia, nutri\u00e7\u00e3o e dor, exercic\u00edos de alongamento e fortalecimento, para pacientes do posto de Sa\u00fade Maced\u00f4nia.<\/p>\n","protected":false},"author":2,"featured_media":0,"template":"","meta":{"_tribe_events_status":"","_tribe_events_status_reason":"","footnotes":""},"tags":[36],"tribe_events_cat":[105],"class_list":["post-596","tribe_events","type-tribe_events","status-publish","hentry","tag-adultos","tribe_events_cat-ceus","cat_ceus"],"_links":{"self":[{"href":"https:\/\/viradasustentavel.org.br\/sao-paulo\/wp-json\/wp\/v2\/tribe_events\/596","targetHints":{"allow":["GET"]}}],"collection":[{"href":"https:\/\/viradasustentavel.org.br\/sao-paulo\/wp-json\/wp\/v2\/tribe_events"}],"about":[{"href":"https:\/\/viradasustentavel.org.br\/sao-paulo\/wp-json\/wp\/v2\/types\/tribe_events"}],"author":[{"embeddable":true,"href":"https:\/\/viradasustentavel.org.br\/sao-paulo\/wp-json\/wp\/v2\/users\/2"}],"version-history":[{"count":1,"href":"https:\/\/viradasustentavel.org.br\/sao-paulo\/wp-json\/wp\/v2\/tribe_events\/596\/revisions"}],"predecessor-version":[{"id":1040,"href":"https:\/\/viradasustentavel.org.br\/sao-paulo\/wp-json\/wp\/v2\/tribe_events\/596\/revisions\/1040"}],"wp:attachment":[{"href":"https:\/\/viradasustentavel.org.br\/sao-paulo\/wp-json\/wp\/v2\/media?parent=596"}],"wp:term":[{"taxonomy":"post_tag","embeddable":true,"href":"https:\/\/viradasustentavel.org.br\/sao-paulo\/wp-json\/wp\/v2\/tags?post=596"},{"taxonomy":"tribe_events_cat","embeddable":true,"href":"https:\/\/viradasustentavel.org.br\/sao-paulo\/wp-json\/wp\/v2\/tribe_events_cat?post=596"}],"curies":[{"name":"wp","href":"https:\/\/api.w.org\/{rel}","templated":true}]}}

<p>Educação sobre dor crônica, técnicas de relaxamento, postura e ergonomia, nutrição e dor, exercicíos de alongamento e fortalecimento, para pacientes do posto de Saúde Macedônia.</p>
