{"id":602,"date":"2025-09-11T16:42:21","date_gmt":"2025-09-11T19:42:21","guid":{"rendered":"https:\/\/viradasustentavel.org.br\/sao-paulo\/eventos\/visita-a-mini-floresta-e-roda-de-conversa\/"},"modified":"2025-09-12T09:19:23","modified_gmt":"2025-09-12T12:19:23","slug":"visita-a-mini-floresta-e-roda-de-conversa","status":"publish","type":"tribe_events","link":"https:\/\/viradasustentavel.org.br\/sao-paulo\/eventos\/visita-a-mini-floresta-e-roda-de-conversa\/","title":{"rendered":"Visita \u00e0 Mini floresta e roda de conversa"},"content":{"rendered":"<p>Visita \u00e0 Mini floresta e roda de conversa sobre sua import\u00e2ncia no combate \u00e0s mudan\u00e7as clim\u00e1ticas<\/p>\n","protected":false},"excerpt":{"rendered":"<p>Visita \u00e0 Mini floresta e roda de conversa sobre sua import\u00e2ncia no combate \u00e0s mudan\u00e7as clim\u00e1ticas<\/p>\n","protected":false},"author":2,"featured_media":0,"template":"","meta":{"_tribe_events_status":"","_tribe_events_status_reason":"","footnotes":""},"tags":[37],"tribe_events_cat":[105],"class_list":["post-602","tribe_events","type-tribe_events","status-publish","hentry","tag-37","tribe_events_cat-ceus","cat_ceus"],"_links":{"self":[{"href":"https:\/\/viradasustentavel.org.br\/sao-paulo\/wp-json\/wp\/v2\/tribe_events\/602","targetHints":{"allow":["GET"]}}],"collection":[{"href":"https:\/\/viradasustentavel.org.br\/sao-paulo\/wp-json\/wp\/v2\/tribe_events"}],"about":[{"href":"https:\/\/viradasustentavel.org.br\/sao-paulo\/wp-json\/wp\/v2\/types\/tribe_events"}],"author":[{"embeddable":true,"href":"https:\/\/viradasustentavel.org.br\/sao-paulo\/wp-json\/wp\/v2\/users\/2"}],"version-history":[{"count":1,"href":"https:\/\/viradasustentavel.org.br\/sao-paulo\/wp-json\/wp\/v2\/tribe_events\/602\/revisions"}],"predecessor-version":[{"id":998,"href":"https:\/\/viradasustentavel.org.br\/sao-paulo\/wp-json\/wp\/v2\/tribe_events\/602\/revisions\/998"}],"wp:attachment":[{"href":"https:\/\/viradasustentavel.org.br\/sao-paulo\/wp-json\/wp\/v2\/media?parent=602"}],"wp:term":[{"taxonomy":"post_tag","embeddable":true,"href":"https:\/\/viradasustentavel.org.br\/sao-paulo\/wp-json\/wp\/v2\/tags?post=602"},{"taxonomy":"tribe_events_cat","embeddable":true,"href":"https:\/\/viradasustentavel.org.br\/sao-paulo\/wp-json\/wp\/v2\/tribe_events_cat?post=602"}],"curies":[{"name":"wp","href":"https:\/\/api.w.org\/{rel}","templated":true}]}}

Visita à Mini floresta e roda de conversa

<p>Visita à Mini floresta e roda de conversa sobre sua importância no combate às mudanças climáticas</p>
