{"id":603,"date":"2025-09-11T16:42:35","date_gmt":"2025-09-11T19:42:35","guid":{"rendered":"https:\/\/viradasustentavel.org.br\/sao-paulo\/eventos\/aquecimento-global-palestra-contextualizacao-midiatica-e-roda-de-conversa\/"},"modified":"2025-09-12T09:19:22","modified_gmt":"2025-09-12T12:19:22","slug":"aquecimento-global-palestra-contextualizacao-midiatica-e-roda-de-conversa","status":"publish","type":"tribe_events","link":"https:\/\/viradasustentavel.org.br\/sao-paulo\/eventos\/aquecimento-global-palestra-contextualizacao-midiatica-e-roda-de-conversa\/","title":{"rendered":"Aquecimento Global &#8211; Palestra, contextualiza\u00e7\u00e3o midi\u00e1tica e roda de conversa;"},"content":{"rendered":"<p>Palestra l\u00fadica com recursos midi\u00e1ticos enfatizando o fen\u00f4memo de aumento anormal das temperaturas do planeta Terra. Roda de conversa sobre as contribui\u00e7\u00f5es dos estudantes e da sociedade para um meio ambiente mais sustent\u00e1vel e saud\u00e1vel.<\/p>\n","protected":false},"excerpt":{"rendered":"<p>Palestra l\u00fadica com recursos midi\u00e1ticos enfatizando o fen\u00f4memo de aumento anormal das temperaturas do planeta Terra. Roda de conversa sobre as contribui\u00e7\u00f5es dos estudantes e da sociedade para um meio [&hellip;]<\/p>\n","protected":false},"author":2,"featured_media":0,"template":"","meta":{"_tribe_events_status":"","_tribe_events_status_reason":"","footnotes":""},"tags":[37],"tribe_events_cat":[105],"class_list":["post-603","tribe_events","type-tribe_events","status-publish","hentry","tag-37","tribe_events_cat-ceus","cat_ceus"],"_links":{"self":[{"href":"https:\/\/viradasustentavel.org.br\/sao-paulo\/wp-json\/wp\/v2\/tribe_events\/603","targetHints":{"allow":["GET"]}}],"collection":[{"href":"https:\/\/viradasustentavel.org.br\/sao-paulo\/wp-json\/wp\/v2\/tribe_events"}],"about":[{"href":"https:\/\/viradasustentavel.org.br\/sao-paulo\/wp-json\/wp\/v2\/types\/tribe_events"}],"author":[{"embeddable":true,"href":"https:\/\/viradasustentavel.org.br\/sao-paulo\/wp-json\/wp\/v2\/users\/2"}],"version-history":[{"count":1,"href":"https:\/\/viradasustentavel.org.br\/sao-paulo\/wp-json\/wp\/v2\/tribe_events\/603\/revisions"}],"predecessor-version":[{"id":995,"href":"https:\/\/viradasustentavel.org.br\/sao-paulo\/wp-json\/wp\/v2\/tribe_events\/603\/revisions\/995"}],"wp:attachment":[{"href":"https:\/\/viradasustentavel.org.br\/sao-paulo\/wp-json\/wp\/v2\/media?parent=603"}],"wp:term":[{"taxonomy":"post_tag","embeddable":true,"href":"https:\/\/viradasustentavel.org.br\/sao-paulo\/wp-json\/wp\/v2\/tags?post=603"},{"taxonomy":"tribe_events_cat","embeddable":true,"href":"https:\/\/viradasustentavel.org.br\/sao-paulo\/wp-json\/wp\/v2\/tribe_events_cat?post=603"}],"curies":[{"name":"wp","href":"https:\/\/api.w.org\/{rel}","templated":true}]}}

Aquecimento Global &#8211; Palestra, contextualização midiática e roda de conversa;

<p>Palestra lúdica com recursos midiáticos enfatizando o fenômemo de aumento anormal das temperaturas do planeta Terra. Roda de conversa sobre as contribuições dos estudantes e da sociedade para um meio ambiente mais sustentável e saudável.</p>

<p>Palestra lúdica com recursos midiáticos enfatizando o fenômemo de aumento anormal das temperaturas do planeta Terra. Roda de conversa sobre as contribuições dos estudantes e da sociedade para um meio [&hellip;]</p>
