{"id":604,"date":"2025-09-11T16:42:36","date_gmt":"2025-09-11T19:42:36","guid":{"rendered":"https:\/\/viradasustentavel.org.br\/sao-paulo\/eventos\/oficina-de-piao\/"},"modified":"2025-09-12T09:18:46","modified_gmt":"2025-09-12T12:18:46","slug":"oficina-de-piao","status":"publish","type":"tribe_events","link":"https:\/\/viradasustentavel.org.br\/sao-paulo\/eventos\/oficina-de-piao\/","title":{"rendered":"Oficina de pi\u00e3o"},"content":{"rendered":"<p>Media\u00e7\u00e3o de leitura sobre o tema sustentabilidade (sugest\u00e3o: livro &#8220;Cad\u00ea os bichos&#8221;  de Cris Eich. Em seguida haver\u00e1 uma oficina que ensina como confecionar um brinquedo (pi\u00e3o) utilizado materiais recicl\u00e1veis (CDs, bolinha de gude e tampinhas de garrafas.<\/p>\n","protected":false},"excerpt":{"rendered":"<p>Media\u00e7\u00e3o de leitura sobre o tema sustentabilidade (sugest\u00e3o: livro &#8220;Cad\u00ea os bichos&#8221; de Cris Eich. Em seguida haver\u00e1 uma oficina que ensina como confecionar um brinquedo (pi\u00e3o) utilizado materiais recicl\u00e1veis [&hellip;]<\/p>\n","protected":false},"author":2,"featured_media":0,"template":"","meta":{"_tribe_events_status":"","_tribe_events_status_reason":"","footnotes":""},"tags":[38],"tribe_events_cat":[105],"class_list":["post-604","tribe_events","type-tribe_events","status-publish","hentry","tag-6-a-10-anos","tribe_events_cat-ceus","cat_ceus"],"_links":{"self":[{"href":"https:\/\/viradasustentavel.org.br\/sao-paulo\/wp-json\/wp\/v2\/tribe_events\/604","targetHints":{"allow":["GET"]}}],"collection":[{"href":"https:\/\/viradasustentavel.org.br\/sao-paulo\/wp-json\/wp\/v2\/tribe_events"}],"about":[{"href":"https:\/\/viradasustentavel.org.br\/sao-paulo\/wp-json\/wp\/v2\/types\/tribe_events"}],"author":[{"embeddable":true,"href":"https:\/\/viradasustentavel.org.br\/sao-paulo\/wp-json\/wp\/v2\/users\/2"}],"version-history":[{"count":1,"href":"https:\/\/viradasustentavel.org.br\/sao-paulo\/wp-json\/wp\/v2\/tribe_events\/604\/revisions"}],"predecessor-version":[{"id":927,"href":"https:\/\/viradasustentavel.org.br\/sao-paulo\/wp-json\/wp\/v2\/tribe_events\/604\/revisions\/927"}],"wp:attachment":[{"href":"https:\/\/viradasustentavel.org.br\/sao-paulo\/wp-json\/wp\/v2\/media?parent=604"}],"wp:term":[{"taxonomy":"post_tag","embeddable":true,"href":"https:\/\/viradasustentavel.org.br\/sao-paulo\/wp-json\/wp\/v2\/tags?post=604"},{"taxonomy":"tribe_events_cat","embeddable":true,"href":"https:\/\/viradasustentavel.org.br\/sao-paulo\/wp-json\/wp\/v2\/tribe_events_cat?post=604"}],"curies":[{"name":"wp","href":"https:\/\/api.w.org\/{rel}","templated":true}]}}

Oficina de pião

<p>Mediação de leitura sobre o tema sustentabilidade (sugestão: livro &#8220;Cadê os bichos&#8221;  de Cris Eich. Em seguida haverá uma oficina que ensina como confecionar um brinquedo (pião) utilizado materiais recicláveis (CDs, bolinha de gude e tampinhas de garrafas.</p>

<p>Mediação de leitura sobre o tema sustentabilidade (sugestão: livro &#8220;Cadê os bichos&#8221; de Cris Eich. Em seguida haverá uma oficina que ensina como confecionar um brinquedo (pião) utilizado materiais recicláveis [&hellip;]</p>
