{"id":608,"date":"2025-09-11T16:42:51","date_gmt":"2025-09-11T19:42:51","guid":{"rendered":"https:\/\/viradasustentavel.org.br\/sao-paulo\/eventos\/oficina-de-ecobags\/"},"modified":"2025-09-12T09:20:09","modified_gmt":"2025-09-12T12:20:09","slug":"oficina-de-ecobags","status":"publish","type":"tribe_events","link":"https:\/\/viradasustentavel.org.br\/sao-paulo\/eventos\/oficina-de-ecobags\/","title":{"rendered":"Oficina de Ecobags"},"content":{"rendered":"<p>Oficina de confec\u00e7\u00e3o de Ecobags com material recicl\u00e1vel e reaproveit\u00e1vel.<\/p>\n","protected":false},"excerpt":{"rendered":"<p>Oficina de confec\u00e7\u00e3o de Ecobags com material recicl\u00e1vel e reaproveit\u00e1vel.<\/p>\n","protected":false},"author":2,"featured_media":0,"template":"","meta":{"_tribe_events_status":"","_tribe_events_status_reason":"","footnotes":""},"tags":[41],"tribe_events_cat":[105],"class_list":["post-608","tribe_events","type-tribe_events","status-publish","hentry","tag-toda-comunidade","tribe_events_cat-ceus","cat_ceus"],"_links":{"self":[{"href":"https:\/\/viradasustentavel.org.br\/sao-paulo\/wp-json\/wp\/v2\/tribe_events\/608","targetHints":{"allow":["GET"]}}],"collection":[{"href":"https:\/\/viradasustentavel.org.br\/sao-paulo\/wp-json\/wp\/v2\/tribe_events"}],"about":[{"href":"https:\/\/viradasustentavel.org.br\/sao-paulo\/wp-json\/wp\/v2\/types\/tribe_events"}],"author":[{"embeddable":true,"href":"https:\/\/viradasustentavel.org.br\/sao-paulo\/wp-json\/wp\/v2\/users\/2"}],"version-history":[{"count":1,"href":"https:\/\/viradasustentavel.org.br\/sao-paulo\/wp-json\/wp\/v2\/tribe_events\/608\/revisions"}],"predecessor-version":[{"id":1160,"href":"https:\/\/viradasustentavel.org.br\/sao-paulo\/wp-json\/wp\/v2\/tribe_events\/608\/revisions\/1160"}],"wp:attachment":[{"href":"https:\/\/viradasustentavel.org.br\/sao-paulo\/wp-json\/wp\/v2\/media?parent=608"}],"wp:term":[{"taxonomy":"post_tag","embeddable":true,"href":"https:\/\/viradasustentavel.org.br\/sao-paulo\/wp-json\/wp\/v2\/tags?post=608"},{"taxonomy":"tribe_events_cat","embeddable":true,"href":"https:\/\/viradasustentavel.org.br\/sao-paulo\/wp-json\/wp\/v2\/tribe_events_cat?post=608"}],"curies":[{"name":"wp","href":"https:\/\/api.w.org\/{rel}","templated":true}]}}

<p>Oficina de confecção de Ecobags com material reciclável e reaproveitável.</p>
