{"id":610,"date":"2025-09-11T16:42:51","date_gmt":"2025-09-11T19:42:51","guid":{"rendered":"https:\/\/viradasustentavel.org.br\/sao-paulo\/eventos\/exposicao\/"},"modified":"2025-09-12T09:19:39","modified_gmt":"2025-09-12T12:19:39","slug":"exposicao","status":"publish","type":"tribe_events","link":"https:\/\/viradasustentavel.org.br\/sao-paulo\/eventos\/exposicao\/","title":{"rendered":"Exposi\u00e7\u00e3o"},"content":{"rendered":"<p>Exposi\u00e7\u00e3o das atividades desenvolvidas com a turma da EMEI, Professora Juliana Barbosa utilizando materiais naturais como folhas, galhos e outros.<\/p>\n","protected":false},"excerpt":{"rendered":"<p>Exposi\u00e7\u00e3o das atividades desenvolvidas com a turma da EMEI, Professora Juliana Barbosa utilizando materiais naturais como folhas, galhos e outros.<\/p>\n","protected":false},"author":2,"featured_media":0,"template":"","meta":{"_tribe_events_status":"","_tribe_events_status_reason":"","footnotes":""},"tags":[41],"tribe_events_cat":[105],"class_list":["post-610","tribe_events","type-tribe_events","status-publish","hentry","tag-toda-comunidade","tribe_events_cat-ceus","cat_ceus"],"_links":{"self":[{"href":"https:\/\/viradasustentavel.org.br\/sao-paulo\/wp-json\/wp\/v2\/tribe_events\/610","targetHints":{"allow":["GET"]}}],"collection":[{"href":"https:\/\/viradasustentavel.org.br\/sao-paulo\/wp-json\/wp\/v2\/tribe_events"}],"about":[{"href":"https:\/\/viradasustentavel.org.br\/sao-paulo\/wp-json\/wp\/v2\/types\/tribe_events"}],"author":[{"embeddable":true,"href":"https:\/\/viradasustentavel.org.br\/sao-paulo\/wp-json\/wp\/v2\/users\/2"}],"version-history":[{"count":1,"href":"https:\/\/viradasustentavel.org.br\/sao-paulo\/wp-json\/wp\/v2\/tribe_events\/610\/revisions"}],"predecessor-version":[{"id":1041,"href":"https:\/\/viradasustentavel.org.br\/sao-paulo\/wp-json\/wp\/v2\/tribe_events\/610\/revisions\/1041"}],"wp:attachment":[{"href":"https:\/\/viradasustentavel.org.br\/sao-paulo\/wp-json\/wp\/v2\/media?parent=610"}],"wp:term":[{"taxonomy":"post_tag","embeddable":true,"href":"https:\/\/viradasustentavel.org.br\/sao-paulo\/wp-json\/wp\/v2\/tags?post=610"},{"taxonomy":"tribe_events_cat","embeddable":true,"href":"https:\/\/viradasustentavel.org.br\/sao-paulo\/wp-json\/wp\/v2\/tribe_events_cat?post=610"}],"curies":[{"name":"wp","href":"https:\/\/api.w.org\/{rel}","templated":true}]}}

Exposição

<p>Exposição das atividades desenvolvidas com a turma da EMEI, Professora Juliana Barbosa utilizando materiais naturais como folhas, galhos e outros.</p>
