{"id":620,"date":"2025-09-11T16:43:22","date_gmt":"2025-09-11T19:43:22","guid":{"rendered":"https:\/\/viradasustentavel.org.br\/sao-paulo\/eventos\/roda-de-conversa-racismo-ambiental-nos-territorios-do-jd-vera-cruz-e-jd-horizonte-azul\/"},"modified":"2025-09-12T09:19:23","modified_gmt":"2025-09-12T12:19:23","slug":"roda-de-conversa-racismo-ambiental-nos-territorios-do-jd-vera-cruz-e-jd-horizonte-azul","status":"publish","type":"tribe_events","link":"https:\/\/viradasustentavel.org.br\/sao-paulo\/eventos\/roda-de-conversa-racismo-ambiental-nos-territorios-do-jd-vera-cruz-e-jd-horizonte-azul\/","title":{"rendered":"Roda de Conversa &#8211; Racismo Ambiental nos territ\u00f3rios do Jd. Vera Cruz \ne Jd. Horizonte Azul"},"content":{"rendered":"<p>Roda de conversa sobre o Racismo Ambiental nos territ\u00f3rios Jd Vera Cruz,<br \/>\nJd Horizonte Azul visando promover uma discuss\u00e3o e reflex\u00f5es a respeito do tema. <\/p>\n","protected":false},"excerpt":{"rendered":"<p>Roda de conversa sobre o Racismo Ambiental nos territ\u00f3rios Jd Vera Cruz, Jd Horizonte Azul visando promover uma discuss\u00e3o e reflex\u00f5es a respeito do tema.<\/p>\n","protected":false},"author":2,"featured_media":0,"template":"","meta":{"_tribe_events_status":"","_tribe_events_status_reason":"","footnotes":""},"tags":[44],"tribe_events_cat":[105],"class_list":["post-620","tribe_events","type-tribe_events","status-publish","hentry","tag-alunos-do-eja-etec","tribe_events_cat-ceus","cat_ceus"],"_links":{"self":[{"href":"https:\/\/viradasustentavel.org.br\/sao-paulo\/wp-json\/wp\/v2\/tribe_events\/620","targetHints":{"allow":["GET"]}}],"collection":[{"href":"https:\/\/viradasustentavel.org.br\/sao-paulo\/wp-json\/wp\/v2\/tribe_events"}],"about":[{"href":"https:\/\/viradasustentavel.org.br\/sao-paulo\/wp-json\/wp\/v2\/types\/tribe_events"}],"author":[{"embeddable":true,"href":"https:\/\/viradasustentavel.org.br\/sao-paulo\/wp-json\/wp\/v2\/users\/2"}],"version-history":[{"count":1,"href":"https:\/\/viradasustentavel.org.br\/sao-paulo\/wp-json\/wp\/v2\/tribe_events\/620\/revisions"}],"predecessor-version":[{"id":1007,"href":"https:\/\/viradasustentavel.org.br\/sao-paulo\/wp-json\/wp\/v2\/tribe_events\/620\/revisions\/1007"}],"wp:attachment":[{"href":"https:\/\/viradasustentavel.org.br\/sao-paulo\/wp-json\/wp\/v2\/media?parent=620"}],"wp:term":[{"taxonomy":"post_tag","embeddable":true,"href":"https:\/\/viradasustentavel.org.br\/sao-paulo\/wp-json\/wp\/v2\/tags?post=620"},{"taxonomy":"tribe_events_cat","embeddable":true,"href":"https:\/\/viradasustentavel.org.br\/sao-paulo\/wp-json\/wp\/v2\/tribe_events_cat?post=620"}],"curies":[{"name":"wp","href":"https:\/\/api.w.org\/{rel}","templated":true}]}}

Roda de Conversa &#8211; Racismo Ambiental nos territórios do Jd. Vera Cruz 
e Jd. Horizonte Azul

<p>Roda de conversa sobre o Racismo Ambiental nos territórios Jd Vera Cruz,<br />
Jd Horizonte Azul visando promover uma discussão e reflexões a respeito do tema. </p>

<p>Roda de conversa sobre o Racismo Ambiental nos territórios Jd Vera Cruz, Jd Horizonte Azul visando promover uma discussão e reflexões a respeito do tema.</p>
