{"id":621,"date":"2025-09-11T16:43:22","date_gmt":"2025-09-11T19:43:22","guid":{"rendered":"https:\/\/viradasustentavel.org.br\/sao-paulo\/eventos\/palestra-educacao-ambiental\/"},"modified":"2025-09-12T09:18:46","modified_gmt":"2025-09-12T12:18:46","slug":"palestra-educacao-ambiental","status":"publish","type":"tribe_events","link":"https:\/\/viradasustentavel.org.br\/sao-paulo\/eventos\/palestra-educacao-ambiental\/","title":{"rendered":"PALESTRA &#8211; EDUCA\u00c7\u00c3O AMBIENTAL"},"content":{"rendered":"<p>Um grupo de moradores da regi\u00e3o da Represa Guarapiranga criou o projeto &#8220;Limpeza Na Represa&#8221;, idealizado por Genival Lopes, com foco em a\u00e7\u00f5es ambientais como limpeza do rio e plantio de \u00e1rvores. A iniciativa tamb\u00e9m busca conscientizar a popula\u00e7\u00e3o sobre a preserva\u00e7\u00e3o ambiental.<\/p>\n<p>O projeto surgiu com a colabora\u00e7\u00e3o de outros grupos, como o GrajaVeg, voltado \u00e0 promo\u00e7\u00e3o do veganismo no Graja\u00fa, e foi ganhando for\u00e7a com a ades\u00e3o de l\u00edderes de outras a\u00e7\u00f5es sociais, como Augusto Bat e Rafael Portuga. A uni\u00e3o desses coletivos ampliou o alcance das atividades, que tamb\u00e9m chegaram \u00e0s regi\u00f5es do Crispim e S\u00e3o Francisco.<\/p>\n<p>As a\u00e7\u00f5es acontecem, principalmente, nos fins de semana e contam com encontros organizados, caf\u00e9 da manh\u00e3, aquecimento f\u00edsico e o uso de barcos para acesso \u00e0s \u00e1reas da represa. Sem patroc\u00ednio, o projeto depende de ajuda volunt\u00e1ria, tanto financeira quanto operacional.<\/p>\n<p>O principal objetivo \u00e9 educar a popula\u00e7\u00e3o sobre os impactos do descuido com a represa. Genival menciona o desejo de expandir o projeto para outros mananciais, como a Represa Billings, e convida todos a acompanharem e participarem pelas p\u00e1ginas no Instagram e Facebook.<\/p>\n","protected":false},"excerpt":{"rendered":"<p>Um grupo de moradores da regi\u00e3o da Represa Guarapiranga criou o projeto &#8220;Limpeza Na Represa&#8221;, idealizado por Genival Lopes, com foco em a\u00e7\u00f5es ambientais como limpeza do rio e plantio [&hellip;]<\/p>\n","protected":false},"author":2,"featured_media":0,"template":"","meta":{"_tribe_events_status":"","_tribe_events_status_reason":"","footnotes":""},"tags":[45],"tribe_events_cat":[105],"class_list":["post-621","tribe_events","type-tribe_events","status-publish","hentry","tag-emef","tribe_events_cat-ceus","cat_ceus"],"_links":{"self":[{"href":"https:\/\/viradasustentavel.org.br\/sao-paulo\/wp-json\/wp\/v2\/tribe_events\/621","targetHints":{"allow":["GET"]}}],"collection":[{"href":"https:\/\/viradasustentavel.org.br\/sao-paulo\/wp-json\/wp\/v2\/tribe_events"}],"about":[{"href":"https:\/\/viradasustentavel.org.br\/sao-paulo\/wp-json\/wp\/v2\/types\/tribe_events"}],"author":[{"embeddable":true,"href":"https:\/\/viradasustentavel.org.br\/sao-paulo\/wp-json\/wp\/v2\/users\/2"}],"version-history":[{"count":1,"href":"https:\/\/viradasustentavel.org.br\/sao-paulo\/wp-json\/wp\/v2\/tribe_events\/621\/revisions"}],"predecessor-version":[{"id":937,"href":"https:\/\/viradasustentavel.org.br\/sao-paulo\/wp-json\/wp\/v2\/tribe_events\/621\/revisions\/937"}],"wp:attachment":[{"href":"https:\/\/viradasustentavel.org.br\/sao-paulo\/wp-json\/wp\/v2\/media?parent=621"}],"wp:term":[{"taxonomy":"post_tag","embeddable":true,"href":"https:\/\/viradasustentavel.org.br\/sao-paulo\/wp-json\/wp\/v2\/tags?post=621"},{"taxonomy":"tribe_events_cat","embeddable":true,"href":"https:\/\/viradasustentavel.org.br\/sao-paulo\/wp-json\/wp\/v2\/tribe_events_cat?post=621"}],"curies":[{"name":"wp","href":"https:\/\/api.w.org\/{rel}","templated":true}]}}

PALESTRA &#8211; EDUCAÇÃO AMBIENTAL

<p>Um grupo de moradores da região da Represa Guarapiranga criou o projeto &#8220;Limpeza Na Represa&#8221;, idealizado por Genival Lopes, com foco em ações ambientais como limpeza do rio e plantio de árvores. A iniciativa também busca conscientizar a população sobre a preservação ambiental.</p>
<p>O projeto surgiu com a colaboração de outros grupos, como o GrajaVeg, voltado à promoção do veganismo no Grajaú, e foi ganhando força com a adesão de líderes de outras ações sociais, como Augusto Bat e Rafael Portuga. A união desses coletivos ampliou o alcance das atividades, que também chegaram às regiões do Crispim e São Francisco.</p>
<p>As ações acontecem, principalmente, nos fins de semana e contam com encontros organizados, café da manhã, aquecimento físico e o uso de barcos para acesso às áreas da represa. Sem patrocínio, o projeto depende de ajuda voluntária, tanto financeira quanto operacional.</p>
<p>O principal objetivo é educar a população sobre os impactos do descuido com a represa. Genival menciona o desejo de expandir o projeto para outros mananciais, como a Represa Billings, e convida todos a acompanharem e participarem pelas páginas no Instagram e Facebook.</p>

<p>Um grupo de moradores da região da Represa Guarapiranga criou o projeto &#8220;Limpeza Na Represa&#8221;, idealizado por Genival Lopes, com foco em ações ambientais como limpeza do rio e plantio [&hellip;]</p>
