{"id":657,"date":"2025-09-11T16:52:19","date_gmt":"2025-09-11T19:52:19","guid":{"rendered":"https:\/\/viradasustentavel.org.br\/sao-paulo\/eventos\/contacao-de-historia\/"},"modified":"2025-09-12T20:54:50","modified_gmt":"2025-09-12T23:54:50","slug":"contacao-de-historia","status":"publish","type":"tribe_events","link":"https:\/\/viradasustentavel.org.br\/sao-paulo\/eventos\/contacao-de-historia\/","title":{"rendered":"Conta\u00e7\u00e3o de hist\u00f3ria"},"content":{"rendered":"<p>Uso de terr\u00e1rio e algumas figuras confeccionadas em papel\u00e3o para realizar uma conta\u00e7\u00e3o de hist\u00f3ria para as crian\u00e7as, abordando de forma l\u00fadica as similaridades da ambientais e atmosf\u00e9ricas do terr\u00e1rio com os impactos das a\u00e7\u00f5es humanas ao nosso planeta.<\/p>\n","protected":false},"excerpt":{"rendered":"<p>Uso de terr\u00e1rio e algumas figuras confeccionadas em papel\u00e3o para realizar uma conta\u00e7\u00e3o de hist\u00f3ria para as crian\u00e7as, abordando de forma l\u00fadica as similaridades da ambientais e atmosf\u00e9ricas do terr\u00e1rio [&hellip;]<\/p>\n","protected":false},"author":2,"featured_media":0,"template":"","meta":{"_tribe_events_status":"","_tribe_events_status_reason":"","footnotes":""},"tags":[146],"tribe_events_cat":[110],"class_list":["post-657","tribe_events","type-tribe_events","status-publish","hentry","tag-n-a","tribe_events_cat-contacao-de-historia","cat_contacao-de-historia"],"_links":{"self":[{"href":"https:\/\/viradasustentavel.org.br\/sao-paulo\/wp-json\/wp\/v2\/tribe_events\/657","targetHints":{"allow":["GET"]}}],"collection":[{"href":"https:\/\/viradasustentavel.org.br\/sao-paulo\/wp-json\/wp\/v2\/tribe_events"}],"about":[{"href":"https:\/\/viradasustentavel.org.br\/sao-paulo\/wp-json\/wp\/v2\/types\/tribe_events"}],"author":[{"embeddable":true,"href":"https:\/\/viradasustentavel.org.br\/sao-paulo\/wp-json\/wp\/v2\/users\/2"}],"version-history":[{"count":6,"href":"https:\/\/viradasustentavel.org.br\/sao-paulo\/wp-json\/wp\/v2\/tribe_events\/657\/revisions"}],"predecessor-version":[{"id":2282,"href":"https:\/\/viradasustentavel.org.br\/sao-paulo\/wp-json\/wp\/v2\/tribe_events\/657\/revisions\/2282"}],"wp:attachment":[{"href":"https:\/\/viradasustentavel.org.br\/sao-paulo\/wp-json\/wp\/v2\/media?parent=657"}],"wp:term":[{"taxonomy":"post_tag","embeddable":true,"href":"https:\/\/viradasustentavel.org.br\/sao-paulo\/wp-json\/wp\/v2\/tags?post=657"},{"taxonomy":"tribe_events_cat","embeddable":true,"href":"https:\/\/viradasustentavel.org.br\/sao-paulo\/wp-json\/wp\/v2\/tribe_events_cat?post=657"}],"curies":[{"name":"wp","href":"https:\/\/api.w.org\/{rel}","templated":true}]}}

Contação de história

<p>Uso de terrário e algumas figuras confeccionadas em papelão para realizar uma contação de história para as crianças, abordando de forma lúdica as similaridades da ambientais e atmosféricas do terrário com os impactos das ações humanas ao nosso planeta.</p>

<p>Uso de terrário e algumas figuras confeccionadas em papelão para realizar uma contação de história para as crianças, abordando de forma lúdica as similaridades da ambientais e atmosféricas do terrário [&hellip;]</p>
