{"id":668,"date":"2025-09-11T16:54:35","date_gmt":"2025-09-11T19:54:35","guid":{"rendered":"https:\/\/viradasustentavel.org.br\/sao-paulo\/eventos\/aula-especial-de-libras\/"},"modified":"2025-09-12T09:18:43","modified_gmt":"2025-09-12T12:18:43","slug":"aula-especial-de-libras","status":"publish","type":"tribe_events","link":"https:\/\/viradasustentavel.org.br\/sao-paulo\/eventos\/aula-especial-de-libras\/","title":{"rendered":"Aula Especial de Libras"},"content":{"rendered":"<p>Aula especial de Libras unindo \u00e0s tem\u00e1ticas relacionadas a emerg\u00eancia clim\u00e1tica e a conscitentiza\u00e7\u00e3o sobre a comunidade surda.<\/p>\n","protected":false},"excerpt":{"rendered":"<p>Aula especial de Libras unindo \u00e0s tem\u00e1ticas relacionadas a emerg\u00eancia clim\u00e1tica e a conscitentiza\u00e7\u00e3o sobre a comunidade surda.<\/p>\n","protected":false},"author":2,"featured_media":0,"template":"","meta":{"_tribe_events_status":"","_tribe_events_status_reason":"","footnotes":""},"tags":[28],"tribe_events_cat":[105],"class_list":["post-668","tribe_events","type-tribe_events","status-publish","hentry","tag-livre","tribe_events_cat-ceus","cat_ceus"],"_links":{"self":[{"href":"https:\/\/viradasustentavel.org.br\/sao-paulo\/wp-json\/wp\/v2\/tribe_events\/668","targetHints":{"allow":["GET"]}}],"collection":[{"href":"https:\/\/viradasustentavel.org.br\/sao-paulo\/wp-json\/wp\/v2\/tribe_events"}],"about":[{"href":"https:\/\/viradasustentavel.org.br\/sao-paulo\/wp-json\/wp\/v2\/types\/tribe_events"}],"author":[{"embeddable":true,"href":"https:\/\/viradasustentavel.org.br\/sao-paulo\/wp-json\/wp\/v2\/users\/2"}],"version-history":[{"count":1,"href":"https:\/\/viradasustentavel.org.br\/sao-paulo\/wp-json\/wp\/v2\/tribe_events\/668\/revisions"}],"predecessor-version":[{"id":890,"href":"https:\/\/viradasustentavel.org.br\/sao-paulo\/wp-json\/wp\/v2\/tribe_events\/668\/revisions\/890"}],"wp:attachment":[{"href":"https:\/\/viradasustentavel.org.br\/sao-paulo\/wp-json\/wp\/v2\/media?parent=668"}],"wp:term":[{"taxonomy":"post_tag","embeddable":true,"href":"https:\/\/viradasustentavel.org.br\/sao-paulo\/wp-json\/wp\/v2\/tags?post=668"},{"taxonomy":"tribe_events_cat","embeddable":true,"href":"https:\/\/viradasustentavel.org.br\/sao-paulo\/wp-json\/wp\/v2\/tribe_events_cat?post=668"}],"curies":[{"name":"wp","href":"https:\/\/api.w.org\/{rel}","templated":true}]}}

<p>Aula especial de Libras unindo às temáticas relacionadas a emergência climática e a conscitentização sobre a comunidade surda.</p>
