{"id":674,"date":"2025-09-11T16:55:04","date_gmt":"2025-09-11T19:55:04","guid":{"rendered":"https:\/\/viradasustentavel.org.br\/sao-paulo\/eventos\/oficina-com-sucata-e-tintas-naturais\/"},"modified":"2025-09-12T09:18:46","modified_gmt":"2025-09-12T12:18:46","slug":"oficina-com-sucata-e-tintas-naturais","status":"publish","type":"tribe_events","link":"https:\/\/viradasustentavel.org.br\/sao-paulo\/eventos\/oficina-com-sucata-e-tintas-naturais\/","title":{"rendered":"Oficina com Sucata e tintas naturais"},"content":{"rendered":"<p>Crian\u00e7as ter\u00e3o contato com materiais para produzir brinquedos e verem a extra\u00e7\u00e3o de tintas com materiais acess\u00edveis e naturais<\/p>\n","protected":false},"excerpt":{"rendered":"<p>Crian\u00e7as ter\u00e3o contato com materiais para produzir brinquedos e verem a extra\u00e7\u00e3o de tintas com materiais acess\u00edveis e naturais<\/p>\n","protected":false},"author":2,"featured_media":0,"template":"","meta":{"_tribe_events_status":"","_tribe_events_status_reason":"","footnotes":""},"tags":[59],"tribe_events_cat":[105],"class_list":["post-674","tribe_events","type-tribe_events","status-publish","hentry","tag-4-a-6-anos","tribe_events_cat-ceus","cat_ceus"],"_links":{"self":[{"href":"https:\/\/viradasustentavel.org.br\/sao-paulo\/wp-json\/wp\/v2\/tribe_events\/674","targetHints":{"allow":["GET"]}}],"collection":[{"href":"https:\/\/viradasustentavel.org.br\/sao-paulo\/wp-json\/wp\/v2\/tribe_events"}],"about":[{"href":"https:\/\/viradasustentavel.org.br\/sao-paulo\/wp-json\/wp\/v2\/types\/tribe_events"}],"author":[{"embeddable":true,"href":"https:\/\/viradasustentavel.org.br\/sao-paulo\/wp-json\/wp\/v2\/users\/2"}],"version-history":[{"count":1,"href":"https:\/\/viradasustentavel.org.br\/sao-paulo\/wp-json\/wp\/v2\/tribe_events\/674\/revisions"}],"predecessor-version":[{"id":936,"href":"https:\/\/viradasustentavel.org.br\/sao-paulo\/wp-json\/wp\/v2\/tribe_events\/674\/revisions\/936"}],"wp:attachment":[{"href":"https:\/\/viradasustentavel.org.br\/sao-paulo\/wp-json\/wp\/v2\/media?parent=674"}],"wp:term":[{"taxonomy":"post_tag","embeddable":true,"href":"https:\/\/viradasustentavel.org.br\/sao-paulo\/wp-json\/wp\/v2\/tags?post=674"},{"taxonomy":"tribe_events_cat","embeddable":true,"href":"https:\/\/viradasustentavel.org.br\/sao-paulo\/wp-json\/wp\/v2\/tribe_events_cat?post=674"}],"curies":[{"name":"wp","href":"https:\/\/api.w.org\/{rel}","templated":true}]}}

<p>Crianças terão contato com materiais para produzir brinquedos e verem a extração de tintas com materiais acessíveis e naturais</p>
