{"id":687,"date":"2025-09-11T16:55:35","date_gmt":"2025-09-11T19:55:35","guid":{"rendered":"https:\/\/viradasustentavel.org.br\/sao-paulo\/eventos\/fotografias-grandes-memorias\/"},"modified":"2025-09-12T09:19:00","modified_gmt":"2025-09-12T12:19:00","slug":"fotografias-grandes-memorias","status":"publish","type":"tribe_events","link":"https:\/\/viradasustentavel.org.br\/sao-paulo\/eventos\/fotografias-grandes-memorias\/","title":{"rendered":"Fotografias: Grandes Mem\u00f3rias"},"content":{"rendered":"<p>Fotografar as flores do CEU  como um exerc\u00edcio de ver o mundo com mais profundidade e cuidado. Uma atividade que une arte, ci\u00eancia e tecnologia de forma l\u00fadica e acess\u00edvel, permitindo a crian\u00e7a expressar sua perpectiva \u00fanica do mundo ao seu redor, construindo assim, uma rela\u00e7\u00e3o mais profunda e significativa com o ambiente em que vivem.<\/p>\n","protected":false},"excerpt":{"rendered":"<p>Fotografar as flores do CEU como um exerc\u00edcio de ver o mundo com mais profundidade e cuidado. Uma atividade que une arte, ci\u00eancia e tecnologia de forma l\u00fadica e acess\u00edvel, [&hellip;]<\/p>\n","protected":false},"author":2,"featured_media":0,"template":"","meta":{"_tribe_events_status":"","_tribe_events_status_reason":"","footnotes":""},"tags":[64],"tribe_events_cat":[105],"class_list":["post-687","tribe_events","type-tribe_events","status-publish","hentry","tag-3-a-6","tribe_events_cat-ceus","cat_ceus"],"_links":{"self":[{"href":"https:\/\/viradasustentavel.org.br\/sao-paulo\/wp-json\/wp\/v2\/tribe_events\/687","targetHints":{"allow":["GET"]}}],"collection":[{"href":"https:\/\/viradasustentavel.org.br\/sao-paulo\/wp-json\/wp\/v2\/tribe_events"}],"about":[{"href":"https:\/\/viradasustentavel.org.br\/sao-paulo\/wp-json\/wp\/v2\/types\/tribe_events"}],"author":[{"embeddable":true,"href":"https:\/\/viradasustentavel.org.br\/sao-paulo\/wp-json\/wp\/v2\/users\/2"}],"version-history":[{"count":1,"href":"https:\/\/viradasustentavel.org.br\/sao-paulo\/wp-json\/wp\/v2\/tribe_events\/687\/revisions"}],"predecessor-version":[{"id":947,"href":"https:\/\/viradasustentavel.org.br\/sao-paulo\/wp-json\/wp\/v2\/tribe_events\/687\/revisions\/947"}],"wp:attachment":[{"href":"https:\/\/viradasustentavel.org.br\/sao-paulo\/wp-json\/wp\/v2\/media?parent=687"}],"wp:term":[{"taxonomy":"post_tag","embeddable":true,"href":"https:\/\/viradasustentavel.org.br\/sao-paulo\/wp-json\/wp\/v2\/tags?post=687"},{"taxonomy":"tribe_events_cat","embeddable":true,"href":"https:\/\/viradasustentavel.org.br\/sao-paulo\/wp-json\/wp\/v2\/tribe_events_cat?post=687"}],"curies":[{"name":"wp","href":"https:\/\/api.w.org\/{rel}","templated":true}]}}

Fotografias: Grandes Memórias

<p>Fotografar as flores do CEU  como um exercício de ver o mundo com mais profundidade e cuidado. Uma atividade que une arte, ciência e tecnologia de forma lúdica e acessível, permitindo a criança expressar sua perpectiva única do mundo ao seu redor, construindo assim, uma relação mais profunda e significativa com o ambiente em que vivem.</p>

<p>Fotografar as flores do CEU como um exercício de ver o mundo com mais profundidade e cuidado. Uma atividade que une arte, ciência e tecnologia de forma lúdica e acessível, [&hellip;]</p>
