{"id":696,"date":"2025-09-11T16:56:05","date_gmt":"2025-09-11T19:56:05","guid":{"rendered":"https:\/\/viradasustentavel.org.br\/sao-paulo\/eventos\/palestra-3\/"},"modified":"2025-09-12T20:56:49","modified_gmt":"2025-09-12T23:56:49","slug":"palestra-3","status":"publish","type":"tribe_events","link":"https:\/\/viradasustentavel.org.br\/sao-paulo\/eventos\/palestra-3\/","title":{"rendered":"Palestra"},"content":{"rendered":"<p>Ser\u00e3o realizadas orienta\u00e7\u00f5es sobre o PEV da unidade e a import\u00e2ncia do descarte correto de res\u00edduos especiais, como pilhas, pel\u00edculas de raio-x, medicamentos vencidos e \u00f3leo usado.<\/p>\n","protected":false},"excerpt":{"rendered":"<p>Ser\u00e3o realizadas orienta\u00e7\u00f5es sobre o PEV da unidade e a import\u00e2ncia do descarte correto de res\u00edduos especiais, como pilhas, pel\u00edculas de raio-x, medicamentos vencidos e \u00f3leo usado.<\/p>\n","protected":false},"author":2,"featured_media":0,"template":"","meta":{"_tribe_events_status":"","_tribe_events_status_reason":"","footnotes":""},"tags":[66],"tribe_events_cat":[175],"class_list":["post-696","tribe_events","type-tribe_events","status-publish","hentry","tag-06-a-14-anos","tribe_events_cat-palestra-saude-e-bem-estar","cat_palestra-saude-e-bem-estar"],"_links":{"self":[{"href":"https:\/\/viradasustentavel.org.br\/sao-paulo\/wp-json\/wp\/v2\/tribe_events\/696","targetHints":{"allow":["GET"]}}],"collection":[{"href":"https:\/\/viradasustentavel.org.br\/sao-paulo\/wp-json\/wp\/v2\/tribe_events"}],"about":[{"href":"https:\/\/viradasustentavel.org.br\/sao-paulo\/wp-json\/wp\/v2\/types\/tribe_events"}],"author":[{"embeddable":true,"href":"https:\/\/viradasustentavel.org.br\/sao-paulo\/wp-json\/wp\/v2\/users\/2"}],"version-history":[{"count":2,"href":"https:\/\/viradasustentavel.org.br\/sao-paulo\/wp-json\/wp\/v2\/tribe_events\/696\/revisions"}],"predecessor-version":[{"id":2320,"href":"https:\/\/viradasustentavel.org.br\/sao-paulo\/wp-json\/wp\/v2\/tribe_events\/696\/revisions\/2320"}],"wp:attachment":[{"href":"https:\/\/viradasustentavel.org.br\/sao-paulo\/wp-json\/wp\/v2\/media?parent=696"}],"wp:term":[{"taxonomy":"post_tag","embeddable":true,"href":"https:\/\/viradasustentavel.org.br\/sao-paulo\/wp-json\/wp\/v2\/tags?post=696"},{"taxonomy":"tribe_events_cat","embeddable":true,"href":"https:\/\/viradasustentavel.org.br\/sao-paulo\/wp-json\/wp\/v2\/tribe_events_cat?post=696"}],"curies":[{"name":"wp","href":"https:\/\/api.w.org\/{rel}","templated":true}]}}

<p>Serão realizadas orientações sobre o PEV da unidade e a importância do descarte correto de resíduos especiais, como pilhas, películas de raio-x, medicamentos vencidos e óleo usado.</p>
