{"id":6991,"date":"2025-09-15T14:14:21","date_gmt":"2025-09-15T17:14:21","guid":{"rendered":"https:\/\/viradasustentavel.org.br\/sao-paulo\/?post_type=tribe_events&#038;p=6991"},"modified":"2025-09-15T14:14:21","modified_gmt":"2025-09-15T17:14:21","slug":"fashion-revolution","status":"publish","type":"tribe_events","link":"https:\/\/viradasustentavel.org.br\/sao-paulo\/eventos\/fashion-revolution\/","title":{"rendered":"Fashion Revolution"},"content":{"rendered":"<p>&#8220;O Fashion Revolution \u00e9 um movimento global e, no Brasil, \u00e9 registrado como uma organiza\u00e7\u00e3o da sociedade civil que luta para acelerar a transi\u00e7\u00e3o da moda brasileira rumo \u00e0 justi\u00e7a social e clim\u00e1tica, com o objetivo de ser uma for\u00e7a para o bem.<\/p>\n<p>Atuamos por meio da comunica\u00e7\u00e3o, educa\u00e7\u00e3o, colabora\u00e7\u00e3o e mobiliza\u00e7\u00e3o.&#8221;<\/p>\n","protected":false},"excerpt":{"rendered":"<p>&#8220;O Fashion Revolution \u00e9 um movimento global e, no Brasil, \u00e9 registrado como uma organiza\u00e7\u00e3o da sociedade civil que luta para acelerar a transi\u00e7\u00e3o da moda brasileira rumo \u00e0 justi\u00e7a [&hellip;]<\/p>\n","protected":false},"author":2,"featured_media":0,"template":"","meta":{"_tribe_events_status":"","_tribe_events_status_reason":"","footnotes":""},"tags":[28],"tribe_events_cat":[130],"class_list":["post-6991","tribe_events","type-tribe_events","status-publish","hentry","tag-livre","classificacao-evento-livre","tribe_events_cat-outros","cat_outros"],"_links":{"self":[{"href":"https:\/\/viradasustentavel.org.br\/sao-paulo\/wp-json\/wp\/v2\/tribe_events\/6991","targetHints":{"allow":["GET"]}}],"collection":[{"href":"https:\/\/viradasustentavel.org.br\/sao-paulo\/wp-json\/wp\/v2\/tribe_events"}],"about":[{"href":"https:\/\/viradasustentavel.org.br\/sao-paulo\/wp-json\/wp\/v2\/types\/tribe_events"}],"author":[{"embeddable":true,"href":"https:\/\/viradasustentavel.org.br\/sao-paulo\/wp-json\/wp\/v2\/users\/2"}],"version-history":[{"count":1,"href":"https:\/\/viradasustentavel.org.br\/sao-paulo\/wp-json\/wp\/v2\/tribe_events\/6991\/revisions"}],"predecessor-version":[{"id":6994,"href":"https:\/\/viradasustentavel.org.br\/sao-paulo\/wp-json\/wp\/v2\/tribe_events\/6991\/revisions\/6994"}],"wp:attachment":[{"href":"https:\/\/viradasustentavel.org.br\/sao-paulo\/wp-json\/wp\/v2\/media?parent=6991"}],"wp:term":[{"taxonomy":"post_tag","embeddable":true,"href":"https:\/\/viradasustentavel.org.br\/sao-paulo\/wp-json\/wp\/v2\/tags?post=6991"},{"taxonomy":"tribe_events_cat","embeddable":true,"href":"https:\/\/viradasustentavel.org.br\/sao-paulo\/wp-json\/wp\/v2\/tribe_events_cat?post=6991"}],"curies":[{"name":"wp","href":"https:\/\/api.w.org\/{rel}","templated":true}]}}

<p>&#8220;O Fashion Revolution é um movimento global e, no Brasil, é registrado como uma organização da sociedade civil que luta para acelerar a transição da moda brasileira rumo à justiça social e climática, com o objetivo de ser uma força para o bem.</p>
<p>Atuamos por meio da comunicação, educação, colaboração e mobilização.&#8221;</p>

<p>&#8220;O Fashion Revolution é um movimento global e, no Brasil, é registrado como uma organização da sociedade civil que luta para acelerar a transição da moda brasileira rumo à justiça [&hellip;]</p>
